{"id":55,"date":"2013-09-10T09:09:46","date_gmt":"2013-09-10T13:09:46","guid":{"rendered":"https:\/\/sites.bu.edu\/warkentinlab\/?page_id=55"},"modified":"2019-09-20T12:07:50","modified_gmt":"2019-09-20T16:07:50","slug":"research","status":"publish","type":"page","link":"https:\/\/sites.bu.edu\/warkentinlab\/research\/","title":{"rendered":"Research"},"content":{"rendered":"<h2>Environmentally cued hatching<\/h2>\n<p><a href=\"\/warkentinlab\/files\/2013\/09\/Warkentin2011-ICB-ECHATcover.jpg\"><img loading=\"lazy\" src=\"\/warkentinlab\/files\/2013\/09\/Warkentin2011-ICB-ECHATcover.jpg\" alt=\"ICB-2011-V.51(1)Cover\" title=\"ICB-2011-V.51(1)Cover\" class=\"alignleft size-full wp-image-119\" width=\"210\" height=\"278\" \/><\/a>Since the initial discoveries of predator effects on hatching timing (<a target=\"_blank\" href=\"http:\/\/www.ncbi.nlm.nih.gov\/pubmed\/19425943\" rel=\"noopener\">Sih &amp; Moore 1993<\/a>, <a target=\"_blank\" href=\"http:\/\/www.ncbi.nlm.nih.gov\/pubmed\/11607529\" rel=\"noopener\">Warkentin 1995<\/a>) we have learned that embryos of many species change when they hatch in response to environmental conditions. Some hatch early to escape from predators, pathogens, or abiotic threats. Some delay hatching in response to larval predators, abiotic threats, or lack of larval food. Parents also cue and manipulate offspring hatching.<\/p>\n<p>The <a target=\"_blank\" href=\"http:\/\/www.sicb.org\/meetings\/2011\/symposia\/hatching.php\" rel=\"noopener\">symposium<\/a> on \u201cEnvironmentally Cued Hatching Across Taxa\u201d (<a href=\"http:\/\/icb.oxfordjournals.org\/content\/51\/1.toc\">ICB 2011<\/a>) showed that cued hatching responses are diverse and widespread across the animal phylogeny. They may be more the norm than the exception. Our research addresses the nature and magnitude of cued hatching responses, their evolutionary history, their developmental, physiological and behavioral mechanisms, and their developmental and ecological consequences.<\/p>\n<p>Most of our research focuses on <a target=\"_blank\" href=\"http:\/\/www.ncbi.nlm.nih.gov\/pubmed\/21642239\" rel=\"noopener\">amphibians<\/a>, where cued hatching is relatively well studied, and we have accumulated a strong foundation. Our central study species is the red-eyed treefrog and we also work with other Neotropical frogs.\u00a0<span style=\"font-family: mceinline;\" face=\"mceinline\"><em> <\/em><\/span><em> <\/em>However, we are broadly interested in cued hatching studies in other taxa and happy to help facilitate such research where possible.<\/p>\n<h2>The development of adaptive embryo behavior \u2013 changing senses, abilities, trade-offs and choices<\/h2>\n<figure id=\"attachment708\" aria-describedby=\"caption-attachment708\" style=\"width: 560px\" class=\"wp-caption aligncenter\"><a href=\"\/warkentinlab\/files\/2015\/01\/4205-3d-4596-5d-exit-550.jpg\"><img loading=\"lazy\" src=\"\/warkentinlab\/files\/2015\/01\/4205-3d-4596-5d-exit-550.jpg\" alt=\"Red-eyed treefrog embryos hatching after flooding \u2013 individual eggs in glass cups\" class=\"size-full wp-image-708\" width=\"550\" height=\"211\" \/><\/a><figcaption id=\"caption-attachment708\" class=\"wp-caption-text\">Red-eyed treefrog embryos hatching after flooding \u2013 individual eggs in glass cups<\/figcaption><\/figure>\n<p>Escape-hatching responses of embryos to threats depend critically both on cue reception and hatching ability, which in turn depend on the development of sensory systems and hatching mechanisms. In addition, as traits affecting the ability to survive within and outside the egg capsule change, so do the costs of accelerating or delaying hatching, and of potential decision errors. In red-eyed treefrogs, older embryos hatch more readily but even 30%-premature embryos sometimes hatch within seconds of a cue. Our research addresses how changes in perceptual abilities, behavioral competencies, and optimal decisions combine to shape the development and expression of escape hatching behavior.<\/p>\n<p><a target=\"_blank\" href=\"http:\/\/www.nsf.gov\/awardsearch\/showAward?AWD_ID=1354072&amp;HistoricalAwards=false\" rel=\"noopener\"><b>The Development of Adaptive Embryo Behavior<\/b><\/a> project is funded by NSF for 2014\u20132020.<\/p>\n<h2>Hatching mechanisms and their regulation<\/h2>\n<p>Amphibian hatching was described as a developmental process involving gradual release of proteolytic enzymes as they are synthesized by hatching gland cells, but hatching mechanisms are clearly more diverse. For instance, red-eyed treefrogs <a title=\"Video Library\" href=\"https:\/\/sites.bu.edu\/warkentinlab\/video-library\/\">hatch in seconds in predator attacks<\/a> across a broad developmental period. Our research addresses how embryos hatch, how they regulate hatching timing in response to cues, and how this varies over development and among species. This includes in-depth mechanistic research on red-eyed treefrogs and comparative work with other species.<\/p>\n<figure id=\"attachment166\" aria-describedby=\"caption-attachment166\" style=\"width: 560px\" class=\"wp-caption aligncenter\"><a href=\"\/warkentinlab\/files\/2013\/09\/HatchingExitSequence.jpg\"><img loading=\"lazy\" src=\"\/warkentinlab\/files\/2013\/09\/HatchingExitSequence.jpg\" alt=\"A. callidryas hatching \u2013 stills from high speed video\" title=\"A. callidryas hatching \u2013 stills from high speed video\" class=\"size-full wp-image-166\" width=\"550\" height=\"95\" \/><\/a><figcaption id=\"caption-attachment166\" class=\"wp-caption-text\">Red-eyed treefrog embryo hatching \u2013 stills from high speed video<\/figcaption><\/figure>\n<h2>Mechanosensory risk assessment<\/h2>\n<p><a href=\"\/warkentinlab\/files\/2013\/09\/VibrationResearchComposite.jpg\"><img loading=\"lazy\" src=\"\/warkentinlab\/files\/2013\/09\/VibrationResearchComposite.jpg\" alt=\"Vibration recording and playback\" title=\"Vibration recording and playback\" class=\"size-full wp-image-183 alignleft\" width=\"400\" height=\"218\" \/><\/a>Red-eyed treefrog embryos use\u00a0 physical disturbance by predators to cue escape-hatching, but rarely hatch in benign disturbances such as torrential rainstorms. We use\u00a0 accelerometers to measure vibrations in different disturbance types and playback experiments to examine embryos&#8217; escape-hatching responses. Embryos use many properties of vibrations to modulate hatching and their mechanosensory-cued hatching behavior changes developmentally, for multiple reasons. Mechanosensory-cued hatching is widespread in vertebrates and invertebrates, mediating responses to predators, siblings, parents, and abiotic factors. Moreover, many prey use incidental cues from predators to cue defensive behavior at later life stages. In both cases, animals must distinguish predator cues from benign background stimuli, but we understand relatively little about how they do this. Vibration-cued escape hatching offers tractable systems to study the sensory and cognitive ecology of embryos and more general questions about how animals use incidental cues. We have developed new vibration and multimodal (motion + tactile) playback methods for embryos to facilitate this research.<\/p>\n<h2>Glassfrog embryo plasticity, parental care, and sexual selection<\/h2>\n<p>Glassfrogs represent an independent origin of terrestrial eggs and have either brief or prolonged parental care. Embryos hatch prematurely to escape dehydration and predator attacks. Parental care can protect embryos from both risks but caring behavior varies widely across species, contexts, and individual parents. How interactions between males, females, and embryos play out on behavioral and evolutionary time scales was the focus of Jesse Delia&#8217;s PhD research, changing our understanding of glassfrog reproductive ecology. Current lab members are examining physiological plasticity of embryos (Javier M\u00e9ndez Narv\u00e1ez) and hatching mechanisms (Mar\u00eda Jos\u00e9 Salazar Nicholls).<\/p>\n<p><a href=\"\/warkentinlab\/files\/2013\/09\/KW-Hcoly-Composite-370x550.jpg\"><img loading=\"lazy\" src=\"\/warkentinlab\/files\/2013\/09\/KW-Hcoly-Composite-370x550.jpg\" alt=\"Hyalinobatrachium colymbiphyllum\" title=\"Hyalinobatrachium colymbiphyllum\" class=\"aligncenter size-full wp-image-200\" width=\"550\" height=\"124\" \/><\/a><\/p>\n","protected":false},"excerpt":{"rendered":"<p>Environmentally cued hatching Since the initial discoveries of predator effects on hatching timing (Sih &amp; Moore 1993, Warkentin 1995) we have learned that embryos of many species change when they hatch in response to environmental conditions. Some hatch early to escape from predators, pathogens, or abiotic threats. Some delay hatching in response to larval predators, [&hellip;]<\/p>\n","protected":false},"author":7562,"featured_media":0,"parent":0,"menu_order":4,"comment_status":"closed","ping_status":"closed","template":"","meta":[],"_links":{"self":[{"href":"https:\/\/sites.bu.edu\/warkentinlab\/wp-json\/wp\/v2\/pages\/55"}],"collection":[{"href":"https:\/\/sites.bu.edu\/warkentinlab\/wp-json\/wp\/v2\/pages"}],"about":[{"href":"https:\/\/sites.bu.edu\/warkentinlab\/wp-json\/wp\/v2\/types\/page"}],"author":[{"embeddable":true,"href":"https:\/\/sites.bu.edu\/warkentinlab\/wp-json\/wp\/v2\/users\/7562"}],"replies":[{"embeddable":true,"href":"https:\/\/sites.bu.edu\/warkentinlab\/wp-json\/wp\/v2\/comments?post=55"}],"version-history":[{"count":50,"href":"https:\/\/sites.bu.edu\/warkentinlab\/wp-json\/wp\/v2\/pages\/55\/revisions"}],"predecessor-version":[{"id":1203,"href":"https:\/\/sites.bu.edu\/warkentinlab\/wp-json\/wp\/v2\/pages\/55\/revisions\/1203"}],"wp:attachment":[{"href":"https:\/\/sites.bu.edu\/warkentinlab\/wp-json\/wp\/v2\/media?parent=55"}],"curies":[{"name":"wp","href":"https:\/\/api.w.org\/{rel}","templated":true}]}}