{"id":346,"date":"2013-09-24T05:06:38","date_gmt":"2013-09-24T09:06:38","guid":{"rendered":"https:\/\/sites.bu.edu\/warkentinlab\/?page_id=346"},"modified":"2019-10-02T14:13:19","modified_gmt":"2019-10-02T18:13:19","slug":"animals","status":"publish","type":"page","link":"https:\/\/sites.bu.edu\/warkentinlab\/research\/animals\/","title":{"rendered":"The animals we study"},"content":{"rendered":"<h2>Neotropical frogs<\/h2>\n<p>Most of our\u00a0 research focuses on Neotropical frogs that lay terrestrial eggs and have aquatic larvae, and includes work on their natural enemies at multiple life stages. These include species from four lineages that have independently evolved to lay eggs out of water.<\/p>\n<h3><a target=\"_blank\" href=\"https:\/\/sites.bu.edu\/warkentinlab\/research\/animals\/red-eyed-treefrogs\/\" rel=\"noopener\">Red-eyed treefrogs<\/a>, <em>Agalychnis callidryas<\/em>, and other phyllomedusines<\/h3>\n<figure id=\"attachment372\" aria-describedby=\"caption-attachment372\" style=\"width: 560px\" class=\"wp-caption aligncenter\"><a href=\"\/warkentinlab\/files\/2013\/09\/Ac-composite-layhatchmet-550.jpg\"><img loading=\"lazy\" src=\"\/warkentinlab\/files\/2013\/09\/Ac-composite-layhatchmet-550.jpg\" alt=\"A. callidryas life stage transitions (KW)\" title=\"Ac-layhatchmet-KW\" class=\"size-full wp-image-372\" width=\"550\" height=\"232\" \/><\/a><figcaption id=\"caption-attachment372\" class=\"wp-caption-text\">A. callidryas life stage transitions (KW)<\/figcaption><\/figure>\n<p>Warkentin has studied red-eyed treefrogs since 1991, in Costa Rica and in Panama. This is the species we know best. We are building an integrative picture of its life, including behavior, development, ecology, evolution, and physiology. Much of our effort is focused on eggs, but we have worked with all life stages. We also do comparative work with other <em>Agalychnis <\/em>species<em>,<\/em> and phyllomedusine treefrogs more broadly.<\/p>\n<h3>Hourglass treefrogs, <em>Dendropsophus ebraccatus<\/em><\/h3>\n<p><img src=\"\/warkentinlab\/files\/2013\/09\/DeLay-WaterLandjctkw550.jpg\" \/> Reproductive mode plasticity in hourglass treefrogs (J.Touchon &amp; KW)<\/p>\n<p>Justin Touchon, the first Warkentin lab PhD student, added hourglass treefrogs to our study organisms in 2003. Touchon discovered reproductive mode plasticity in <em>D. ebraccatus<\/em> \u2013 this species lays either aquatic or terrestrial eggs, depending on environmental context \u2013 and has gone on to study the evolution of reproductive mode<em> <\/em>in <em>Dendropsophus<\/em> more broadly. The Warkentin lab continues to study ecological developmental biology of early life stages in <em>D. ebraccatus<\/em>, including mechanisms of hatching plasticity (Kristina Cohen&#8217;s PhD).<\/p>\n<h3>Glassfrogs, family Centrolenidae<\/h3>\n<p><a href=\"\/warkentinlab\/files\/2013\/09\/GlassfrogsCareCarelessJDKW550.jpg\"><img loading=\"lazy\" width=\"550\" height=\"334\" src=\"\/warkentinlab\/files\/2013\/09\/GlassfrogsCareCarelessJDKW550.jpg\" alt=\"H. fleishmanni egg brooding (J.Delia); E. prosoblepon eggs on their own (KW)\" title=\"GlassfrogsCare&amp;Careless(JD,KW)550\" class=\"size-full wp-image-400\" max-width:100=\"\" \/><\/a> H. fleishmanni egg-brooding (J. Delia); E. prosoblepon eggs alone (KW)<\/p>\n<p>Jesse Delia has worked with glassfrogs since 2003 and brought this clade into our study repertoire when he joined the lab in 2011. In Gamboa, Panama, we work with six species<em> \u2013 Hyalinobatrachium fleishmanni<\/em> and <em>H. colymbiphyllum<\/em> with prolonged paternal care, and <i>Cochranella granulosa, Teratohyla pulverata, T. spinosa <\/i>and<i> Espadarana prosoblepon<\/i> with brief maternal care. Jesse and collaborators have conducted comparative research on many other species in Central and South America. Javier M\u00e9ndez Narv\u00e1ez is studying glassfrog embryo physiology and Mar\u00eda Jos\u00e9 Salazar Nicholls is examining hatching mechanisms.<\/p>\n<h3>Foam-nesting frogs, Leptodactylidae<\/h3>\n<figure id=\"attachment1183\" aria-describedby=\"caption-attachment1183\" style=\"width: 646px\" class=\"wp-caption alignnone\"><img loading=\"lazy\" src=\"\/warkentinlab\/files\/2019\/09\/AquaticTerrestrialFoamNests-636x237.jpg\" alt=\"\" class=\"wp-image-1183 size-medium\" width=\"636\" height=\"237\" srcset=\"https:\/\/sites.bu.edu\/warkentinlab\/files\/2019\/09\/AquaticTerrestrialFoamNests-636x237.jpg 636w, https:\/\/sites.bu.edu\/warkentinlab\/files\/2019\/09\/AquaticTerrestrialFoamNests-768x287.jpg 768w, https:\/\/sites.bu.edu\/warkentinlab\/files\/2019\/09\/AquaticTerrestrialFoamNests-1024x382.jpg 1024w, https:\/\/sites.bu.edu\/warkentinlab\/files\/2019\/09\/AquaticTerrestrialFoamNests.jpg 1452w\" sizes=\"(max-width: 636px) 100vw, 636px\" \/><figcaption id=\"caption-attachment1183\" class=\"wp-caption-text\">L-T\u00fangara frogs making aquatic foam nest (Photo: Ryan Taylor). R-Tadpoles of L. fragilis adding new bubbles to their terrestrial foam nest (Photo: Javier M\u00e9ndez Narv\u00e1ez)<\/figcaption><\/figure>\n<p>Javier M\u00e9ndez Narv\u00e1ez has worked with leptodactylids since 2012, bringing this work to the Warkentin lab in 2016. In Gamboa, he works with aquatic foam nests of t\u00fangara frogs and terrestrial foam nests of <em>Leptodactylis fragilis.<\/em><\/p>\n<h2>Temperate vernal pool frogs<\/h2>\n<figure id=\"attachment349\" aria-describedby=\"caption-attachment349\" style=\"width: 560px\" class=\"wp-caption aligncenter\"><a href=\"\/warkentinlab\/files\/2013\/09\/IGM-6804-BaMold-field-550.jpg\"><img loading=\"lazy\" src=\"\/warkentinlab\/files\/2013\/09\/IGM-6804-BaMold-field-550.jpg\" alt=\"Mold-infected toad eggs in Lynn Woods, MA (I. Gomez-Mestre)\" title=\"Mold-infected toad eggs\" class=\"size-full wp-image-349\" width=\"550\" height=\"370\" \/><\/a><figcaption id=\"caption-attachment349\" class=\"wp-caption-text\">Mold-infected toad eggs in Lynn Woods, MA (I. Gomez-Mestre)<\/figcaption><\/figure>\n<p>In Massachusetts, we have worked on spring-breeding amphibians, including wood frogs and American toads, focusing on embryo responses to pathogenic water molds.<\/p>\n","protected":false},"excerpt":{"rendered":"<p>Neotropical frogs Most of our\u00a0 research focuses on Neotropical frogs that lay terrestrial eggs and have aquatic larvae, and includes work on their natural enemies at multiple life stages. These include species from four lineages that have independently evolved to lay eggs out of water. Red-eyed treefrogs, Agalychnis callidryas, and other phyllomedusines Warkentin has studied [&hellip;]<\/p>\n","protected":false},"author":7562,"featured_media":0,"parent":55,"menu_order":2,"comment_status":"closed","ping_status":"closed","template":"","meta":[],"_links":{"self":[{"href":"https:\/\/sites.bu.edu\/warkentinlab\/wp-json\/wp\/v2\/pages\/346"}],"collection":[{"href":"https:\/\/sites.bu.edu\/warkentinlab\/wp-json\/wp\/v2\/pages"}],"about":[{"href":"https:\/\/sites.bu.edu\/warkentinlab\/wp-json\/wp\/v2\/types\/page"}],"author":[{"embeddable":true,"href":"https:\/\/sites.bu.edu\/warkentinlab\/wp-json\/wp\/v2\/users\/7562"}],"replies":[{"embeddable":true,"href":"https:\/\/sites.bu.edu\/warkentinlab\/wp-json\/wp\/v2\/comments?post=346"}],"version-history":[{"count":40,"href":"https:\/\/sites.bu.edu\/warkentinlab\/wp-json\/wp\/v2\/pages\/346\/revisions"}],"predecessor-version":[{"id":1235,"href":"https:\/\/sites.bu.edu\/warkentinlab\/wp-json\/wp\/v2\/pages\/346\/revisions\/1235"}],"up":[{"embeddable":true,"href":"https:\/\/sites.bu.edu\/warkentinlab\/wp-json\/wp\/v2\/pages\/55"}],"wp:attachment":[{"href":"https:\/\/sites.bu.edu\/warkentinlab\/wp-json\/wp\/v2\/media?parent=346"}],"curies":[{"name":"wp","href":"https:\/\/api.w.org\/{rel}","templated":true}]}}