{"id":60,"date":"2022-05-30T09:34:11","date_gmt":"2022-05-30T13:34:11","guid":{"rendered":"https:\/\/sites.bu.edu\/veranomadrid22\/?page_id=60"},"modified":"2022-06-01T14:55:54","modified_gmt":"2022-06-01T18:55:54","slug":"madrid-historico","status":"publish","type":"page","link":"https:\/\/sites.bu.edu\/veranomadrid22\/madrid-historico\/","title":{"rendered":"Madrid hist\u00f3rico"},"content":{"rendered":"<h6>Estos son los lugares que hemos elegido del centro hist\u00f3rico de Madrid. Mira nuestros v\u00eddeos para conocer su historia.<\/h6>\n<h5><span style=\"text-decoration: underline; color: #0000ff;\">La Puerta del Sol <\/span>(Lianne, Malvi y Tillie)<\/h5>\n<div class=\"responsive-video responsive-youtube\"><iframe loading=\"lazy\" title=\"Oral 1 Lianne Malvi Tillie\" width=\"500\" height=\"281\" src=\"https:\/\/www.youtube.com\/embed\/KedWthA3KIE?feature=oembed\" frameborder=\"0\" allow=\"accelerometer; autoplay; clipboard-write; encrypted-media; gyroscope; picture-in-picture\" allowfullscreen><\/iframe><\/div>\n<h5><span style=\"text-decoration: underline; color: #0000ff;\">La Gran V\u00eda<\/span> (Arjun, Francesca y Gabriella)<\/h5>\n<div class=\"responsive-video responsive-youtube\"><iframe loading=\"lazy\" title=\"tarea oral 1\" width=\"500\" height=\"281\" src=\"https:\/\/www.youtube.com\/embed\/WsbpUC8jHj0?feature=oembed\" frameborder=\"0\" allow=\"accelerometer; autoplay; clipboard-write; encrypted-media; gyroscope; picture-in-picture\" allowfullscreen><\/iframe><\/div>\n<h5><span style=\"text-decoration: underline; color: #0000ff;\">La Plaza de la Villa<\/span> (Tim, Kim y Zoe)<\/h5>\n<div class=\"responsive-video responsive-youtube\"><iframe loading=\"lazy\" title=\"Tarea Oral 1: La Plaza de la Villa\" width=\"500\" height=\"281\" src=\"https:\/\/www.youtube.com\/embed\/oRCbzYwUB8A?feature=oembed\" frameborder=\"0\" allow=\"accelerometer; autoplay; clipboard-write; encrypted-media; gyroscope; picture-in-picture\" allowfullscreen><\/iframe><\/div>\n","protected":false},"excerpt":{"rendered":"<p>Estos son los lugares que hemos elegido del centro hist\u00f3rico de Madrid. Mira nuestros v\u00eddeos para conocer su historia. La Puerta del Sol (Lianne, Malvi y Tillie) La Gran V\u00eda (Arjun, Francesca y Gabriella) La Plaza de la Villa (Tim, Kim y Zoe)<\/p>\n","protected":false},"author":5659,"featured_media":0,"parent":0,"menu_order":12,"comment_status":"closed","ping_status":"closed","template":"","meta":[],"_links":{"self":[{"href":"https:\/\/sites.bu.edu\/veranomadrid22\/wp-json\/wp\/v2\/pages\/60"}],"collection":[{"href":"https:\/\/sites.bu.edu\/veranomadrid22\/wp-json\/wp\/v2\/pages"}],"about":[{"href":"https:\/\/sites.bu.edu\/veranomadrid22\/wp-json\/wp\/v2\/types\/page"}],"author":[{"embeddable":true,"href":"https:\/\/sites.bu.edu\/veranomadrid22\/wp-json\/wp\/v2\/users\/5659"}],"replies":[{"embeddable":true,"href":"https:\/\/sites.bu.edu\/veranomadrid22\/wp-json\/wp\/v2\/comments?post=60"}],"version-history":[{"count":5,"href":"https:\/\/sites.bu.edu\/veranomadrid22\/wp-json\/wp\/v2\/pages\/60\/revisions"}],"predecessor-version":[{"id":76,"href":"https:\/\/sites.bu.edu\/veranomadrid22\/wp-json\/wp\/v2\/pages\/60\/revisions\/76"}],"wp:attachment":[{"href":"https:\/\/sites.bu.edu\/veranomadrid22\/wp-json\/wp\/v2\/media?parent=60"}],"curies":[{"name":"wp","href":"https:\/\/api.w.org\/{rel}","templated":true}]}}

Madrid histórico

<h6>Estos son los lugares que hemos elegido del centro histórico de Madrid. Mira nuestros vídeos para conocer su historia.</h6>
<h5><span style="text-decoration: underline; color: #0000ff;">La Puerta del Sol </span>(Lianne, Malvi y Tillie)</h5>
<div class="responsive-video responsive-youtube"><iframe loading="lazy" title="Oral 1 Lianne Malvi Tillie" width="500" height="281" src="https://www.youtube.com/embed/KedWthA3KIE?feature=oembed" frameborder="0" allow="accelerometer; autoplay; clipboard-write; encrypted-media; gyroscope; picture-in-picture" allowfullscreen></iframe></div>
<h5><span style="text-decoration: underline; color: #0000ff;">La Gran Vía</span> (Arjun, Francesca y Gabriella)</h5>
<div class="responsive-video responsive-youtube"><iframe loading="lazy" title="tarea oral 1" width="500" height="281" src="https://www.youtube.com/embed/WsbpUC8jHj0?feature=oembed" frameborder="0" allow="accelerometer; autoplay; clipboard-write; encrypted-media; gyroscope; picture-in-picture" allowfullscreen></iframe></div>
<h5><span style="text-decoration: underline; color: #0000ff;">La Plaza de la Villa</span> (Tim, Kim y Zoe)</h5>
<div class="responsive-video responsive-youtube"><iframe loading="lazy" title="Tarea Oral 1: La Plaza de la Villa" width="500" height="281" src="https://www.youtube.com/embed/oRCbzYwUB8A?feature=oembed" frameborder="0" allow="accelerometer; autoplay; clipboard-write; encrypted-media; gyroscope; picture-in-picture" allowfullscreen></iframe></div>

<p>Estos son los lugares que hemos elegido del centro histórico de Madrid. Mira nuestros vídeos para conocer su historia. La Puerta del Sol (Lianne, Malvi y Tillie) La Gran Vía (Arjun, Francesca y Gabriella) La Plaza de la Villa (Tim, Kim y Zoe)</p>
