{"id":29,"date":"2022-05-26T15:02:16","date_gmt":"2022-05-26T19:02:16","guid":{"rendered":"https:\/\/sites.bu.edu\/veranomadrid22\/?page_id=29"},"modified":"2022-06-28T15:31:44","modified_gmt":"2022-06-28T19:31:44","slug":"lianne","status":"publish","type":"page","link":"https:\/\/sites.bu.edu\/veranomadrid22\/blogs\/lianne\/","title":{"rendered":"Lianne"},"content":{"rendered":"<p>Me llamo Lianne y vivo en Westchester, Nueva York. Estudio en la Universidad de Boston la neurociencia y las artes visuales. \u00a0Este pr\u00f3ximo a\u00f1o ser\u00e1 el \u00faltimo, pero estoy emocionada de completar mis estudios y tomar clases de temas nuevos. Me gusta explorar ciudades o pueblos m\u00e1s peque\u00f1os. Prefiero vivir en ciudades, pero es muy importante para m\u00ed relajarme y disfrutar la naturaleza. Me encanta comer, especialmente la comida asi\u00e1tica. Tambi\u00e9n, me gusta cocinar y aprender sobre la comida y la cultura de otros lugares. Tengo una perra que se llama Mara y una gata que se llama Coco.<\/p>\n<p><a href=\"https:\/\/sites.bu.edu\/veranomadrid22\/2022\/06\/06\/un-dia-en-segovia\/\" target=\"_blank\" rel=\"noopener noreferrer\"><strong>Un D\u00eda en Segovia<\/strong><\/a><\/p>\n<p><a href=\"https:\/\/sites.bu.edu\/veranomadrid22\/2022\/06\/13\/sky-bar-360\/\" target=\"_blank\" rel=\"noopener noreferrer\"><strong>Sky Bar 360<\/strong><\/a><\/p>\n<p><a href=\"https:\/\/sites.bu.edu\/veranomadrid22\/2022\/06\/28\/las-casas-colgadas-en-cuenca\/\" target=\"_blank\" rel=\"noopener noreferrer\"><strong>Las Casas Colgadas en Cuenca<\/strong><\/a><\/p>\n","protected":false},"excerpt":{"rendered":"<p>Me llamo Lianne y vivo en Westchester, Nueva York. Estudio en la Universidad de Boston la neurociencia y las artes visuales. \u00a0Este pr\u00f3ximo a\u00f1o ser\u00e1 el \u00faltimo, pero estoy emocionada de completar mis estudios y tomar clases de temas nuevos. Me gusta explorar ciudades o pueblos m\u00e1s peque\u00f1os. Prefiero vivir en ciudades, pero es muy [&hellip;]<\/p>\n","protected":false},"author":5659,"featured_media":0,"parent":18,"menu_order":3,"comment_status":"closed","ping_status":"closed","template":"","meta":[],"_links":{"self":[{"href":"https:\/\/sites.bu.edu\/veranomadrid22\/wp-json\/wp\/v2\/pages\/29"}],"collection":[{"href":"https:\/\/sites.bu.edu\/veranomadrid22\/wp-json\/wp\/v2\/pages"}],"about":[{"href":"https:\/\/sites.bu.edu\/veranomadrid22\/wp-json\/wp\/v2\/types\/page"}],"author":[{"embeddable":true,"href":"https:\/\/sites.bu.edu\/veranomadrid22\/wp-json\/wp\/v2\/users\/5659"}],"replies":[{"embeddable":true,"href":"https:\/\/sites.bu.edu\/veranomadrid22\/wp-json\/wp\/v2\/comments?post=29"}],"version-history":[{"count":4,"href":"https:\/\/sites.bu.edu\/veranomadrid22\/wp-json\/wp\/v2\/pages\/29\/revisions"}],"predecessor-version":[{"id":344,"href":"https:\/\/sites.bu.edu\/veranomadrid22\/wp-json\/wp\/v2\/pages\/29\/revisions\/344"}],"up":[{"embeddable":true,"href":"https:\/\/sites.bu.edu\/veranomadrid22\/wp-json\/wp\/v2\/pages\/18"}],"wp:attachment":[{"href":"https:\/\/sites.bu.edu\/veranomadrid22\/wp-json\/wp\/v2\/media?parent=29"}],"curies":[{"name":"wp","href":"https:\/\/api.w.org\/{rel}","templated":true}]}}

<p>Me llamo Lianne y vivo en Westchester, Nueva York. Estudio en la Universidad de Boston la neurociencia y las artes visuales.  Este próximo año será el último, pero estoy emocionada de completar mis estudios y tomar clases de temas nuevos. Me gusta explorar ciudades o pueblos más pequeños. Prefiero vivir en ciudades, pero es muy importante para mí relajarme y disfrutar la naturaleza. Me encanta comer, especialmente la comida asiática. También, me gusta cocinar y aprender sobre la comida y la cultura de otros lugares. Tengo una perra que se llama Mara y una gata que se llama Coco.</p>
<p><a href="https://sites.bu.edu/veranomadrid22/2022/06/06/un-dia-en-segovia/" target="_blank" rel="noopener noreferrer"><strong>Un Día en Segovia</strong></a></p>
<p><a href="https://sites.bu.edu/veranomadrid22/2022/06/13/sky-bar-360/" target="_blank" rel="noopener noreferrer"><strong>Sky Bar 360</strong></a></p>
<p><a href="https://sites.bu.edu/veranomadrid22/2022/06/28/las-casas-colgadas-en-cuenca/" target="_blank" rel="noopener noreferrer"><strong>Las Casas Colgadas en Cuenca</strong></a></p>

<p>Me llamo Lianne y vivo en Westchester, Nueva York. Estudio en la Universidad de Boston la neurociencia y las artes visuales.  Este próximo año será el último, pero estoy emocionada de completar mis estudios y tomar clases de temas nuevos. Me gusta explorar ciudades o pueblos más pequeños. Prefiero vivir en ciudades, pero es muy [&hellip;]</p>
