{"id":26,"date":"2022-05-26T15:01:13","date_gmt":"2022-05-26T19:01:13","guid":{"rendered":"https:\/\/sites.bu.edu\/veranomadrid22\/?page_id=26"},"modified":"2022-06-28T08:55:13","modified_gmt":"2022-06-28T12:55:13","slug":"tim","status":"publish","type":"page","link":"https:\/\/sites.bu.edu\/veranomadrid22\/blogs\/tim\/","title":{"rendered":"Tim"},"content":{"rendered":"<p>Yo soy Tim. Estudi\u00e9 biolog\u00eda en la universidad de USC, en el sur de California, con un enfoque en espa\u00f1ol. Estoy tomando un a\u00f1o de descanso ahora entre la universidad y la escuela de posgrado. Yo quiero ser veterinario de perros y gatos. Entonces, si tienes mascota, me encantar\u00eda ver fotos de ellos. Adem\u00e1s de los animales, me gusta cantar y bailar y estuve en un grupo de A Cappella dos a\u00f1os. Estoy aqu\u00ed en Madrid porque quiero aprender el espa\u00f1ol y la historia del pa\u00eds.<\/p>\n<p><a href=\"https:\/\/sites.bu.edu\/veranomadrid22\/2022\/06\/06\/mi-visita-al-museo-de-las-americas\/\" target=\"_blank\" rel=\"noopener noreferrer\"><strong>Mi visita al museo de las Am\u00e9ricas<\/strong><\/a><\/p>\n<p><a href=\"https:\/\/sites.bu.edu\/veranomadrid22\/2022\/06\/13\/la-alhambra\/\" target=\"_blank\" rel=\"noopener noreferrer\"><strong>La Alhambra<\/strong><\/a><\/p>\n<p><a href=\"https:\/\/sites.bu.edu\/veranomadrid22\/2022\/06\/28\/la-sagrada-familia\/\" target=\"_blank\" rel=\"noopener noreferrer\"><strong>La Sagrada Familia<\/strong><\/a><\/p>\n","protected":false},"excerpt":{"rendered":"<p>Yo soy Tim. Estudi\u00e9 biolog\u00eda en la universidad de USC, en el sur de California, con un enfoque en espa\u00f1ol. Estoy tomando un a\u00f1o de descanso ahora entre la universidad y la escuela de posgrado. Yo quiero ser veterinario de perros y gatos. Entonces, si tienes mascota, me encantar\u00eda ver fotos de ellos. Adem\u00e1s de [&hellip;]<\/p>\n","protected":false},"author":5659,"featured_media":0,"parent":18,"menu_order":2,"comment_status":"closed","ping_status":"closed","template":"","meta":[],"_links":{"self":[{"href":"https:\/\/sites.bu.edu\/veranomadrid22\/wp-json\/wp\/v2\/pages\/26"}],"collection":[{"href":"https:\/\/sites.bu.edu\/veranomadrid22\/wp-json\/wp\/v2\/pages"}],"about":[{"href":"https:\/\/sites.bu.edu\/veranomadrid22\/wp-json\/wp\/v2\/types\/page"}],"author":[{"embeddable":true,"href":"https:\/\/sites.bu.edu\/veranomadrid22\/wp-json\/wp\/v2\/users\/5659"}],"replies":[{"embeddable":true,"href":"https:\/\/sites.bu.edu\/veranomadrid22\/wp-json\/wp\/v2\/comments?post=26"}],"version-history":[{"count":4,"href":"https:\/\/sites.bu.edu\/veranomadrid22\/wp-json\/wp\/v2\/pages\/26\/revisions"}],"predecessor-version":[{"id":327,"href":"https:\/\/sites.bu.edu\/veranomadrid22\/wp-json\/wp\/v2\/pages\/26\/revisions\/327"}],"up":[{"embeddable":true,"href":"https:\/\/sites.bu.edu\/veranomadrid22\/wp-json\/wp\/v2\/pages\/18"}],"wp:attachment":[{"href":"https:\/\/sites.bu.edu\/veranomadrid22\/wp-json\/wp\/v2\/media?parent=26"}],"curies":[{"name":"wp","href":"https:\/\/api.w.org\/{rel}","templated":true}]}}