{"id":65,"date":"2019-01-23T14:17:56","date_gmt":"2019-01-23T19:17:56","guid":{"rendered":"https:\/\/sites.bu.edu\/primaveramadrid2019\/?page_id=65"},"modified":"2019-04-23T13:55:56","modified_gmt":"2019-04-23T17:55:56","slug":"emily","status":"publish","type":"page","link":"https:\/\/sites.bu.edu\/primaveramadrid2019\/los-blogs\/emily\/","title":{"rendered":"Emily"},"content":{"rendered":"<p class=\"Body\" style=\"line-height: 150%;\">\u00a1<span style=\"font-size: 13.0pt; line-height: 150%;\">Hola! Me llamo Emily y soy estudiante de la Universidad de Boston. Soy de Washington D.C. y estoy estudiando la Comunicaci\u00f3n y los Estudios de las Mujeres. Soy apasionada de los derechos de las mujeres y la justicia social. Quer\u00eda estudiar en Madrid para mejorar mis habilidades espa\u00f1olas y aprender sobre los problemas que est\u00e1n afectando a las mujeres en este pa\u00eds. Estoy emocionada de explorar los museos y la cultura de Madrid y viajar por Espa\u00f1a y Europa. \u00a1Aqu\u00ed hay un foto de m\u00ed en El Palacio Real!<\/span><\/p>\n<p><strong><a href=\"https:\/\/sites.bu.edu\/primaveramadrid2019\/2019\/02\/02\/un-fin-de-semana-divertido\/\" target=\"_blank\" rel=\"noopener\">Un fin de semana divertido<\/a><\/strong><\/p>\n<p><a href=\"https:\/\/sites.bu.edu\/primaveramadrid2019\/2019\/02\/21\/explorando-los-museos-y-las-bibliotecas\/\" target=\"_blank\" rel=\"noopener\"><strong>Explorando los museos y las bibliotecas<\/strong><\/a><\/p>\n<p><a href=\"https:\/\/sites.bu.edu\/primaveramadrid2019\/2019\/03\/06\/vamos-a-protestar\/\" target=\"_blank\" rel=\"noopener\"><strong>\u00a1Vamos a protestar!<\/strong><\/a><\/p>\n<p><a href=\"https:\/\/sites.bu.edu\/primaveramadrid2019\/2019\/03\/18\/un-domingo-perfecto\/\" target=\"_blank\" rel=\"noopener\"><strong>Un domingo perfecto<\/strong><\/a><\/p>\n<p><a href=\"https:\/\/sites.bu.edu\/primaveramadrid2019\/2019\/04\/02\/explorando-malasana\/\" target=\"_blank\" rel=\"noopener\"><strong>Explorando Malasa\u00f1a<\/strong><\/a><\/p>\n<p><a href=\"https:\/\/sites.bu.edu\/primaveramadrid2019\/2019\/04\/23\/cuatro-meses-fantasticos\/\" target=\"_blank\" rel=\"noopener\"><strong>Cuatro meses fant\u00e1sticos<\/strong><\/a><\/p>\n","protected":false},"excerpt":{"rendered":"<p>\u00a1Hola! Me llamo Emily y soy estudiante de la Universidad de Boston. Soy de Washington D.C. y estoy estudiando la Comunicaci\u00f3n y los Estudios de las Mujeres. Soy apasionada de los derechos de las mujeres y la justicia social. Quer\u00eda estudiar en Madrid para mejorar mis habilidades espa\u00f1olas y aprender sobre los problemas que est\u00e1n [&hellip;]<\/p>\n","protected":false},"author":5659,"featured_media":0,"parent":24,"menu_order":13,"comment_status":"closed","ping_status":"closed","template":"","meta":[],"_links":{"self":[{"href":"https:\/\/sites.bu.edu\/primaveramadrid2019\/wp-json\/wp\/v2\/pages\/65"}],"collection":[{"href":"https:\/\/sites.bu.edu\/primaveramadrid2019\/wp-json\/wp\/v2\/pages"}],"about":[{"href":"https:\/\/sites.bu.edu\/primaveramadrid2019\/wp-json\/wp\/v2\/types\/page"}],"author":[{"embeddable":true,"href":"https:\/\/sites.bu.edu\/primaveramadrid2019\/wp-json\/wp\/v2\/users\/5659"}],"replies":[{"embeddable":true,"href":"https:\/\/sites.bu.edu\/primaveramadrid2019\/wp-json\/wp\/v2\/comments?post=65"}],"version-history":[{"count":7,"href":"https:\/\/sites.bu.edu\/primaveramadrid2019\/wp-json\/wp\/v2\/pages\/65\/revisions"}],"predecessor-version":[{"id":629,"href":"https:\/\/sites.bu.edu\/primaveramadrid2019\/wp-json\/wp\/v2\/pages\/65\/revisions\/629"}],"up":[{"embeddable":true,"href":"https:\/\/sites.bu.edu\/primaveramadrid2019\/wp-json\/wp\/v2\/pages\/24"}],"wp:attachment":[{"href":"https:\/\/sites.bu.edu\/primaveramadrid2019\/wp-json\/wp\/v2\/media?parent=65"}],"curies":[{"name":"wp","href":"https:\/\/api.w.org\/{rel}","templated":true}]}}