{"id":59,"date":"2019-01-23T14:14:52","date_gmt":"2019-01-23T19:14:52","guid":{"rendered":"https:\/\/sites.bu.edu\/primaveramadrid2019\/?page_id=59"},"modified":"2019-04-25T14:53:55","modified_gmt":"2019-04-25T18:53:55","slug":"sam","status":"publish","type":"page","link":"https:\/\/sites.bu.edu\/primaveramadrid2019\/los-blogs\/sam\/","title":{"rendered":"Sam"},"content":{"rendered":"<p>Hola, mi nombre es Samuel Weiner y tengo 20 a\u00f1os. Nac\u00ed en Washington DC, pero vivo en Rockville, Maryland. Asisto a la Universidad de Boston con una especialidad en Relaciones Internacionales. Soy el \u00fanico hijo de mi familia y es mi primera vez en Europa, sin mencionar Espa\u00f1a. En mi tiempo libre me gusta ir al gimnasio, ir a restaurantes y al club con mis amigos para disfrutar la vida. Adem\u00e1s, me gusta hablar de pol\u00edtica y noticias, porque creo que estas cosas son interesantes.<\/p>\n<p><a href=\"https:\/\/sites.bu.edu\/primaveramadrid2019\/2019\/02\/05\/restaurantes-extranjeros\/\" target=\"_blank\" rel=\"noopener\"><strong>Restaurantes Extranjeros<\/strong><\/a><\/p>\n<p><a href=\"https:\/\/sites.bu.edu\/primaveramadrid2019\/2019\/02\/21\/paella-de-langosta\/\" target=\"_blank\" rel=\"noopener\"><strong>Paella de Langosta<\/strong><\/a><\/p>\n<p><a href=\"https:\/\/sites.bu.edu\/primaveramadrid2019\/2019\/03\/06\/la-reunion\/\" target=\"_blank\" rel=\"noopener\"><strong>La Reuni\u00f3n<\/strong><\/a><\/p>\n<p><a href=\"https:\/\/sites.bu.edu\/primaveramadrid2019\/2019\/03\/26\/los-tacos-de-vida\/\" target=\"_blank\" rel=\"noopener\"><strong>Los Tacos de vida<\/strong><\/a><\/p>\n<p><a href=\"https:\/\/sites.bu.edu\/primaveramadrid2019\/2019\/04\/08\/el-fin-de-semana\/\" target=\"_blank\" rel=\"noopener\"><strong>El fin de semana<\/strong><\/a><\/p>\n<p><a href=\"https:\/\/sites.bu.edu\/primaveramadrid2019\/2019\/04\/25\/ya-tu-sabes\/\" target=\"_blank\" rel=\"noopener\"><strong>Ya t\u00fa Sabes<\/strong><\/a><\/p>\n","protected":false},"excerpt":{"rendered":"<p>Hola, mi nombre es Samuel Weiner y tengo 20 a\u00f1os. Nac\u00ed en Washington DC, pero vivo en Rockville, Maryland. Asisto a la Universidad de Boston con una especialidad en Relaciones Internacionales. Soy el \u00fanico hijo de mi familia y es mi primera vez en Europa, sin mencionar Espa\u00f1a. En mi tiempo libre me gusta ir [&hellip;]<\/p>\n","protected":false},"author":5659,"featured_media":0,"parent":24,"menu_order":11,"comment_status":"closed","ping_status":"closed","template":"","meta":[],"_links":{"self":[{"href":"https:\/\/sites.bu.edu\/primaveramadrid2019\/wp-json\/wp\/v2\/pages\/59"}],"collection":[{"href":"https:\/\/sites.bu.edu\/primaveramadrid2019\/wp-json\/wp\/v2\/pages"}],"about":[{"href":"https:\/\/sites.bu.edu\/primaveramadrid2019\/wp-json\/wp\/v2\/types\/page"}],"author":[{"embeddable":true,"href":"https:\/\/sites.bu.edu\/primaveramadrid2019\/wp-json\/wp\/v2\/users\/5659"}],"replies":[{"embeddable":true,"href":"https:\/\/sites.bu.edu\/primaveramadrid2019\/wp-json\/wp\/v2\/comments?post=59"}],"version-history":[{"count":7,"href":"https:\/\/sites.bu.edu\/primaveramadrid2019\/wp-json\/wp\/v2\/pages\/59\/revisions"}],"predecessor-version":[{"id":655,"href":"https:\/\/sites.bu.edu\/primaveramadrid2019\/wp-json\/wp\/v2\/pages\/59\/revisions\/655"}],"up":[{"embeddable":true,"href":"https:\/\/sites.bu.edu\/primaveramadrid2019\/wp-json\/wp\/v2\/pages\/24"}],"wp:attachment":[{"href":"https:\/\/sites.bu.edu\/primaveramadrid2019\/wp-json\/wp\/v2\/media?parent=59"}],"curies":[{"name":"wp","href":"https:\/\/api.w.org\/{rel}","templated":true}]}}