{"id":5,"date":"2019-01-10T16:51:51","date_gmt":"2019-01-10T21:51:51","guid":{"rendered":"https:\/\/sites.bu.edu\/primaveramadrid2019\/primavera-en-madrid-2019\/"},"modified":"2019-04-26T15:06:04","modified_gmt":"2019-04-26T19:06:04","slug":"primavera-en-madrid-2019","status":"publish","type":"page","link":"https:\/\/sites.bu.edu\/primaveramadrid2019\/","title":{"rendered":"PRIMAVERA EN MADRID"},"content":{"rendered":"<p>\u00a1Bienvenidos y bienvenidas a nuestra p\u00e1gina Web!<\/p>\n<p>Somos los estudiantes y las estudiantes del curso <strong><em>Madrid en Vivo<\/em><\/strong> del <a href=\"http:\/\/www.bu.edu\/madrid\/\">Programa de BU en Madrid<\/a> y vamos pasar el oto\u00f1o en esta ciudad, explor\u00e1ndola, conoci\u00e9ndola y descubriendo sus secretos. Publicaremos v\u00eddeos, fotos, entrevistas, contaremos nuestras aventuras \u00a1y muchas cosas m\u00e1s!<\/p>\n<p>En la foto, estamos todas y todos en la <a href=\"https:\/\/www.esmadrid.com\/informacion-turistica\/plaza-de-la-villa\" target=\"_blank\" rel=\"noopener\">Plaza de la Villa<\/a>. En la primera fila (de izquierda a derecha): <strong><a href=\"https:\/\/sites.bu.edu\/primaveramadrid2019\/los-blogs\/sam\/\" target=\"_blank\" rel=\"noopener\">Sam<\/a><\/strong>, <a href=\"https:\/\/sites.bu.edu\/primaveramadrid2019\/los-blogs\/karina\/\" target=\"_blank\" rel=\"noopener\"><strong>Karina<\/strong><\/a>, <a href=\"https:\/\/sites.bu.edu\/primaveramadrid2019\/los-blogs\/phoebe\/\" target=\"_blank\" rel=\"noopener\"><strong>Phoebe<\/strong><\/a>, <a href=\"https:\/\/sites.bu.edu\/primaveramadrid2019\/los-blogs\/mackenzie\/\" target=\"_blank\" rel=\"noopener\"><strong>Mackenzie<\/strong><\/a>, <a href=\"https:\/\/sites.bu.edu\/primaveramadrid2019\/los-blogs\/emily\/\" target=\"_blank\" rel=\"noopener\"><strong>Emily<\/strong><\/a> y <a href=\"https:\/\/sites.bu.edu\/primaveramadrid2019\/los-blogs\/julia\/\" target=\"_blank\" rel=\"noopener\"><strong>Julia<\/strong><\/a>. En la segunda fila: <a href=\"https:\/\/sites.bu.edu\/primaveramadrid2019\/los-blogs\/aidan\/\"><strong>Aidan<\/strong><\/a>, <a href=\"https:\/\/sites.bu.edu\/primaveramadrid2019\/los-blogs\/indy\/\"><strong>Indy<\/strong><\/a>, <a href=\"https:\/\/sites.bu.edu\/primaveramadrid2019\/los-blogs\/alicia\/\"><strong>Alicia<\/strong><\/a>, <a href=\"https:\/\/sites.bu.edu\/primaveramadrid2019\/los-blogs\/alan\/\"><strong>Alan<\/strong><\/a>, <a href=\"https:\/\/sites.bu.edu\/primaveramadrid2019\/los-blogs\/lydia\/\"><strong>Lydia<\/strong><\/a>, <a href=\"https:\/\/sites.bu.edu\/primaveramadrid2019\/los-blogs\/graceson\/\"><strong>Graceson<\/strong><\/a>, <a href=\"https:\/\/sites.bu.edu\/primaveramadrid2019\/los-blogs\/dana\/\" target=\"_blank\" rel=\"noopener\"><strong>Dana<\/strong><\/a> y <a href=\"https:\/\/sites.bu.edu\/primaveramadrid2019\/los-blogs\/kaylin\/\" target=\"_blank\" rel=\"noopener\"><strong>Kaylin<\/strong><\/a>. Puedes pinchar en nuestros nombres para saber m\u00e1s de nosotras y nosotros y leer nuestros <em>posts<\/em>.<\/p>\n<p>\u00a1Os invitamos a compartir nuestras aventuras madrile\u00f1as!<\/p>\n","protected":false},"excerpt":{"rendered":"<p>\u00a1Bienvenidos y bienvenidas a nuestra p\u00e1gina Web! Somos los estudiantes y las estudiantes del curso Madrid en Vivo del Programa de BU en Madrid y vamos pasar el oto\u00f1o en esta ciudad, explor\u00e1ndola, conoci\u00e9ndola y descubriendo sus secretos. Publicaremos v\u00eddeos, fotos, entrevistas, contaremos nuestras aventuras \u00a1y muchas cosas m\u00e1s! En la foto, estamos todas y [&hellip;]<\/p>\n","protected":false},"author":5659,"featured_media":0,"parent":0,"menu_order":1,"comment_status":"closed","ping_status":"closed","template":"","meta":[],"_links":{"self":[{"href":"https:\/\/sites.bu.edu\/primaveramadrid2019\/wp-json\/wp\/v2\/pages\/5"}],"collection":[{"href":"https:\/\/sites.bu.edu\/primaveramadrid2019\/wp-json\/wp\/v2\/pages"}],"about":[{"href":"https:\/\/sites.bu.edu\/primaveramadrid2019\/wp-json\/wp\/v2\/types\/page"}],"author":[{"embeddable":true,"href":"https:\/\/sites.bu.edu\/primaveramadrid2019\/wp-json\/wp\/v2\/users\/5659"}],"replies":[{"embeddable":true,"href":"https:\/\/sites.bu.edu\/primaveramadrid2019\/wp-json\/wp\/v2\/comments?post=5"}],"version-history":[{"count":9,"href":"https:\/\/sites.bu.edu\/primaveramadrid2019\/wp-json\/wp\/v2\/pages\/5\/revisions"}],"predecessor-version":[{"id":77,"href":"https:\/\/sites.bu.edu\/primaveramadrid2019\/wp-json\/wp\/v2\/pages\/5\/revisions\/77"}],"wp:attachment":[{"href":"https:\/\/sites.bu.edu\/primaveramadrid2019\/wp-json\/wp\/v2\/media?parent=5"}],"curies":[{"name":"wp","href":"https:\/\/api.w.org\/{rel}","templated":true}]}}