{"id":35,"date":"2019-01-20T15:26:53","date_gmt":"2019-01-20T20:26:53","guid":{"rendered":"https:\/\/sites.bu.edu\/primaveramadrid2019\/?page_id=35"},"modified":"2019-04-23T14:06:13","modified_gmt":"2019-04-23T18:06:13","slug":"graceson","status":"publish","type":"page","link":"https:\/\/sites.bu.edu\/primaveramadrid2019\/los-blogs\/graceson\/","title":{"rendered":"Graceson"},"content":{"rendered":"<p>Hola, me llamo Graceson y este semestre voy a ense\u00f1ar la ciudad Madrid desde mis propios ojos. Soy de los Estados Unidos donde me cri\u00e9 en la ciudad de Nueva York. Originalmente mis padres inmigraron de la Rep\u00fablica Dominicana. Mis padres fueron mis primeros maestros en el idioma espa\u00f1ol. Hablamos espa\u00f1ol en casa y crec\u00ed en un barrio donde la mayor\u00eda era de Latinoam\u00e9rica. Yo estoy en esta clase para conocer no solamente la ciudad de Madrid sino para mejorar el espa\u00f1ol. Quiero conocer Madrid como un madrile\u00f1o.<\/p>\n<p><a href=\"https:\/\/sites.bu.edu\/primaveramadrid2019\/2019\/02\/05\/protestas-en-sol\/\" target=\"_blank\" rel=\"noopener\"><strong>Protesta en Sol<\/strong><\/a><\/p>\n<p><a href=\"https:\/\/sites.bu.edu\/primaveramadrid2019\/2019\/02\/19\/guia-gastronomica\/\" target=\"_blank\" rel=\"noopener\"><strong>Gu\u00eda Gastron\u00f3mica<\/strong><\/a><\/p>\n<p><a href=\"https:\/\/sites.bu.edu\/primaveramadrid2019\/2019\/03\/04\/art-madrid-2019\/\"><strong>Art Madrid 2019<\/strong><\/a><\/p>\n<p><a href=\"https:\/\/sites.bu.edu\/primaveramadrid2019\/2019\/03\/19\/al-aire-libre\/\" target=\"_blank\" rel=\"noopener\"><strong>Al aire libre<\/strong><\/a><\/p>\n<p><a href=\"https:\/\/sites.bu.edu\/primaveramadrid2019\/2019\/04\/02\/radio-3-en-matadero\/\" target=\"_blank\" rel=\"noopener\"><strong>Radio 3 en Matadero<\/strong><\/a><\/p>\n<p><a href=\"https:\/\/sites.bu.edu\/primaveramadrid2019\/2019\/04\/23\/barcelona\/\" target=\"_blank\" rel=\"noopener\"><strong>Barcelona<\/strong><\/a><\/p>\n","protected":false},"excerpt":{"rendered":"<p>Hola, me llamo Graceson y este semestre voy a ense\u00f1ar la ciudad Madrid desde mis propios ojos. Soy de los Estados Unidos donde me cri\u00e9 en la ciudad de Nueva York. Originalmente mis padres inmigraron de la Rep\u00fablica Dominicana. Mis padres fueron mis primeros maestros en el idioma espa\u00f1ol. Hablamos espa\u00f1ol en casa y crec\u00ed [&hellip;]<\/p>\n","protected":false},"author":5659,"featured_media":0,"parent":24,"menu_order":4,"comment_status":"closed","ping_status":"closed","template":"","meta":[],"_links":{"self":[{"href":"https:\/\/sites.bu.edu\/primaveramadrid2019\/wp-json\/wp\/v2\/pages\/35"}],"collection":[{"href":"https:\/\/sites.bu.edu\/primaveramadrid2019\/wp-json\/wp\/v2\/pages"}],"about":[{"href":"https:\/\/sites.bu.edu\/primaveramadrid2019\/wp-json\/wp\/v2\/types\/page"}],"author":[{"embeddable":true,"href":"https:\/\/sites.bu.edu\/primaveramadrid2019\/wp-json\/wp\/v2\/users\/5659"}],"replies":[{"embeddable":true,"href":"https:\/\/sites.bu.edu\/primaveramadrid2019\/wp-json\/wp\/v2\/comments?post=35"}],"version-history":[{"count":7,"href":"https:\/\/sites.bu.edu\/primaveramadrid2019\/wp-json\/wp\/v2\/pages\/35\/revisions"}],"predecessor-version":[{"id":633,"href":"https:\/\/sites.bu.edu\/primaveramadrid2019\/wp-json\/wp\/v2\/pages\/35\/revisions\/633"}],"up":[{"embeddable":true,"href":"https:\/\/sites.bu.edu\/primaveramadrid2019\/wp-json\/wp\/v2\/pages\/24"}],"wp:attachment":[{"href":"https:\/\/sites.bu.edu\/primaveramadrid2019\/wp-json\/wp\/v2\/media?parent=35"}],"curies":[{"name":"wp","href":"https:\/\/api.w.org\/{rel}","templated":true}]}}