{"id":2119,"date":"2022-01-19T15:28:36","date_gmt":"2022-01-19T20:28:36","guid":{"rendered":"https:\/\/sites.bu.edu\/presto-spanish\/?page_id=2119"},"modified":"2025-04-16T18:15:23","modified_gmt":"2025-04-16T22:15:23","slug":"factores-reproductivos","status":"publish","type":"page","link":"https:\/\/sites.bu.edu\/presto-spanish\/publications\/factores-reproductivos\/","title":{"rendered":"Factores Reproductivos"},"content":{"rendered":"<p><b>Publicaciones debajo de \u2018Factores Reproductivos\u2019 examinan la asociaci\u00f3n de caracter\u00edsticas, intervenciones, y conciencia sobre la salud sexual y reproductiva con la fertilidad y los resultados reproductivos. <\/b><\/p>\n<p><a href=\"https:\/\/www.ncbi.nlm.nih.gov\/pmc\/articles\/PMC3166706\/\"><span style=\"font-weight: 400;\">Wise LA, Mikkelsen EM, Rothman KJ, Riis AH, S\u00f8rensen HT, Huybrechts KF, Hatch EE. A prospective cohort study of menstrual characteristics and time to pregnancy. Am J Epidemiol 2011; 174(6): 701-9.<\/span><\/a><span style=\"font-weight: 400;\"><\/span><\/p>\n<p><span>Entre las planificadoras de embarazo danesas, un ciclo menstrual m\u00e1s corto fue asociado con m\u00e1s tiempo al quedar embarazada. Otros factores menstruales, incluyendo la edad durante la menarquia (el primer periodo menstrual), cu\u00e1nto tiempo tom\u00f3 para que los ciclos menstruales se conviertan regulares despu\u00e9s del primer periodo menstrual, y la duraci\u00f3n o intensidad del flujo menstrual, no fueron asociados con la fecundidad.<\/span><\/p>\n<p><a href=\"https:\/\/www.ncbi.nlm.nih.gov\/pmc\/articles\/PMC3751379\/\"><span style=\"font-weight: 400;\">Hahn KA, Wise LA, Riis AH, Mikkelsen EM, Rothman KJ, Banholzer K, Hatch EE. Correlates of menstrual cycle characteristics among nulliparous Danish women. Clin Epidemiol 2013; 5: 311-9.<\/span><\/a><span style=\"font-weight: 400;\"><\/span><\/p>\n<p><span>Nosotros estudiamos factores correlacionados con caracter\u00edsticas del ciclo menstrual entre mujeres danesas de 18 a 40 a\u00f1os quienes nunca han dado a luz. Mujeres con poca actividad f\u00edsica y alto consumo de alcohol fueron m\u00e1s probables de tener per\u00edodos irregulares. Un IMC alto, fumar, y el consumo de cafe\u00edna y alcohol fueron relacionados con ciclos menstruales cortos y sangrado menstrual denso. Mujeres de mediados a finales de sus a\u00f1os treinta tuvieron flujos menstruales m\u00e1s cortos y ligeros, pero una prevalencia m\u00e1s baja de ciclos irregulares, comparadas con mujeres de 18 a 25 a\u00f1os de edad.<\/span><\/p>\n<p><a href=\"https:\/\/www.ncbi.nlm.nih.gov\/pmc\/articles\/PMC3627337\/\"><span style=\"font-weight: 400;\">Mikkelsen EM, Riis AH, Wise LA, Hatch EE, Rothman KJ, S\u00f8rensen HT. Pre-gravid oral contraceptive use and time to pregnancy: a Danish prospective cohort study. Hum Reprod 2013; 28(5): 1398-405.<\/span><\/a><span style=\"font-weight: 400;\"><\/span><\/p>\n<p><span>Entre planificadoras de embarazo danesas, mujeres quienes usaron anticonceptivos orales (la pastilla anticonceptiva) como su forma m\u00e1s reciente de anticoncepci\u00f3n tuvieron un retraso a corto plazo (~3 ciclos menstruales) en el regreso de la fertilidad. El uso de anticonceptivos orales a largo plazo fue asociado con una poca aumentaci\u00f3n de la fecundidad.<\/span><\/p>\n<p><a href=\"https:\/\/www.ncbi.nlm.nih.gov\/pmc\/articles\/PMC3672329\/\"><span style=\"font-weight: 400;\">Rothman KJ, Wise LA, S\u00f8rensen HT, Riis AH, Mikkelsen EM, Hatch EE. Volitional determinants and age-related decline in fecundability: a general population prospective cohort study in Denmark. Fertil Steril 2013; 99(7): 1958-64.<\/span><\/a><span style=\"font-weight: 400;\"><\/span><\/p>\n<p><span>En un estudio de planificadoras de embarazo danesas, nosotros observamos que la fecundidad de las mujeres es relativamente estable con la edad hasta que comienza a disminuir desde los a\u00f1os 35 a 40. Los hombres tambi\u00e9n experimentan una peque\u00f1a reducci\u00f3n en fecundidad despu\u00e9s de los 35 a\u00f1os. Parejas quienes tuvieron relaciones sexuales por lo menos dos veces a la semana, usaron anticonceptivos no hormonales (comparado con anticonceptivos hormonales) antes de tratar de concebir, y tuvieron relaciones sexuales durante la ventana de fertilidad tuvieron una fecundidad mas alta. Sin embargo, estos comportamientos no compensaron completamente la disminuci\u00f3n de fecundidad con la edad.<\/span><\/p>\n<p><a href=\"https:\/\/www.ncbi.nlm.nih.gov\/pmc\/articles\/PMC4688154\/\"><span style=\"font-weight: 400;\">Hahn KA, Hatch EE, Rothman KJ, Mikkelsen EM, Brogly SB, S\u00f8rensen HT, Riis AH, Wise LA. History of oral contraceptive use and risk of spontaneous abortion. Ann Epidemiol 2015; 25(12): 936-941.<\/span><\/a><span style=\"font-weight: 400;\"><\/span><\/p>\n<p><span>Entre planificadoras de embarazo danesas, el uso del anticonceptivo oral (la pastilla anticonceptiva) antes de quedar embarazada no fue asociado con el riesgo de p\u00e9rdida del embarazo antes de las 22 semanas. <\/span><a href=\"https:\/\/www.ncbi.nlm.nih.gov\/pmc\/articles\/PMC4688154\/\"><span><\/span><\/a><\/p>\n<p><a href=\"https:\/\/www.ncbi.nlm.nih.gov\/pmc\/articles\/PMC4681689\/\"><span style=\"font-weight: 400;\">Hatch EE, Hahn KA, Mikkelsen EM, Riis AH, S\u00f8rensen HT, Rothman KJ, Wise LA. Pre-gravid oral contraceptive use in relation to birth weight: a prospective cohort study. Eur J Epidemiol 2015; 30(11): 1199-208.<\/span><\/a><span style=\"font-weight: 400;\"><\/span><\/p>\n<p><span>Entre planificadoras de embarazo danesas, el uso del anticonceptivo oral (la pastilla anticonceptiva) antes del embarazo pero 6 meses antes de la concepci\u00f3n fue asociado con una peque\u00f1a aumentaci\u00f3n en el peso del bebe al nacer. Sin embargo, el uso de anticonceptivos orales a largo plazo fue asociado con una peque\u00f1a disminuci\u00f3n en el peso del bebe al nacer. <\/span><\/p>\n<p><a href=\"https:\/\/www.ncbi.nlm.nih.gov\/pmc\/articles\/PMC4394049\/\"><span style=\"font-weight: 400;\">Wise LA, Mikkelsen EM, S\u00f8rensen HT, Rothman KJ, Hahn KA, Riis AH, Hatch EE. Prospective study of time to pregnancy and adverse birth outcomes. Fertil Steril 2015; 103(4): 1065-73.e2.<\/span><\/a><span style=\"font-weight: 400;\"><\/span><\/p>\n<p><span>Entre planificadoras de embarazo danesas, mujeres quienes tomaron m\u00e1s de doce ciclos para concebir tuvieron un riesgo m\u00e1s alto para varios resultados adversos del nacimiento, incluyendo nacimiento prematuro, peso m\u00e1s bajo del bebe a nacer, trastornos de la placenta, y hemorragia posparto, despu\u00e9s de tomar en cuenta el tratamiento de fertilidad. La concepci\u00f3n retrasada no fue asociada con el riesgo para un nacimiento donde el bebe es peque\u00f1o para su edad gestacional (peso bajo del bebe al nacer comparado con otros infantes quienes nacieron a la misma edad gestacional). <\/span><\/p>\n<p><a href=\"https:\/\/www.ncbi.nlm.nih.gov\/pmc\/articles\/PMC5477990\/\"><span style=\"font-weight: 400;\">Radin RG, Mikkelsen EM, Rothman KJ, Hatch EE, S\u00f8rensen HT, Riis AH, Kuohung W, Wise LA. Cesarean delivery and subsequent fecundability. Epidemiology 2016; 27(6): 889-93.<\/span><\/a><span style=\"font-weight: 400;\"><\/span><\/p>\n<p><span>Entre mujeres quienes previamente hab\u00edan dado a luz a un ni\u00f1o, esas que dieron a luz v\u00eda ces\u00e1rea con presentaci\u00f3n de nalgas o una ces\u00e1rea planeada con presentaci\u00f3n cef\u00e1lica tuvieron fecundidad reducida comparadas con las que dieron a luz por parto vaginal. Las ces\u00e1reas de emergencia con presentaci\u00f3n cef\u00e1lica no fueron asociadas con fecundidad. <\/span><\/p>\n<p><a href=\"https:\/\/www.ncbi.nlm.nih.gov\/pmc\/articles\/PMC4964792\/\"><span style=\"font-weight: 400;\">Wesselink AK, Wise LA, Hatch EE, Rothman KJ, Mikkelsen EM, Stanford JB, McKinnon CJ, Mahalingaiah S. Menstrual cycle characteristics and fecundability in a North American preconception cohort. Ann Epidemiol 2016; 26(7): 482-7.e1. <\/span><\/a><span style=\"font-weight: 400;\"><\/span><\/p>\n<p><span>Entre planificadoras de embarazo norteamericanas, las mujeres con ciclos de menstruaci\u00f3n m\u00e1s cortos (\u226426 d\u00edas) tuvieron una fecundidad m\u00e1s baja que las mujeres con ciclos de menstruaci\u00f3n de 27 a 29 d\u00edas. Mujeres que tuvieron su primer periodo menstrual a la edad &lt;12 a\u00f1os tuvieron una fecundidad m\u00e1s baja que las mujeres que tuvieron su primer periodo menstrual de los 12 a 13 a\u00f1os. La duraci\u00f3n e intensidad del flujo menstrual no fue asociado con la fecundidad. <\/span><a href=\"https:\/\/www.ncbi.nlm.nih.gov\/pmc\/articles\/PMC4964792\/\"><span><\/span><\/a><\/p>\n<p><a href=\"https:\/\/www.ncbi.nlm.nih.gov\/pmc\/articles\/PMC5712257\/\"><span style=\"font-weight: 400;\">Wesselink AK, Rothman KJ, Hatch EE, Mikkelsen EM, S\u00f8rensen HT, Wise LA. Age and fecundability in a North American preconception cohort study. Am J Obstet Gynecol 2017; 217(6): 667.e1-667.e8.<\/span><\/a><span style=\"font-weight: 400;\"><\/span><\/p>\n<p><span> Entre las mujeres, la fecundidad disminuye con la edad en una manera aproximadamente lineal, con una ca\u00edda un poco m\u00e1s fuerte despu\u00e9s de ~37 a\u00f1os. Despu\u00e9s de tomar en cuenta la edad de la pareja femenina, la edad masculina no fue relacionada fuertemente con la fecundidad; sin embargo, nuestro estudio no incluye muchos hombres sobre la edad de 45 a\u00f1os<\/span><\/p>\n<p><a href=\"https:\/\/www.ncbi.nlm.nih.gov\/pmc\/articles\/PMC6139089\/\"><span style=\"font-weight: 400;\">McInerney KA, Hahn KA, Hatch EE, Mikkelsen EM, Steiner AZ, Rothman KJ, S\u00f8rensen HT, Snerum TM, Wise LA. Lubricant use during intercourse and time-to-pregnancy: a prospective cohort study. BJOG 2018; 125(12): 1541\u20131548. <\/span><\/a><span style=\"font-weight: 400;\"><\/span><\/p>\n<p><span>Entre planificadoras de embarazo norteamericanas, el uso de lubricante durante relaciones sexuales no fue asociado con la fecundidad. Esta asociaci\u00f3n fue constante a trav\u00e9s de diferentes tipos de lubricantes, incluyendo lubricantes fabricados a base de agua, a base de aceite, a base de silicona, y lubricantes \u201camigables a la fertilidad\u201d. <\/span><\/p>\n<p><a href=\"https:\/\/www.fertstert.org\/article\/S0015-0282(19)30576-X\/fulltext\"><span style=\"font-weight: 400;\">Stanford JB, Willis SK, Hatch EE, Rothman KJ, Wise LA. Fecundability in relation to use of fertility awareness indicators in a North American preconception cohort study. Fertil Steril 2019; 112(5): 892-899. <\/span><\/a><span style=\"font-weight: 400;\"><\/span><\/p>\n<p><span>Entre planificadoras de embarazo norteamericanas, muchas usaron indicadores de fertilidad tal como contando los d\u00edas o contando el ciclo menstrual, tomando la temperatura basal del cuerpo, monitoreando el fluido cervical, usando pruebas de hormona luteinizante en orina, o sintiendo para cambios en la posici\u00f3n del c\u00e9rvix. El uso de cualquier indicador de fertilidad fue asociado con fecundidad m\u00e1s alta. No encontramos evidencia consistente de fecundidad mejorada despu\u00e9s de usar un indicador de fertilidad espec\u00edfico sobre otro. <\/span><\/p>\n<p><a href=\"https:\/\/www.ncbi.nlm.nih.gov\/pmc\/articles\/PMC6347866\/\"><span style=\"font-weight: 400;\">Wildenschild C, Riis AH, Ehrenstein V, Hatch EE, Wise LA, Rothman KJ, S\u00f8rensen HT, Mikkelsen EM. Fecundability among Danish women with a history of miscarriage: a prospective cohort study. BMJ Open 2019; 9(1): e023996. <\/span><\/a><span style=\"font-weight: 400;\"><\/span><\/p>\n<p><span>Nosotros comparamos la fecundidad de mujeres danesas quienes previamente solo tuvieron nacimientos vivos y las que previamente solo tuvieron abortos espontaneos. Las mujeres que solo tuvieron abortos espontaneos tomaron mas tiempo para concebir, pero tuvieron una probabilidad similar de concebir en 12 ciclos de tratar de quedar embarazada. <\/span><\/p>\n<p><a href=\"https:\/\/academic.oup.com\/humrep\/article-abstract\/35\/10\/2245\/5903555?redirectedFrom=fulltext\"><span style=\"font-weight: 400;\">Stanford JB, Willis SK, Hatch EE, Rothman KJ, Wise LA. Fecundability in relation to use of mobile computing apps to track the menstrual cycle. Hum Reprod 2020; 35(10): 2245-2252.<\/span><\/a><span style=\"font-weight: 400;\"><\/span><\/p>\n<p><span> El uso de una aplicaci\u00f3n para seguir el ciclo menstrual, especialmente en combinaci\u00f3n con la observaci\u00f3n de uno o m\u00e1s de los indicadores de fertilidad (la temperatura basal del cuerpo, el fluido cervical, la posici\u00f3n del c\u00e9rvix y\/o la hormona luteinizante en la orina), puede aumentar la fecundidad por aproximadamente 12 a 20% para parejas tratando de concebir. Nosotros no encontramos evidencia de fecundidad mejorada cuando uno usa alguna aplicaci\u00f3n espec\u00edfica sobre otra. <\/span><\/p>\n<p><a href=\"https:\/\/www.ncbi.nlm.nih.gov\/pmc\/articles\/PMC7213046\/\"><span style=\"font-weight: 400;\">Willis SK, Matthew HM, Wise LA, Hatch EE, Wesselink AK, Rothman KJ, Mahalingaiah S. Menstrual patterns and self-reported hirsutism as assessed via the modified Ferriman-Gallwey scale: A cross-sectional study. Eur J Obstet Gynecol Reprod Biol 2020; 248: 137-143. <\/span><\/a><span style=\"font-weight: 400;\"><\/span><\/p>\n<p><span>El hirsutismo es la presencia de pelo en exceso en una forma masculina, y puede indicar un exceso de los andr\u00f3genos (una hormona). Entre planificadoras de embarazo norteamericanas, caracter\u00edsticas del ciclo menstrual incluyendo la irregularidad de la menstruaci\u00f3n, ciclos largos, y el flujo menstrual denso fueron asociadas con hirsutismo autoinformado.<\/span><\/p>\n<p><a href=\"https:\/\/onlinelibrary.wiley.com\/doi\/abs\/10.1111\/ppe.12702\"><span style=\"font-weight: 400;\">Willis SK, Hatch EE, Wesselink AK, Rothman KJ, Mikkelsen EM, Ahrens KA, Wise LA. Post-partum interval and time to pregnancy in a prospective preconception cohort. Paediatr Perinat Epidemiol 2020; epub ahead of print. <\/span><\/a><span style=\"font-weight: 400;\"><\/span><\/p>\n<p><span>Un intervalo posparto se refiere al tiempo entre dando a luz y tratando de concebir de nuevo. Entre planificadoras de embarazo norteamericanas, intervalos posparto largos (\u226548 meses) fueron asociados con una fecundidad un poco reducida, independientemente de la edad de la mujer. Los intervalos posparto cortos (&lt;12 meses) fueron asociados d\u00e9bilmente con la fecundidad reducida en algunos grupos, incluyendo mujeres con un historial de ces\u00e1rea y embarazos planeados. <\/span><\/p>\n<p><a href=\"https:\/\/www.ncbi.nlm.nih.gov\/pmc\/articles\/PMC8141253\/\"><span style=\"font-weight: 400;\">Wise LA, Wesselink AK, Hatch EE, Weuve J, Murray EJ, Wang TR, Mikkelsen EM, S\u00f8rensen HT, Rothman KJ. Changes in behavior with increasing pregnancy attempt time: a prospective cohort study. Epidemiology 2020; 31: 659\u2013667. <\/span><\/a><span style=\"font-weight: 400;\"><\/span><\/p>\n<p><span>Nosotros evaluamos como las planificadoras de embarazo norteamericanas cambiaron sus comportamientos mientras el tiempo de tratar de quedar embarazada aumentaba. Algunos cambios comunes fueron reducir el consumo de cafe\u00edna, alcohol, y marihuana, y aumentar actividades para mejorar las posibilidades para la concepci\u00f3n (p.ej., pruebas de ovulaci\u00f3n). <\/span><\/p>\n<p><a href=\"https:\/\/www.bmj.com\/content\/371\/bmj.m3966\"><span style=\"font-weight: 400;\">Yland JJ, Bresnick KA, Hatch EE, Wesselink AK, Mikkelsen EM, Rothman KJ, S\u00f8rensen HT, Huybrechts KF, Wise LA. Pregravid contraceptive use and fecundability: prospective cohort study. BMJ 2020; 11: 371:m3966.<\/span><\/a><span style=\"font-weight: 400;\"><\/span><\/p>\n<p><span>Entre planificadoras de embarazo danesas y norteamericanas, el uso de algunos m\u00e9todos anticonceptivos hormonales fueron asociados con retrasos en el regreso de la fertilidad. Los anticonceptivos inyectables ense\u00f1aron el retraso m\u00e1s largo (cinco a ocho ciclos menstruales). Sin embargo, hubo poco efecto duradero del uso de m\u00e9todos anticonceptivos hormonales a largo plazo en la fecundidad. <\/span><a href=\"https:\/\/www.bmj.com\/content\/371\/bmj.m3966\"><span><\/span><\/a><\/p>\n<p><a href=\"https:\/\/muse.jhu.edu\/article\/853219\/pdf?casa_token=913_a3ra6T4AAAAA:rmcU_EmmiGZGyMFB0EzTBxc2sDqiSi_tjj8fQ63NXNy8mRCKy1_ytJyRnNSctkqnDZ6nqgDJzA\">Bond, J. C., Geller, R. J., White, K. O., Hatch, E. E., Rothman, K. J., &amp; Wise, L. A. (2022). Concordance of self-reported sexual intercourse frequency between members of mixed-sex couples attempting conception.\u00a0<em>The Canadian Journal of Human Sexuality<\/em>, (aop), e20210059.<\/a><\/p>\n<p>Encontramos diferencias importantes en los informes de frecuencia de relaciones sexuales entre miembros masculinos y femeninos de parejas inscritas en PRESTO. Los factores de relaci\u00f3n, incluido el hecho de estar soltero y una relaci\u00f3n m\u00e1s larga, fueron asociados con m\u00e1s desacuerdos entre los informes. Tambi\u00e9n descubrimos que cuando las estimaciones de las parejas no coincid\u00edan, las parejas femeninas ten\u00edan doble probabilidad de informar relaciones sexuales m\u00e1s frecuentes que sus parejas.<\/p>\n<p><a href=\"https:\/\/pubmed.ncbi.nlm.nih.gov\/39374749\/\">Bond, J. C., Heaton, B., White, K. O., Abrams, J. A., Kuohung, W., Fisher, R. R., Wesselink, A. K., Fox, M. P., &amp; Wise, L. A. (2024). Female sexual function and distress and time-to-pregnancy in a prospective preconception cohort.\u00a0<em>American journal of obstetrics and gynecology<\/em>, S0002-9378(24)01048-2. Advance online publication. https:\/\/doi.org\/10.1016\/j.ajog.2024.09.117<\/a><\/p>\n<p>La disfunci\u00f3n sexual en la etapa preconcepcional, espec\u00edficamente el malestar emocional y la frecuencia de relaciones sexuales dolorosas, se asoci\u00f3 con una concepci\u00f3n tard\u00eda. La evaluaci\u00f3n cl\u00ednica de la funci\u00f3n sexual durante la etapa preconcepcional, incluyendo la discusi\u00f3n de los distintos dominios de la funci\u00f3n sexual, puede ayudar a identificar problemas importantes y modificables.<\/p>\n","protected":false},"excerpt":{"rendered":"<p>Publicaciones debajo de \u2018Factores Reproductivos\u2019 examinan la asociaci\u00f3n de caracter\u00edsticas, intervenciones, y conciencia sobre la salud sexual y reproductiva con la fertilidad y los resultados reproductivos. Wise LA, Mikkelsen EM, Rothman KJ, Riis AH, S\u00f8rensen HT, Huybrechts KF, Hatch EE. A prospective cohort study of menstrual characteristics and time to pregnancy. Am J Epidemiol 2011; [&hellip;]<\/p>\n","protected":false},"author":17497,"featured_media":0,"parent":158,"menu_order":9,"comment_status":"closed","ping_status":"closed","template":"","meta":[],"_links":{"self":[{"href":"https:\/\/sites.bu.edu\/presto-spanish\/wp-json\/wp\/v2\/pages\/2119"}],"collection":[{"href":"https:\/\/sites.bu.edu\/presto-spanish\/wp-json\/wp\/v2\/pages"}],"about":[{"href":"https:\/\/sites.bu.edu\/presto-spanish\/wp-json\/wp\/v2\/types\/page"}],"author":[{"embeddable":true,"href":"https:\/\/sites.bu.edu\/presto-spanish\/wp-json\/wp\/v2\/users\/17497"}],"replies":[{"embeddable":true,"href":"https:\/\/sites.bu.edu\/presto-spanish\/wp-json\/wp\/v2\/comments?post=2119"}],"version-history":[{"count":5,"href":"https:\/\/sites.bu.edu\/presto-spanish\/wp-json\/wp\/v2\/pages\/2119\/revisions"}],"predecessor-version":[{"id":2260,"href":"https:\/\/sites.bu.edu\/presto-spanish\/wp-json\/wp\/v2\/pages\/2119\/revisions\/2260"}],"up":[{"embeddable":true,"href":"https:\/\/sites.bu.edu\/presto-spanish\/wp-json\/wp\/v2\/pages\/158"}],"wp:attachment":[{"href":"https:\/\/sites.bu.edu\/presto-spanish\/wp-json\/wp\/v2\/media?parent=2119"}],"curies":[{"name":"wp","href":"https:\/\/api.w.org\/{rel}","templated":true}]}}