{"id":31,"date":"2014-05-22T13:23:35","date_gmt":"2014-05-22T17:23:35","guid":{"rendered":"https:\/\/sites.bu.edu\/patt\/?page_id=31"},"modified":"2021-10-11T15:43:12","modified_gmt":"2021-10-11T19:43:12","slug":"resources","status":"publish","type":"page","link":"https:\/\/sites.bu.edu\/patt\/resources\/","title":{"rendered":"Resources"},"content":{"rendered":"<h3>Publications &#038; Results<\/h3>\n<h4><strong>Carballo, David M.<\/strong><\/h4>\n<p><strong>2013<\/strong> The Social Organization of Craft Production and Interregional Exchange at Teotihuacan.  In <em>Merchants, Markets, and Exchange in the Pre-Columbian World<\/em>, edited by Kenneth G. Hirth and Joanne Pillsbury, pp. 113-140.  Dumbarton Oaks and Trustees for Harvard University, Washington, D.C.<br \/>\n<a href=\"\/patt\/files\/2014\/06\/Carballo2013_Merchants.pdf\" target=\"_blank\" rel=\"noopener noreferrer\">Download PDF of article<\/a><\/p>\n<p><strong>2011<\/strong> Advances in the Household Archaeology of Highland Mesoamerica.  Journal of Archaeological Research 19: 133-189.<br \/>\n<a href=\"\/patt\/files\/2014\/06\/Carballo_2011_households.pdf\" target=\"_blank\" rel=\"noopener noreferrer\">Download PDF of article<\/a><\/p>\n<h3>Bibliography of selected, relevant works<\/h3>\n<p><a href=\"\/patt\/files\/2014\/06\/PATT_bibliography1.pdf\" target=\"_blank\" rel=\"noopener noreferrer\">Download PDF of selected bibliography<\/a><\/p>\n<h4><strong>Cowgill, George L.<\/strong><\/h4>\n<p><strong>1997<\/strong> State and Society at Teotihuacan. <em>Annual Review of Anthropology<\/em> 26:126-161.<br \/>\n<strong>2000<\/strong> Intentionality and Meaning in the Layout of Teotihuacan, Mexico. <em>Cambridge Archaeological Journal<\/em> 10(2):358-365.<br \/>\n<strong>2003<\/strong> Teotihuacan: Cosmic Glories and Mundane Needs. In <em>The Social Construction of Ancient Cities<\/em>, edited by Monica L. Smith, pp. 37-55. Smithsonian Books, Washington, D.C.<br \/>\n<strong>2008<\/strong> An Update on Teotihuacan. <em>Antiquity<\/em> 82:962-975<\/p>\n<h4><strong>G\u00f3mez Ch\u00e1vez, Sergio<\/strong><\/h4>\n<p><strong>2012<\/strong> Structure and Organization of Neighborhoods in the Ancient City of Teotihuacan. In <em>The Neighborhood as a Social and Spatial Unit in Mesoamerican Cities<\/em>, edited by M. Charlotte Arnauld, Linda R. Manzanilla, and Michael E. Smith, pp. 74-101. University of Arizona Press, Tucson.<\/p>\n<h4><strong>Headrick, Annabeth<\/strong><\/h4>\n<p><strong>1999<\/strong> The Street of the Dead&#8230;It Really Was: Mortuary Bundles at Teotihuacan. <em>Ancient Mesoamerica<\/em> 10:69-85.<\/p>\n<h4><strong>Manzanilla, Linda R.<\/strong><\/h4>\n<p><strong>2007<\/strong> La unidad dom\u00e9stica y las unidades de producci\u00f3n. Propuesta interdisciplinaria de estudio. <em>Memoria 2007, El Colegio Nacional<\/em>:415-451.<br \/>\n<strong>2009<\/strong> Corporate Life in Apartment and Barrio Compounds at Teotihuacan, Central Mexico: Craft Specialization, Hierarchy, and Ethnicity. <em>In Domestic Life in Prehispanic Capitals: A Study of Specialization, Hierarchy, and Ethnicity<\/em>, edited by Linda R. Manzanilla and Claude Chapdelaine, pp. 21-42. Museum of Anthropology, University of Michigan, Ann Arbor.<br \/>\n<strong>2012<\/strong> Neighborhoods and Elite \u201cHouses\u201d at Teotihuacan, Central Mexico. In <em>The Neighborhood as a Social and Spatial Unit in Mesoamerican Cities<\/em>, edited by M. Charlotte Arnauld, Linda R. Manzanilla, and Michael E. Smith, pp. 55-73. University of Arizona Press, Tucson.<\/p>\n<h4><strong>Manzanilla, Linda, and Kenneth G. Hirth (eds.)<\/strong><\/h4>\n<p><strong>2011<\/strong> <em>Producci\u00f3n artisanal y especializada en Mesoam\u00e9rica: \u00c1reas de actividad y procesos productivos.<\/em> INAH and UNAM, Mexico City.<\/p>\n<h4><strong>Millon, Ren\u00e9<\/strong><\/h4>\n<p><strong>1973<\/strong> <em>Urbanization at Teotihuc\u00e1n, Mexico, Vol. I, Part 1: The Teotihuacan Map: Text<\/em>. University of Texas Press, Austin.<br \/>\n<strong>1976<\/strong> Social Relations in Ancient Teotihuacan. In <em>The Valley of Mexico: Studies in Pre-Hispanic Ecology and Society<\/em>, edited by Eric R. Wolf, pp. 205-248. University of New Mexico Press, Albuquerque.<br \/>\n<strong>1981<\/strong> Teotihuacan: City, State, and Civilization. In <em>Supplement to the Handbook of Middle American Indians, Vol. 1, Archaeology<\/em>, edited by Jeremy Sabloff, pp. 198-243. University of Texas Press, Austin.<br \/>\n<strong>1992<\/strong> Teotihuacan Studies: From 1950 to 1990 and Beyond. In <em>Art, Ideology, and the City of Teotihuacan<\/em>, edited by Janet Catherine Berlo, pp. 339-429. Dumbarton Oaks, Washington D.C.<\/p>\n<h4><strong>Nichols, Deborah L.<\/strong><\/h4>\n<p><strong>1988<\/strong> Infrared Aerial Photography and Prehispanic Irrigation at Teotihuac\u00e1n: The Tlajinga Canals. <em>Journal of Field Archaeology<\/em> 15(1):17-27.<\/p>\n<h4><strong>Robertson, Ian G.<\/strong><\/h4>\n<p><strong>2005<\/strong> Patrones diacr\u00f3nicos en la constituci\u00f3n de los vecindarios teotihuacanos. In <em>Arquitectura y urbanismo: pasado y presente de los espacios en Teotihuacan<\/em>. Maria Elena Ruiz Gallut and Jesus Torres Peralta, eds., pp. 277-294. Mexico City: Instituto Nacional de Antropolog\u00eda e Historia.<\/p>\n<h4><strong>Santley, Robert S., and Kenneth G. Hirth (eds.)<\/strong><\/h4>\n<p><strong>1993<\/strong> <em>Prehispanic Domestic Units in Western Mesoamerica: Studies of the Household, Compound, and Residence<\/em>. CRC Press, Boca Raton, FL.<\/p>\n<h4><strong>Sheehy, James J.<\/strong><\/h4>\n<p><strong>1992<\/strong> Ceramic Production in Ancient Teotihuacan, Mexico: A Case Study of Tlajinga 33. Unpublished doctoral dissertation, Department of Anthropology, The Pennsylvania State University, University Park.<\/p>\n<h4><strong>Smith, Michael E.<\/strong><\/h4>\n<p><strong>2010a<\/strong> Sprawl, Squatters and Sustainable Cities: Can Archaeological Data Shed Light on Modern Urban Issues? <em>Cambridge Archaeological Journal<\/em> 20(2):229\u2013253.<br \/>\n<strong>2010b<\/strong> The Archaeological Study of Neighborhoods and Districts in Ancient Cities.<em> Journal of Anthropological Archaeology<\/em> 29:137-154.<\/p>\n<h4><strong>Smith, Michael E., and Juliana Novic<\/strong><\/h4>\n<p><strong>2012<\/strong> Introduction: Neighborhoods and Districts in Ancient Mesoamerica. In <em>The Neighborhood as a Social and Spatial Unit in Mesoamerican Cities<\/em>, edited by M. Charlotte Arnauld, Linda R. Manzanilla, and Michael E. Smith, pp. 1-26. University of Arizona Press, Tucson.<\/p>\n<h4><strong>Spence, Michael W<\/strong><\/h4>\n<p><strong>1981<\/strong> Obsidian Production and the State in Teotihuacan. <em>American Antiquity<\/em> 46(4):769-788.<\/p>\n<h4><strong>Spence, Michael W., White, Christine D., Rattray, Evelyn Childs, and Longstaffe, Fred J.<\/strong><\/h4>\n<p><strong>2005<\/strong> Past Lives in Different Places: The Origins and Relationships of Teotihuacan\u2019s Foreign Residents. In <em>Settlement, Subsistence, and Social Complexity: Essays Honoring the Legacy of Jeffrey R. Parsons<\/em>, edited by Richard E. Blanton, pp. 155-197. Los Angeles: Cotsen Institue of Archaeology Press, UCLA.<\/p>\n<h4><strong>Storey, Rebecca<\/strong><\/h4>\n<p><strong>1992<\/strong> <em>Life and Death in the Ancient City of Teotihuacan<\/em>. University of Alabama Press, Tuscaloosa.<br \/>\n<strong>2006<\/strong> Mortality through Time in an Impoverished Residence of the Precolumbian City of Teotihuacan: A Paleodemographic View. In <em>Urbanism in the Preindustrial World: Cross-Cultural Approaches<\/em>, edited by Glenn R. Storey, pp. 277-294. University of Alabama Press, Tuscaloosa.<\/p>\n<h4><strong>Storey, Rebecca, Lourdes M\u00e1rquez-Morf\u00edn, and Luis F. N\u00fa\u00f1ez<\/strong><\/h4>\n<p><strong>2012<\/strong> Teotihuacan Neighborhoods and the Health of Residents: The Risks of Preindustrial Urban Living In <em>The Neighborhood as a Social and Spatial Unit in Mesoamerican Cities<\/em>, edited by M. Charlotte Arnauld, Linda R. Manzanilla, and Michael E. Smith, pp. 117-131. University of Arizona Press, Tucson.<\/p>\n<h4><strong>Sugiyama, Saburo<\/strong><\/h4>\n<p><strong>2010<\/strong> Teotihuacan City Layout as a Cosmogram: Preliminary Results of the 2007 Measurement Unit Study. In <em>The Archaeology of Measurement: Comprehending Heaven, Earth, and Time in Ancient Societies<\/em>, edited by Iain Morley and Colin Renfrew, pp. 130-149. Cambridge University Press, Cambridge.<\/p>\n<h4><strong>Sullivan, Kristin S.<\/strong><\/h4>\n<p><strong>2006<\/strong> Specialized Production of San Mart\u00edn Orange Ware at Teotihuacan, Mexico. <em>Latin American Antiquity<\/em> 17:23-53.<\/p>\n<h4><strong>White, Christine D., Rebecca Storey, Fred J. Longstaffe, and Michael W. Spence<\/strong><\/h4>\n<p><strong>2004<\/strong> Assimilation, and Status in the Ancient City of Teotihuacan: Stable Isotopic Evidence from Tlajinga 33. <em>Latin American Antiquity<\/em> 15(2):176-198.<\/p>\n<h4><strong>Widmer, Randolph J.<\/strong><\/h4>\n<p><strong>1991<\/strong> Lapidary Craft Specialization at Teotihuacan: Implications for Community Structure at 33:S3W1 and Economic Organization in the City. <em>Ancient Mesoamerica<\/em> 2: 131-147.<\/p>\n<h4><strong>Widmer, Randolph J. and Storey, Rebecca.<\/strong><\/h4>\n<p><strong>1993<\/strong> Social organization and household structure of a Teotihuac\u00e1n Apartment Compound: S3W1:33 of the Tlajinga Barrio. In <em>Prehispanic Domestic Units in Western Mesoamerica: Studies of the Household, Compound, and Residence<\/em>, edited by Robert S. Santley and Kenneth G. Hirth, eds., pp. 87-104. CRC Press, Boca Raton, FL.<br \/>\n<strong>2012<\/strong> The \u201cTlajinga Barrio\u201d: A Distinctive Cluster of Neighborhoods in Teotihuacan. In <em>The Neighborhood as a Social and Spatial Unit in Mesoamerican Cities<\/em>, edited by M. Charlotte Arnauld, Linda R. Manzanilla, and Michael E. Smith, pp. 102-116. University of Arizona Press, Tucson.<\/p>\n","protected":false},"excerpt":{"rendered":"<p>Publications &#038; Results Carballo, David M. 2013 The Social Organization of Craft Production and Interregional Exchange at Teotihuacan. In Merchants, Markets, and Exchange in the Pre-Columbian World, edited by Kenneth G. Hirth and Joanne Pillsbury, pp. 113-140. Dumbarton Oaks and Trustees for Harvard University, Washington, D.C. Download PDF of article 2011 Advances in the Household [&hellip;]<\/p>\n","protected":false},"author":7952,"featured_media":0,"parent":0,"menu_order":6,"comment_status":"closed","ping_status":"closed","template":"","meta":[],"_links":{"self":[{"href":"https:\/\/sites.bu.edu\/patt\/wp-json\/wp\/v2\/pages\/31"}],"collection":[{"href":"https:\/\/sites.bu.edu\/patt\/wp-json\/wp\/v2\/pages"}],"about":[{"href":"https:\/\/sites.bu.edu\/patt\/wp-json\/wp\/v2\/types\/page"}],"author":[{"embeddable":true,"href":"https:\/\/sites.bu.edu\/patt\/wp-json\/wp\/v2\/users\/7952"}],"replies":[{"embeddable":true,"href":"https:\/\/sites.bu.edu\/patt\/wp-json\/wp\/v2\/comments?post=31"}],"version-history":[{"count":5,"href":"https:\/\/sites.bu.edu\/patt\/wp-json\/wp\/v2\/pages\/31\/revisions"}],"predecessor-version":[{"id":808,"href":"https:\/\/sites.bu.edu\/patt\/wp-json\/wp\/v2\/pages\/31\/revisions\/808"}],"wp:attachment":[{"href":"https:\/\/sites.bu.edu\/patt\/wp-json\/wp\/v2\/media?parent=31"}],"curies":[{"name":"wp","href":"https:\/\/api.w.org\/{rel}","templated":true}]}}