{"id":16,"date":"2014-01-23T13:39:51","date_gmt":"2014-01-23T18:39:51","guid":{"rendered":"https:\/\/sites.bu.edu\/patt-es\/?page_id=16"},"modified":"2024-11-17T19:34:43","modified_gmt":"2024-11-18T00:34:43","slug":"publications","status":"publish","type":"page","link":"https:\/\/sites.bu.edu\/patt-es\/recursos\/publications\/","title":{"rendered":"Publicaciones y Reportes"},"content":{"rendered":"<p>INFORMES<\/p>\n<p><a href=\"\/patt-es\/files\/2023\/02\/PATT2012_Informe.pdf\">PATT 2012 Informe<\/a><\/p>\n<p><a href=\"\/patt-es\/files\/2023\/02\/Informe_PATT2013_Carballo_Barba.pdf\">PATT 2013 Informe<\/a><\/p>\n<p><a href=\"\/patt-es\/files\/2023\/02\/PATT_Informe2015.pdf\">PATT 2015 Informe<\/a><\/p>\n<p><a href=\"\/patt-es\/files\/2023\/02\/PATT_Informe2016.pdf\">PATT 2016 Informe<\/a><\/p>\n<p><a href=\"\/patt-es\/files\/2023\/02\/PATT-Informe-2019.pdf\">PATT 2019 Informe<\/a><\/p>\n<p>&nbsp;<\/p>\n<p>PUBLICACIONES<\/p>\n<h4><strong>Blancas, Jorge, Luis Barba, Agust\u00edn Ortiz, Jorge Blancas, Guillermo Acosta, Andr\u00e9s G. Mej\u00eda Ram\u00f3n, and David M. Carballo<\/strong><\/h4>\n<p><strong>2019<\/strong> Estudio de conjuntos departamentales y organizaci\u00f3n de barrios utilizando sensores remotos y geof\u00edsica en el distrito de Tlajinga, Teotihuacan. Ancient Mesoamerica 30: 115-128.<br \/>\n<a href=\"https:\/\/www.cambridge.org\/core\/journals\/ancient-mesoamerica\/article\/estudio-de-conjuntos-departamentales-y-organizacion-de-barrios-utilizando-sensores-remotos-y-geofisica-en-el-distrito-de-tlajinga-teotihuacan\/388CBE220759CF63E6B09AC931975968\">Blancas et al. 2019<\/a><\/p>\n<h4><strong>Carballo, David M.<\/strong><\/h4>\n<p><strong>2019<\/strong> Urban Life on Teotihuacan\u2019s Periphery: New Research at the Tlajinga District. Ancient Mesoamerica 30: 91-94.<br \/>\n<a href=\"https:\/\/www.cambridge.org\/core\/journals\/ancient-mesoamerica\/article\/urban-life-on-teotihuacans-periphery-new-research-at-the-tlajinga-district\/6F065AAC6AC9A14257A8BF2F2024ACEA\">Carballo 2019<\/a><\/p>\n<p><strong>2017<\/strong> Daily Life in Teotihuacan\u2019s Southern Periphery: The Tlajinga District. In Teotihuacan: City of Water, City of Fire, edited by Matthew H. Robb, pp. 124-129. Fine Arts Museums of San Francisco and University of California Press, San Francisco.<\/p>\n<p><strong>2013<\/strong>\u00a0The Social Organization of Craft Production and Interregional Exchange at Teotihuacan. In\u00a0<em>Merchants, Markets, and Exchange in the Pre-Columbian World<\/em>, edited by Kenneth G. Hirth and Joanne Pillsbury, pp. 113-140. Dumbarton Oaks and Trustees for Harvard University, Washington, D.C.<br \/>\n<a href=\"\/patt-es\/files\/2014\/10\/Carballo2013_Merchants.pdf\">Carballo 2013<\/a><\/p>\n<p><strong>2011<\/strong>\u00a0Advances in the Household Archaeology of Highland Mesoamerica. <i>Journal of Archaeological Research<\/i> 19: 133-189.<br \/>\n<a href=\"\/patt-es\/files\/2014\/10\/Carballo_2011_households.pdf\">Carballo 2011<\/a><\/p>\n<h4><strong>Carballo, David M., and Luis Barba<\/strong><\/h4>\n<p><strong>2014<\/strong>\u00a0Se descubre una m\u00e1scara de piedra en Tlajinga, Teotihuacan, estado de M\u00e9xico. \u00a0<i>Arqueolog\u00eda Mexicana<\/i>\u00a0129: 10.<br \/>\n<a href=\"\/patt-es\/files\/2014\/10\/Carballo_Barba_2014.pdf\">Carballo_Barba_2014<\/a><\/p>\n<p><strong>Carballo, David M., Luis Barba, Agust\u00edn Ort\u00edz, Jorge Blancas, Daniela Hern\u00e1ndez Sari\u00f1ana, Maria Codlin, Alfredo Saucedo, and Gloria Dolores Torres Rodr\u00edguez<\/strong><\/p>\n<p><strong>2021<\/strong> Excavations at the Southern Neighborhood Center of the Tlajinga District, Teotihuacan, Mexico.\u00a0 <em>Latin American Antiquity<\/em> 32(3):557-576.<\/p>\n<p><a href=\"\/patt-es\/files\/2023\/02\/Carballo_etal_2021-1.pdf\">Carballo_etal_2021<\/a><\/p>\n<p><strong>Carballo, David M., Kenneth G. Hirth, and Daniela Hern\u00e1ndez Sari\u00f1ana<\/strong><\/p>\n<p><strong>2024<\/strong> Excavaciones del Proyecto Arqueol\u00f3gico Tlajinga, Teotihuacan, 2013-2014.\u00a0 In <em>Homenaje a Rub\u00e9n Cabrera Castro: 50 a\u00f1os de trayectoria<\/em>, edited by Ver\u00f3nica Ortega Cabrera, pp. 183-211.\u00a0 Instituto Nacional de Antropolog\u00eda e Historia, Mexico City.<\/p>\n<p><a href=\"\/patt-es\/files\/2024\/11\/Carballo_Hirth_Hernandez_2024.pdf\">Carballo_Hirth_Hernandez_2024<\/a><\/p>\n<h4><strong>Carballo, David M., Kenneth G. Hirth, Daniela Hern\u00e1ndez Sari\u00f1ana, Gina M. Buckley, Andr\u00e9s G. Mej\u00eda Ram\u00f3n, and Douglas J. Kennett<\/strong><\/h4>\n<p><strong>2019<\/strong> New Research at Teotihuacan\u2019s Tlajinga District, 2012-2015. Ancient Mesoamerica 30: 95-113.<br \/>\n<a href=\"https:\/\/www.cambridge.org\/core\/journals\/ancient-mesoamerica\/article\/new-research-at-teotihuacans-tlajinga-district-20122015\/D5DF705ED169E79AB023FAA79F320569\">Carballo et al. 2019<\/a><\/p>\n<h4><strong>Hirth, Kenneth G., David M. Carballo, Mark Dennison, Sean Carr, Sarah Imfeld, and Eric Dyrdahl<\/strong><\/h4>\n<p><strong>2019<\/strong> Excavation of an Obsidian Craft Workshop at Teotihuacan, Mexico. Ancient Mesoamerica 30: 163-179.<br \/>\n<a href=\"https:\/\/www.cambridge.org\/core\/journals\/ancient-mesoamerica\/article\/excavation-of-an-obsidian-craft-workshop-at-teotihuacan-mexico\/7B5C11FC597CA0454561F3726E1E1D4B\">Hirth et al. 2019<\/a><\/p>\n<h4><strong>Stahlschmidt, Mareike C., Emily McClung de Tapia, and Ma. del Carmen Guti\u00e9rrez-Castorena<\/strong><\/h4>\n<p><strong>2019<\/strong> A Geoarchaeological Investigation of the Street of the Dead at the Tlajinga District, Teotihuacan, Mexico. Ancient Mesoamerica 30: 129-145.<br \/>\n<a href=\"https:\/\/www.cambridge.org\/core\/journals\/ancient-mesoamerica\/article\/geoarchaeological-investigation-of-the-street-of-the-dead-at-the-tlajinga-district-teotihuacan-mexico\/663E128BEBB59A07B0F90F2284613ED5\">Stahlschmidt et al. 2019<\/a><\/p>\n<h4><strong>Storey, Rebecca, Gina M. Buckley, and Douglas J. Kennett<\/strong><\/h4>\n<p><strong>2019<\/strong> Residential Burial Along the Southern Street of the Dead: Skeletons and Isotopes. Ancient Mesoamerica 30: 147-161.<br \/>\n<a href=\"https:\/\/www.cambridge.org\/core\/journals\/ancient-mesoamerica\/article\/residential-burial-along-the-southern-street-of-the-dead-skeletons-and-isotopes\/4ABCC3CBA40F5D683DEB99CA009318FF\">Storey et al. 2019<\/a><\/p>\n<h4><strong>Wade, Lizzie<\/strong><\/h4>\n<p><strong>2014<\/strong>\u00a0Ancient Urbanites. \u00a0<i>American Archaeology<\/i> 18(4): 26-31.<br \/>\n<a href=\"\/patt\/files\/2014\/12\/Wade2014_Ancient_Urbanites.pdf\">Wade2014<\/a><\/p>\n<h4><strong>Widmer, Randolph J.<\/strong><\/h4>\n<p><strong>2019<\/strong> Lapidary Craft Production at 17:S3E1 and 18:S3E1, the Tlajinga District, Teotihuacan. Ancient Mesoamerica 30: 181-197.<br \/>\n<a href=\"https:\/\/www.cambridge.org\/core\/journals\/ancient-mesoamerica\/article\/lapidary-craft-production-at-17s3e1-and-18s3e1-the-tlajinga-district-teotihuacan\/E1BDF5FB8472FC9383CF84B99AFD5D16\">Widmer 2019<\/a><\/p>\n<h4><strong>Zorich, Zach<\/strong><\/h4>\n<p><strong>2019<\/strong> Life in the City of the Gods. Archaeology, Nov\/Dec, pp. 24-31.<br \/>\n<a href=\"\/patt\/files\/2019\/10\/Archaeology.LifeinthecityoftheGods.pdf\">Zorich 2019<\/a><\/p>\n<p>&nbsp;<\/p>\n","protected":false},"excerpt":{"rendered":"<p>INFORMES PATT 2012 Informe PATT 2013 Informe PATT 2015 Informe PATT 2016 Informe PATT 2019 Informe &nbsp; PUBLICACIONES Blancas, Jorge, Luis Barba, Agust\u00edn Ortiz, Jorge Blancas, Guillermo Acosta, Andr\u00e9s G. Mej\u00eda Ram\u00f3n, and David M. Carballo 2019 Estudio de conjuntos departamentales y organizaci\u00f3n de barrios utilizando sensores remotos y geof\u00edsica en el distrito de Tlajinga, [&hellip;]<\/p>\n","protected":false},"author":7952,"featured_media":0,"parent":31,"menu_order":1,"comment_status":"closed","ping_status":"closed","template":"","meta":[],"_links":{"self":[{"href":"https:\/\/sites.bu.edu\/patt-es\/wp-json\/wp\/v2\/pages\/16"}],"collection":[{"href":"https:\/\/sites.bu.edu\/patt-es\/wp-json\/wp\/v2\/pages"}],"about":[{"href":"https:\/\/sites.bu.edu\/patt-es\/wp-json\/wp\/v2\/types\/page"}],"author":[{"embeddable":true,"href":"https:\/\/sites.bu.edu\/patt-es\/wp-json\/wp\/v2\/users\/7952"}],"replies":[{"embeddable":true,"href":"https:\/\/sites.bu.edu\/patt-es\/wp-json\/wp\/v2\/comments?post=16"}],"version-history":[{"count":26,"href":"https:\/\/sites.bu.edu\/patt-es\/wp-json\/wp\/v2\/pages\/16\/revisions"}],"predecessor-version":[{"id":728,"href":"https:\/\/sites.bu.edu\/patt-es\/wp-json\/wp\/v2\/pages\/16\/revisions\/728"}],"up":[{"embeddable":true,"href":"https:\/\/sites.bu.edu\/patt-es\/wp-json\/wp\/v2\/pages\/31"}],"wp:attachment":[{"href":"https:\/\/sites.bu.edu\/patt-es\/wp-json\/wp\/v2\/media?parent=16"}],"curies":[{"name":"wp","href":"https:\/\/api.w.org\/{rel}","templated":true}]}}