{"id":36,"date":"2018-09-17T14:54:45","date_gmt":"2018-09-17T18:54:45","guid":{"rendered":"https:\/\/sites.bu.edu\/otonomadrid2018\/?page_id=36"},"modified":"2018-12-13T15:08:22","modified_gmt":"2018-12-13T20:08:22","slug":"rachel","status":"publish","type":"page","link":"https:\/\/sites.bu.edu\/otonomadrid2018\/nuestros-blogs\/rachel\/","title":{"rendered":"Rachel"},"content":{"rendered":"<p>Me llamo Rachel Bella Horowitz, y nac\u00ed el veintitr\u00e9s de febrero en Ft. Pierce, Florida. Viv\u00ed en la Florida toda mi vida, hasta mudarme a Chicago para asistir a la Universidad de Northwestern. Siempre sab\u00eda que era una \u201cchica de la ciudad\u201d en mi coraz\u00f3n, pero despu\u00e9s de vivir en una ciudad durante dos a\u00f1os, estoy segura de que nunca voy a vivir en un peque\u00f1o pueblo otra vez. Me encanta la moda, la fotograf\u00eda, viajar, comer comida deliciosa y pasar tiempo con amigos y familia. Durante el tiempo que puedo recordar, siempre he querido ser una abogada de entretenimiento y despu\u00e9s de la Universidad, quiero asistir a la escuela de derecho.<\/p>\n<p><a href=\"https:\/\/sites.bu.edu\/otonomadrid2018\/2018\/10\/09\/una-experiencia-en-el-funicular\/\" target=\"_blank\" rel=\"noopener\"><strong>Una experiencia en el funicular<\/strong><\/a><\/p>\n<p><a href=\"https:\/\/sites.bu.edu\/otonomadrid2018\/2018\/10\/16\/mercado-de-motores\/\" target=\"_blank\" rel=\"noopener\"><strong>Mercado de Motores<\/strong><\/a><\/p>\n<p><a href=\"https:\/\/sites.bu.edu\/otonomadrid2018\/2018\/11\/05\/reunirme-con-una-vieja-amiga\/\" target=\"_blank\" rel=\"noopener\"><strong>Reunirme con una vieja amiga<\/strong><\/a><\/p>\n<p><a href=\"https:\/\/sites.bu.edu\/otonomadrid2018\/2018\/11\/11\/halloween-en-madrid\/\" target=\"_blank\" rel=\"noopener\"><strong>Halloween en Madrid<\/strong><\/a><\/p>\n<p><a href=\"https:\/\/sites.bu.edu\/otonomadrid2018\/2018\/11\/30\/el-dia-de-accion-de-gracias-en-madrid\/\" target=\"_blank\" rel=\"noopener\"><strong>El D\u00eda de Acci\u00f3n de Gracias en Madrid<\/strong><\/a><\/p>\n<p><a href=\"https:\/\/sites.bu.edu\/otonomadrid2018\/2018\/12\/13\/un-partido-del-real-madrid\/\" target=\"_blank\" rel=\"noopener\"><strong>Un partido del Real Madrid<\/strong><\/a><\/p>\n","protected":false},"excerpt":{"rendered":"<p>Me llamo Rachel Bella Horowitz, y nac\u00ed el veintitr\u00e9s de febrero en Ft. Pierce, Florida. Viv\u00ed en la Florida toda mi vida, hasta mudarme a Chicago para asistir a la Universidad de Northwestern. Siempre sab\u00eda que era una \u201cchica de la ciudad\u201d en mi coraz\u00f3n, pero despu\u00e9s de vivir en una ciudad durante dos a\u00f1os, [&hellip;]<\/p>\n","protected":false},"author":5659,"featured_media":0,"parent":19,"menu_order":5,"comment_status":"closed","ping_status":"closed","template":"","meta":[],"_links":{"self":[{"href":"https:\/\/sites.bu.edu\/otonomadrid2018\/wp-json\/wp\/v2\/pages\/36"}],"collection":[{"href":"https:\/\/sites.bu.edu\/otonomadrid2018\/wp-json\/wp\/v2\/pages"}],"about":[{"href":"https:\/\/sites.bu.edu\/otonomadrid2018\/wp-json\/wp\/v2\/types\/page"}],"author":[{"embeddable":true,"href":"https:\/\/sites.bu.edu\/otonomadrid2018\/wp-json\/wp\/v2\/users\/5659"}],"replies":[{"embeddable":true,"href":"https:\/\/sites.bu.edu\/otonomadrid2018\/wp-json\/wp\/v2\/comments?post=36"}],"version-history":[{"count":7,"href":"https:\/\/sites.bu.edu\/otonomadrid2018\/wp-json\/wp\/v2\/pages\/36\/revisions"}],"predecessor-version":[{"id":576,"href":"https:\/\/sites.bu.edu\/otonomadrid2018\/wp-json\/wp\/v2\/pages\/36\/revisions\/576"}],"up":[{"embeddable":true,"href":"https:\/\/sites.bu.edu\/otonomadrid2018\/wp-json\/wp\/v2\/pages\/19"}],"wp:attachment":[{"href":"https:\/\/sites.bu.edu\/otonomadrid2018\/wp-json\/wp\/v2\/media?parent=36"}],"curies":[{"name":"wp","href":"https:\/\/api.w.org\/{rel}","templated":true}]}}