{"id":33,"date":"2018-09-17T14:53:05","date_gmt":"2018-09-17T18:53:05","guid":{"rendered":"https:\/\/sites.bu.edu\/otonomadrid2018\/?page_id=33"},"modified":"2018-12-04T14:46:49","modified_gmt":"2018-12-04T19:46:49","slug":"julisa","status":"publish","type":"page","link":"https:\/\/sites.bu.edu\/otonomadrid2018\/nuestros-blogs\/julisa\/","title":{"rendered":"Julisa"},"content":{"rendered":"<p>\u00a1Hola! Me llamo Julisa Curet. Describirme a m\u00ed misma es muy dif\u00edcil porque hay muchas partes de mi personalidad que siempre se est\u00e1n desarrollando. Pero lo que puedo decir es que soy una persona dispuesta a probar diferentes y nuevas cosas. Alguien que no deja que el miedo controle mi vida, sino que al contrario me motiva. Soy una persona muy pensativa, me gusta analizar situaciones y personas porque s\u00e9 que la vida no es blanco y negro. Si queremos hablar de datos, soy una estudiante universitaria de primera generaci\u00f3n. Soy boricua, nativa de Boston y estudio Psicolog\u00eda en <em>Boston University.<\/em><\/p>\n<p><a href=\"https:\/\/sites.bu.edu\/otonomadrid2018\/2018\/10\/05\/el-museo-del-prado\/\" target=\"_blank\" rel=\"noopener\"><strong>El museo del Prado<\/strong><\/a><\/p>\n<p><a href=\"https:\/\/sites.bu.edu\/otonomadrid2018\/2018\/10\/16\/cine-renoir-princesa\/\" target=\"_blank\" rel=\"noopener\"><strong>Cine Renoir Princesa<\/strong><\/a><\/p>\n<p><a href=\"https:\/\/sites.bu.edu\/otonomadrid2018\/2018\/11\/05\/mi-practica\/\" target=\"_blank\" rel=\"noopener\"><strong>Mi Pr\u00e1ctica<\/strong><\/a><\/p>\n<p><a href=\"https:\/\/sites.bu.edu\/otonomadrid2018\/2018\/11\/11\/la-mordida\/\" target=\"_blank\" rel=\"noopener\"><strong>La Mordida<\/strong><\/a><\/p>\n<p><a href=\"https:\/\/sites.bu.edu\/otonomadrid2018\/2018\/11\/30\/mercado-de-motores-2\/\" target=\"_blank\" rel=\"noopener\"><strong>Mercado de Motores<\/strong><\/a><\/p>\n<p><a href=\"https:\/\/sites.bu.edu\/otonomadrid2018\/2018\/12\/04\/la-gran-sorpresa-el-retiro\/\" target=\"_blank\" rel=\"noopener\"><strong>La Gran Sorpresa; El Retiro<\/strong><\/a><\/p>\n","protected":false},"excerpt":{"rendered":"<p>\u00a1Hola! Me llamo Julisa Curet. Describirme a m\u00ed misma es muy dif\u00edcil porque hay muchas partes de mi personalidad que siempre se est\u00e1n desarrollando. Pero lo que puedo decir es que soy una persona dispuesta a probar diferentes y nuevas cosas. Alguien que no deja que el miedo controle mi vida, sino que al contrario [&hellip;]<\/p>\n","protected":false},"author":5659,"featured_media":0,"parent":19,"menu_order":4,"comment_status":"closed","ping_status":"closed","template":"","meta":[],"_links":{"self":[{"href":"https:\/\/sites.bu.edu\/otonomadrid2018\/wp-json\/wp\/v2\/pages\/33"}],"collection":[{"href":"https:\/\/sites.bu.edu\/otonomadrid2018\/wp-json\/wp\/v2\/pages"}],"about":[{"href":"https:\/\/sites.bu.edu\/otonomadrid2018\/wp-json\/wp\/v2\/types\/page"}],"author":[{"embeddable":true,"href":"https:\/\/sites.bu.edu\/otonomadrid2018\/wp-json\/wp\/v2\/users\/5659"}],"replies":[{"embeddable":true,"href":"https:\/\/sites.bu.edu\/otonomadrid2018\/wp-json\/wp\/v2\/comments?post=33"}],"version-history":[{"count":7,"href":"https:\/\/sites.bu.edu\/otonomadrid2018\/wp-json\/wp\/v2\/pages\/33\/revisions"}],"predecessor-version":[{"id":518,"href":"https:\/\/sites.bu.edu\/otonomadrid2018\/wp-json\/wp\/v2\/pages\/33\/revisions\/518"}],"up":[{"embeddable":true,"href":"https:\/\/sites.bu.edu\/otonomadrid2018\/wp-json\/wp\/v2\/pages\/19"}],"wp:attachment":[{"href":"https:\/\/sites.bu.edu\/otonomadrid2018\/wp-json\/wp\/v2\/media?parent=33"}],"curies":[{"name":"wp","href":"https:\/\/api.w.org\/{rel}","templated":true}]}}