{"id":30,"date":"2018-09-17T14:51:14","date_gmt":"2018-09-17T18:51:14","guid":{"rendered":"https:\/\/sites.bu.edu\/otonomadrid2018\/?page_id=30"},"modified":"2018-12-13T15:05:45","modified_gmt":"2018-12-13T20:05:45","slug":"ashley","status":"publish","type":"page","link":"https:\/\/sites.bu.edu\/otonomadrid2018\/nuestros-blogs\/ashley\/","title":{"rendered":"Ashley"},"content":{"rendered":"<p>\u00a1Hola! Soy Ashley El\u00edas, una estudiante de Boston University, pero originalmente soy de Los \u00c1ngeles. Crec\u00ed en Los \u00c1ngeles rodeada de cultura latino-americana y con mis pap\u00e1s, quienes son de El Salvador. Sin embargo, por un tiempo no practiqu\u00e9 mi espa\u00f1ol, entonces perd\u00ed la habilidad de hablarlo fluidamente y sin miedo. As\u00ed que vine a Espa\u00f1a para practicar mi espa\u00f1ol y perder un poco del miedo que tengo cuando hablo. Pienso que este semestre ganar\u00e9 confianza y tambi\u00e9n aprender\u00e9 de la cultura hispana. Estoy muy emocionada por lo que vendr\u00e1.<\/p>\n<p><a href=\"https:\/\/sites.bu.edu\/otonomadrid2018\/2018\/10\/06\/un-paseo-por-el-retiro\/\" target=\"_blank\" rel=\"noopener\"><strong>Un paseo por El Retiro<\/strong><\/a><\/p>\n<p><a href=\"https:\/\/sites.bu.edu\/otonomadrid2018\/2018\/10\/17\/el-museo-del-romanticismo\/\" target=\"_blank\" rel=\"noopener\"><strong>El Museo del Romanticismo<\/strong><\/a><\/p>\n<p><a href=\"https:\/\/sites.bu.edu\/otonomadrid2018\/2018\/11\/05\/mi-amiga-visita-madrid\/\" target=\"_blank\" rel=\"noopener\"><strong>Mi amiga visita Madrid<\/strong><\/a><\/p>\n<p><a href=\"https:\/\/sites.bu.edu\/otonomadrid2018\/2018\/11\/13\/la-almudena\/\" target=\"_blank\" rel=\"noopener\"><strong>La Almudena<\/strong><\/a><\/p>\n<p><a href=\"https:\/\/sites.bu.edu\/otonomadrid2018\/2018\/11\/30\/mi-barrio-favorito\/\" target=\"_blank\" rel=\"noopener\"><strong>Mi barrio favorito<\/strong><\/a><\/p>\n<p><a href=\"https:\/\/sites.bu.edu\/otonomadrid2018\/2018\/12\/13\/las-ultimas-semanas-en-madrid\/\" target=\"_blank\" rel=\"noopener\"><strong>Las \u00faltimas semanas en Madrid<\/strong><\/a><\/p>\n","protected":false},"excerpt":{"rendered":"<p>\u00a1Hola! Soy Ashley El\u00edas, una estudiante de Boston University, pero originalmente soy de Los \u00c1ngeles. Crec\u00ed en Los \u00c1ngeles rodeada de cultura latino-americana y con mis pap\u00e1s, quienes son de El Salvador. Sin embargo, por un tiempo no practiqu\u00e9 mi espa\u00f1ol, entonces perd\u00ed la habilidad de hablarlo fluidamente y sin miedo. As\u00ed que vine a [&hellip;]<\/p>\n","protected":false},"author":5659,"featured_media":0,"parent":19,"menu_order":3,"comment_status":"closed","ping_status":"closed","template":"","meta":[],"_links":{"self":[{"href":"https:\/\/sites.bu.edu\/otonomadrid2018\/wp-json\/wp\/v2\/pages\/30"}],"collection":[{"href":"https:\/\/sites.bu.edu\/otonomadrid2018\/wp-json\/wp\/v2\/pages"}],"about":[{"href":"https:\/\/sites.bu.edu\/otonomadrid2018\/wp-json\/wp\/v2\/types\/page"}],"author":[{"embeddable":true,"href":"https:\/\/sites.bu.edu\/otonomadrid2018\/wp-json\/wp\/v2\/users\/5659"}],"replies":[{"embeddable":true,"href":"https:\/\/sites.bu.edu\/otonomadrid2018\/wp-json\/wp\/v2\/comments?post=30"}],"version-history":[{"count":7,"href":"https:\/\/sites.bu.edu\/otonomadrid2018\/wp-json\/wp\/v2\/pages\/30\/revisions"}],"predecessor-version":[{"id":573,"href":"https:\/\/sites.bu.edu\/otonomadrid2018\/wp-json\/wp\/v2\/pages\/30\/revisions\/573"}],"up":[{"embeddable":true,"href":"https:\/\/sites.bu.edu\/otonomadrid2018\/wp-json\/wp\/v2\/pages\/19"}],"wp:attachment":[{"href":"https:\/\/sites.bu.edu\/otonomadrid2018\/wp-json\/wp\/v2\/media?parent=30"}],"curies":[{"name":"wp","href":"https:\/\/api.w.org\/{rel}","templated":true}]}}