{"id":109,"date":"2020-03-28T14:12:27","date_gmt":"2020-03-28T18:12:27","guid":{"rendered":"https:\/\/sites.bu.edu\/nil\/?page_id=109"},"modified":"2024-07-29T17:22:53","modified_gmt":"2024-07-29T21:22:53","slug":"team","status":"publish","type":"page","link":"https:\/\/sites.bu.edu\/nil\/team\/","title":{"rendered":"The Team"},"content":{"rendered":"<h3>Faculty<\/h3>\n<table style=\"width: 700px;\" border=\"0\">\n<tbody>\n<tr valign=\"top\">\n<td style=\"width: 200px; text-align: center;\"><img loading=\"lazy\" src=\"\/nil\/files\/2020\/04\/Anna2.jpg\" alt=\"\" width=\"150\" height=\"150\" class=\"alignnone wp-image-150\" \/><a href=\"https:\/\/www.bu.edu\/eng\/profile\/anna-devor-ph-d\/\"><br \/>\nAnna Devor<\/a><br \/>\n<span style=\"font-size: 14px;\"><a href=\"mailto:adevor@bu.edu\">adevor@bu.edu<\/a><\/span><\/td>\n<td style=\"width: 500px;\">Dr. Anna Devor joined the department of Biomedical Engineering at Boston University (BU) in 2019. Prior to arriving at BU, she directed Neurovascular Imaging Laboratory at UC San Diego (UCSD). She also directed the UCSD Shared 2-photon Imaging Facility and co-directed the UCSD Center for Multiscale Imaging of Brain Function. Dr. Devor received PhD from the Hebrew University of Jerusalem, Israel, followed by postdoctoral training at <a href=\"https:\/\/www.martinos.org\/\">MGH\/HMS Martinos Center for Biomedical Imaging<\/a>. She has a broad background in cellular and systems-level neuroscience and imaging.<\/td>\n<\/tr>\n<\/tbody>\n<\/table>\n<table style=\"width: 700px;\" border=\"0\">\n<tbody>\n<tr valign=\"top\">\n<td style=\"width: 200px; text-align: center;\"><img loading=\"lazy\" src=\"\/nil\/files\/2020\/03\/Martin.jpg\" alt=\"\" width=\"150\" height=\"150\" class=\"alignnone wp-image-150\" \/><br \/>\n<a href=\"https:\/\/www.bu.edu\/eng\/profile\/martin-thunemann-ph-d\/\" target=\"_blank\" rel=\"noopener noreferrer\">Martin Thunemann<\/a><br \/>\n<span style=\"font-size: 14px;\"><a href=\"mailto:martinth@bu.edu\">martinth@bu.edu<\/a><\/span><\/td>\n<td style=\"width: 500px;\">Dr. Martin Thunemann joined the department of Biomedical Engineering at BU in 2020. He received his PhD in Biochemistry from Eberhard Karls Universit\u00e4t T\u00fcbingen, Germany. During his graduate studies, Dr. Thunemann gained extensive knowledge in molecular biology, cell culture, cardiovascular physiology, mouse transgenesis and the Cre\/lox system. He joined Dr. Devor laboratory at UCSD in 2015, first as a postdoctoral fellow, later \u2013 as a Project Scientist. He has been leading a number of bioengineering efforts including those based on multiphoton imaging and multiplexed electrophysiological recordings in awake behaving mice.<\/td>\n<\/tr>\n<\/tbody>\n<\/table>\n<h3>Staff<\/h3>\n<table style=\"width: 600px;\" border=\"0\">\n<tbody>\n<tr valign=\"top\">\n<td style=\"width: 150px; text-align: center;\"><img loading=\"lazy\" src=\"\/nil\/files\/2021\/08\/KK.jpg\" alt=\"\" width=\"150\" height=\"150\" class=\"alignnone wp-image-150\" \/><br \/>\nK\u0131v\u0131lc\u0131m K\u0131l\u0131\u00e7<br \/>\n<span style=\"font-size: 14px;\"><a href=\"mailto:kkilic@bu.edu\">kkilic@bu.edu<\/a><\/span><\/td>\n<td style=\"width: 150px; text-align: center;\"><img loading=\"lazy\" src=\"\/nil\/files\/2021\/08\/JJ.jpg\" alt=\"\" width=\"150\" height=\"150\" class=\"alignnone wp-image-150\" \/><br \/>\nJohn Jiang<br \/>\n<span style=\"font-size: 14px;\"><a href=\"mailto:jxjiang@bu.edu\">jxjiang@bu.edu<\/a><\/span><\/td>\n<\/tr>\n<\/tbody>\n<\/table>\n<table style=\"width: 600px;\" border=\"0\">\n<tbody>\n<tr valign=\"top\">\n<td style=\"width: 150px; text-align: center;\"><img loading=\"lazy\" src=\"\/nil\/files\/2022\/07\/Sreekanth2.jpg\" alt=\"\" width=\"150\" height=\"150\" class=\"alignnone wp-image-150\" \/><br \/>\nSreekanth Kura<br \/>\n<span style=\"font-size: 14px;\"><a href=\"mailto:skura@bu.edu\">skura@bu.edu<\/a><\/span><\/td>\n<td style=\"width: 150px; text-align: center;\"><img loading=\"lazy\" src=\"\/nil\/files\/2024\/07\/Isabelle2.jpg\" alt=\"\" width=\"150\" height=\"150\" class=\"alignnone wp-image-150\" \/><br \/>\nIsabelle Attahi<br \/>\n<span style=\"font-size: 14px;\"><a href=\"mailto:isaiah@bu.edu\">isaiah@bu.edu<\/a><\/span><\/td>\n<\/tr>\n<\/tbody>\n<\/table>\n<h3>Postdoctoral fellows<\/h3>\n<table style=\"width: 600px;\" border=\"0\">\n<tbody>\n<tr valign=\"top\">\n<td style=\"width: 150px; text-align: center;\"><img loading=\"lazy\" src=\"\/nil\/files\/2020\/03\/Natalie.jpg\" alt=\"\" width=\"150\" height=\"150\" class=\"alignnone wp-image-150\" \/><br \/>\nNatalie Fomin-Thunemann<br \/>\n<span style=\"font-size: 14px;\"><a href=\"mailto:nfominth@bu.edu\">nfominth@bu.edu<\/a><\/span><\/td>\n<td style=\"width: 150px; text-align: center;\"><img loading=\"lazy\" src=\"\/nil\/files\/2022\/07\/Pablo2.jpg\" alt=\"\" width=\"150\" height=\"150\" class=\"alignnone wp-image-150\" \/><br \/>\nPablo Perez<br \/>\n<span style=\"font-size: 14px;\"><a href=\"mailto:pabperez@bu.edu\">pabperez@bu.edu<\/a><\/span><\/td>\n<\/tr>\n<\/tbody>\n<\/table>\n<h3>Graduate students<\/h3>\n<table style=\"width: 600px;\" border=\"0\">\n<tbody>\n<tr valign=\"top\">\n<td style=\"width: 150px; text-align: center;\"><img loading=\"lazy\" src=\"\/nil\/files\/2020\/04\/Patrick2.jpg\" alt=\"\" width=\"150\" height=\"150\" class=\"alignnone wp-image-150\" \/><br \/>\nPatrick Doran<br \/>\n<span style=\"font-size: 14px;\"><a href=\"mailto:pdoran@bu.edu\">pdoran@bu.edu<\/a><\/span><\/td>\n<td style=\"width: 150px; text-align: center;\"><img loading=\"lazy\" src=\"\/nil\/files\/2023\/06\/Emily2.jpg\" alt=\"\" width=\"150\" height=\"150\" class=\"alignnone wp-image-150\" \/><br \/>\nEmily Martin<br \/>\n<span style=\"font-size: 14px;\"><a href=\"mailto:emart@bu.edu\">emart@bu.edu<\/a><\/span><\/td>\n<td style=\"width: 150px; text-align: center;\"><img loading=\"lazy\" src=\"\/nil\/files\/2023\/06\/Kate.jpg\" alt=\"\" width=\"150\" height=\"150\" class=\"alignnone wp-image-150\" \/><br \/>\nKate Herrema<br \/>\n<span style=\"font-size: 14px;\"><a href=\"mailto:kherrema@bu.edu\">kherrema@bu.edu<\/a><\/span><\/td>\n<\/tr>\n<\/tbody>\n<\/table>\n<table style=\"width: 600px;\" border=\"0\">\n<tbody>\n<tr valign=\"top\">\n<td style=\"width: 150px; text-align: center;\"><img loading=\"lazy\" src=\"\/nil\/files\/2023\/06\/PatrickB2.jpg\" alt=\"\" width=\"150\" height=\"150\" class=\"alignnone wp-image-150\" \/><br \/>\nPatrick Bloniasz<br \/>\n<span style=\"font-size: 14px;\"><a href=\"mailto:pblonias@bu.edu\">pblonias@bu.edu<\/a><\/span><\/td>\n<td style=\"width: 150px; text-align: center;\"><img loading=\"lazy\" src=\"\/nil\/files\/2023\/06\/Dora1.jpg\" alt=\"\" width=\"150\" height=\"150\" class=\"alignnone wp-image-150\" \/><br \/>\nDora Balog<br \/>\n<span style=\"font-size: 14px;\"><a href=\"mailto:dbalog@bu.edu\">dbalog@bu.edu<\/a><\/span><\/td>\n<td style=\"width: 150px; text-align: center;\"><img loading=\"lazy\" src=\"\/nil\/files\/2023\/06\/Brad1.jpg\" alt=\"\" width=\"150\" height=\"150\" class=\"alignnone wp-image-150\" \/><br \/>\nBrad Rauscher<br \/>\n<span style=\"font-size: 14px;\"><a href=\"mailto:bcraus@bu.edu\">bcraus@bu.edu<\/a><\/span><\/td>\n<\/td>\n<\/tr>\n<\/tbody>\n<\/table>\n<table style=\"width: 600px;\" border=\"0\">\n<tbody>\n<tr valign=\"top\">\n<td style=\"width: 150px; text-align: center;\"><img loading=\"lazy\" src=\"\/nil\/files\/2024\/07\/Daria.jpg\" alt=\"\" width=\"150\" height=\"150\" class=\"alignnone wp-image-150\" \/><br \/>\nDaria Bogatova<br \/>\n<span style=\"font-size: 14px;\"><a href=\"mailto:daria@bu.edu\">daria@bu.edu<\/a><\/span><\/td>\n<td style=\"width: 150px; text-align: center;\"><img loading=\"lazy\" src=\"\/nil\/files\/2024\/07\/AndrewGarcia.jpg\" alt=\"\" width=\"150\" height=\"150\" class=\"alignnone wp-image-150\" \/><br \/>\nAndrew Garcia<br \/>\n<span style=\"font-size: 14px;\"><a href=\"mailto:agarci89@bu.edu@bu.edu\">agarci89@bu.edu<\/a><\/span><\/td>\n<\/td>\n<\/tr>\n<\/tbody>\n<\/table>\n<h3>Masters&#8217; students<\/h3>\n<table style=\"width: 600px;\" border=\"0\">\n<tbody>\n<tr valign=\"top\">\n<td style=\"width: 150px; text-align: center;\"><img loading=\"lazy\" src=\"\/nil\/files\/2024\/07\/Maya.jpg\" alt=\"\" width=\"150\" height=\"150\" class=\"alignnone wp-image-150\" \/><br \/>\nMaya Weidman<br \/>\n<span style=\"font-size: 14px;\"><a href=\"mailto:mayaw9@bu.edu\">mayaw9@bu.edu<\/a><\/span><\/td>\n<\/td>\n<\/tr>\n<\/tbody>\n<\/table>\n<h3>Undergraduate students<\/h3>\n<table style=\"width: 600px;\" border=\"0\">\n<tbody>\n<tr valign=\"top\">\n<td style=\"width: 150px; text-align: center;\"><img loading=\"lazy\" src=\"\/nil\/files\/2023\/06\/Nathan2.jpg\" alt=\"\" width=\"150\" height=\"150\" class=\"alignnone wp-image-150\" \/><br \/>\nNathan Chai<br \/>\n<span style=\"font-size: 14px;\"><a href=\"mailto:chain@bu.edu\">chain@bu.edu<\/a><\/span><\/td>\n<td style=\"width: 150px; text-align: center;\"><img loading=\"lazy\" src=\"\/nil\/files\/2024\/07\/FrancescaFroio2.jpg\" alt=\"\" width=\"150\" height=\"150\" class=\"alignnone wp-image-150\" \/><br \/>\nFrancesca Froio<br \/>\n<span style=\"font-size: 14px;\"><a href=\"mailto:froiof@bu.edu\">froiof@bu.edu<\/a><\/span><\/td>\n<td style=\"width: 150px; text-align: center;\"><img loading=\"lazy\" src=\"\/nil\/files\/2024\/07\/ManojHarikumar1.jpg\" alt=\"\" width=\"150\" height=\"150\" class=\"alignnone wp-image-150\" \/><br \/>\nManoj Harikumar<br \/>\n<span style=\"font-size: 14px;\"><a href=\"mailto:manojh@bu.edu\">manojh@bu.edu<\/a><\/span><\/td>\n<\/tr>\n<\/tbody>\n<\/table>\n<table style=\"width: 600px;\" border=\"0\">\n<tbody>\n<tr valign=\"top\">\n<td style=\"width: 150px; text-align: center;\"><img loading=\"lazy\" src=\"\/nil\/files\/2020\/04\/placeholder.jpg\" alt=\"\" width=\"150\" height=\"150\" class=\"alignnone wp-image-150\" \/><br \/>\nAlexandra Guy<br \/>\n<span style=\"font-size: 14px;\"><a href=\"mailto:guy@bu.edu\">guy@bu.edu<\/a><\/span><\/td>\n<td style=\"width: 150px; text-align: center;\"><img loading=\"lazy\" src=\"\/nil\/files\/2024\/07\/AnthonyKruitzer1.jpg\" alt=\"\" width=\"150\" height=\"150\" class=\"alignnone wp-image-150\" \/><br \/>\nAnthony Krutzer<br \/>\n<span style=\"font-size: 14px;\"><a href=\"mailto:amk26@bu.edu\">amk26@bu.edu<\/a><\/span><\/td>\n<td style=\"width: 150px; text-align: center;\"><img loading=\"lazy\" src=\"\/nil\/files\/2024\/07\/Shadin1.jpg\" alt=\"\" width=\"150\" height=\"150\" class=\"alignnone wp-image-150\" \/><br \/>\nShadin Almaiman<br \/>\n<span style=\"font-size: 14px;\"><a href=\"mailto:shadin@bu.edu\">shadin@bu.edu<\/a><\/span><\/td>\n<\/tr>\n<\/tbody>\n<\/table>\n<h3>Past members<\/h3>\n<table style=\"width: 600px;\" border=\"0\">\n<tbody>\n<tr valign=\"top\">\n<td style=\"width: 150px; text-align: center;\"><img loading=\"lazy\" src=\"\/nil\/files\/2023\/06\/Pedro3.jpg\" alt=\"\" width=\"150\" height=\"150\" class=\"alignnone wp-image-150\" \/><br \/>\nPedro Lauria<br \/>\n<span style=\"font-size: 14px;\"><a href=\"mailto:pedro.santana@ufba.br\">pedro.santana@ufba.br<\/a><\/span><\/p>\n<td style=\"width: 150px; text-align: center;\"><img loading=\"lazy\" src=\"\/nil\/files\/2022\/07\/Grace.jpg\" alt=\"\" width=\"150\" height=\"150\" class=\"alignnone wp-image-150\" \/><br \/>\nGrace Chabbott<br \/>\n<span style=\"font-size: 14px;\"><a href=\"mailto:gracec00@bu.edu\">gracec00@bu.edu<\/a><\/span><\/td>\n<td style=\"width: 150px; text-align: center;\"><img loading=\"lazy\" src=\"\/nil\/files\/2021\/08\/Layth.jpg\" alt=\"\" width=\"150\" height=\"150\" class=\"alignnone wp-image-150\" \/><br \/>\nLayth Amra<br \/>\n<span style=\"font-size: 14px;\"><a href=\"mailto:lnamra@bu.edu\">lnamra@bu.edu<\/a><\/span><\/td>\n<\/tr>\n<\/tbody>\n<\/table>\n<table style=\"width: 600px;\" border=\"0\">\n<tbody>\n<tr valign=\"top\">\n<td style=\"width: 150px; text-align: center;\"><img loading=\"lazy\" src=\"\/nil\/files\/2021\/08\/XiaojieChen.jpg\" alt=\"\" width=\"150\" height=\"150\" class=\"alignnone wp-image-150\" \/><br \/>\nXiaojie Chen<br \/>\n<span style=\"font-size: 14px;\"><a href=\"mailto:xjchen99@bu.edu\">xjchen99@bu.edu<\/a><\/span><\/td>\n<td style=\"width: 150px; text-align: center;\"><img loading=\"lazy\" src=\"\/nil\/files\/2021\/08\/Joel.jpg\" alt=\"\" width=\"150\" height=\"150\" class=\"alignnone wp-image-150\" \/><br \/>\nJoel Herbert<br \/>\n<span style=\"font-size: 14px;\"><a href=\"mailto:jherb@bu.edu\">jherb@bu.edu<\/a><\/span><\/td>\n<td style=\"width: 150px; text-align: center;\"><img loading=\"lazy\" src=\"\/nil\/files\/2021\/08\/Gellisa.jpg\" alt=\"\" width=\"150\" height=\"150\" class=\"alignnone wp-image-150\" \/><br \/>\nWai Ying (Gellisa) Zheng<br \/>\n<span style=\"font-size: 14px;\"><a href=\"mailto:gellisa@bu.edu\">gellisa@bu.edu<\/a><\/span><\/td>\n<\/tr>\n<\/tbody>\n<\/table>\n<table style=\"width: 600px;\" border=\"0\">\n<tbody>\n<tr valign=\"top\">\n<td style=\"width: 150px; text-align: center;\"><img loading=\"lazy\" src=\"\/nil\/files\/2021\/08\/Imran.jpg\" alt=\"\" width=\"150\" height=\"150\" class=\"alignnone wp-image-150\" \/><br \/>\nImran Afzal<br \/>\n<span style=\"font-size: 14px;\"><a href=\"mailto:imranhuf@gmail.com\">imranhuf@gmail.com<\/a><\/span><\/td>\n<td style=\"width: 150px; text-align: center;\"><img loading=\"lazy\" src=\"\/nil\/files\/2020\/04\/placeholder.jpg\" alt=\"\" width=\"150\" height=\"150\" class=\"alignnone wp-image-150\" \/><br \/>\nTugberk Vayisoglu\n<\/td>\n<td style=\"width: 150px; text-align: center;\"><img loading=\"lazy\" src=\"\/nil\/files\/2022\/07\/Saltanat3.jpg\" alt=\"\" width=\"150\" height=\"150\" class=\"alignnone wp-image-150\" \/><br \/>\nSaltanat Mussabekova<br \/>\n<span style=\"font-size: 14px;\"><a href=\"mailto:saltanat@bu.edu\">saltanat@bu.edu<\/a><\/span><\/td>\n<\/tr>\n<\/tbody>\n<\/table>\n<h3>Interns<\/h3>\n<table style=\"width: 600px;\" border=\"0\">\n<tbody>\n<tr valign=\"top\">\n<td style=\"width: 150px; text-align: center;\"><img loading=\"lazy\" src=\"\/nil\/files\/2024\/07\/Mia.jpg\" alt=\"\" width=\"150\" height=\"150\" class=\"alignnone wp-image-150\" \/><br \/>\nMia Kogan-Spivack<br \/>\n<span style=\"font-size: 14px;\"><a href=\"mailto:miakoganspivack@gmail.com\">miakoganspivack@gmail.com<\/a><\/span><br \/>\n<\/tr>\n<\/tbody>\n<\/table>\n<h3>Past members at UC San Diego<\/h3>\n<table style=\"width: 600px;\" border=\"0\">\n<tbody>\n<tr valign=\"top\">\n<td style=\"width: 150px; text-align: center;\"><img loading=\"lazy\" src=\"\/nil\/files\/2020\/04\/Michele2.jpg\" alt=\"\" width=\"150\" height=\"150\" class=\"alignnone wp-image-150\" \/><a href=\"http:\/\/www.crchudequebec.ulaval.ca\/en\/research\/researchers\/michele-desjardins\/\">Mich\u00e8le Desjardins<\/a><\/td>\n<td style=\"width: 150px; text-align: center;\"><img loading=\"lazy\" src=\"\/nil\/files\/2020\/04\/Nick2.jpg\" alt=\"\" width=\"150\" height=\"150\" class=\"alignnone wp-image-150\" \/><a href=\"https:\/\/scholar.google.com\/citations?user=1FxXLJMAAAAJ&amp;hl=en\">Nick Rogers<\/a><\/td>\n<td style=\"width: 150px; text-align: center;\"><img loading=\"lazy\" src=\"\/nil\/files\/2020\/04\/MuHan.jpg\" alt=\"\" width=\"150\" height=\"150\" class=\"alignnone wp-image-150\" \/><a href=\"https:\/\/scholar.google.com\/citations?user=SMBjIVYAAAAJ&amp;hl=en\">Mu-Han Yang<\/a><\/td>\n<td style=\"width: 150px; text-align: center;\"><img loading=\"lazy\" src=\"\/nil\/files\/2020\/04\/Sanaz2.jpg\" alt=\"\" width=\"150\" height=\"150\" class=\"alignnone wp-image-150\" \/><a href=\"https:\/\/scholar.google.com\/citations?user=OFnyvyEAAAAJ&amp;hl=en\">Sanaz Sadegh<\/a><\/td>\n<\/tr>\n<\/tbody>\n<\/table>\n<table style=\"width: 600px;\" border=\"0\">\n<tbody>\n<tr valign=\"top\">\n<td style=\"width: 150px; text-align: center;\"><img loading=\"lazy\" src=\"\/nil\/files\/2020\/04\/Phuong.jpg\" alt=\"\" width=\"150\" height=\"150\" class=\"alignnone wp-image-150\" \/><a href=\"https:\/\/www.unogroup-ucsd.com\/phuong.html\">Phuong Nguyen<\/a><\/td>\n<td style=\"width: 150px; text-align: center;\"><img loading=\"lazy\" src=\"\/nil\/files\/2020\/07\/Zhe.jpg\" alt=\"\" width=\"150\" height=\"150\" class=\"alignnone wp-image-150\" \/>Zhe Wei<\/td>\n<td style=\"width: 150px; text-align: center;\"><img loading=\"lazy\" src=\"\/nil\/files\/2020\/04\/placeholder.jpg\" alt=\"\" width=\"150\" height=\"150\" class=\"alignnone wp-image-150\" \/>Payam Saisan<\/td>\n<td style=\"width: 150px; text-align: center;\"><img loading=\"lazy\" src=\"\/nil\/files\/2020\/04\/Kim.jpg\" alt=\"\" width=\"150\" height=\"150\" class=\"alignnone wp-image-150\" \/>\u200bKim Weldy<\/td>\n<\/tr>\n<\/tbody>\n<\/table>\n<table style=\"width: 600px;\" border=\"0\">\n<tbody>\n<tr valign=\"top\">\n<td style=\"width: 150px; text-align: center;\"><img loading=\"lazy\" src=\"\/nil\/files\/2020\/04\/Cremonesi-1.jpg\" alt=\"\" width=\"150\" height=\"150\" class=\"alignnone wp-image-150\" \/>\u200bJonathan Cremonesi<\/td>\n<td style=\"width: 150px; text-align: center;\"><img loading=\"lazy\" src=\"\/nil\/files\/2020\/04\/Matt.jpg\" alt=\"\" width=\"150\" height=\"150\" class=\"alignnone wp-image-150\" \/>Matt Vandenberghe<\/td>\n<td style=\"width: 150px; text-align: center;\"><img loading=\"lazy\" src=\"\/nil\/files\/2020\/04\/Kivilcim.jpg\" alt=\"\" width=\"150\" height=\"150\" class=\"alignnone wp-image-150\" \/> <a href=\"https:\/\/scholar.google.com\/citations?user=I5ykmBEAAAAJ&amp;hl=en\">K\u0131v\u0131lc\u0131m K\u0131l\u0131\u00e7<\/a><\/td>\n<td style=\"width: 150px; text-align: center;\"><img loading=\"lazy\" src=\"\/nil\/files\/2020\/04\/Chris.jpg\" alt=\"\" width=\"150\" height=\"150\" class=\"alignnone wp-image-150\" \/><a href=\"https:\/\/scholar.google.com\/citations?user=sULMijsAAAAJ&amp;hl=en\">Chris Ferri<\/a><\/td>\n<\/tr>\n<\/tbody>\n<\/table>\n<table style=\"width: 600px;\" border=\"0\">\n<tbody>\n<tr valign=\"top\">\n<td style=\"width: 150px; text-align: center;\"><img loading=\"lazy\" src=\"\/nil\/files\/2020\/04\/Hana.jpg\" alt=\"\" width=\"150\" height=\"150\" class=\"alignnone wp-image-150\" \/><a href=\"https:\/\/www.isibrno.cz\/en\/ing-hana-uhlirova-phd\">Hana Uhl\u00ed\u0159ov\u00e1<\/a><\/td>\n<td style=\"width: 150px; text-align: center;\"><img loading=\"lazy\" src=\"\/nil\/files\/2020\/04\/Qun2.jpg\" alt=\"\" width=\"150\" height=\"150\" class=\"alignnone wp-image-150\" \/>Qun Cheng<\/td>\n<td style=\"width: 150px; text-align: center;\"><img loading=\"lazy\" src=\"\/nil\/files\/2020\/04\/Peifang.jpg\" alt=\"\" width=\"150\" height=\"150\" class=\"alignnone wp-image-150\" \/>\u200b<a href=\"https:\/\/www.oblon.com\/peifang-tian\">Peifang Tian<\/a><\/td>\n<td style=\"width: 150px; text-align: center;\"><img loading=\"lazy\" src=\"\/nil\/files\/2020\/04\/Gratiy.jpg\" alt=\"\" width=\"150\" height=\"150\" class=\"alignnone wp-image-150\" \/>\u200b<a href=\"https:\/\/alleninstitute.org\/what-we-do\/brain-science\/about\/team\/staff-profiles\/sergey-gratiy\/\">Sergey Gratiy<\/a><\/td>\n<\/tr>\n<\/tbody>\n<\/table>\n<table style=\"width: 600px;\" border=\"0\">\n<tbody>\n<tr valign=\"top\">\n<td style=\"width: 150px; text-align: center;\"><img loading=\"lazy\" src=\"\/nil\/files\/2020\/04\/Florence.jpg\" alt=\"\" width=\"150\" height=\"150\" class=\"alignnone wp-image-150\" \/><a href=\"https:\/\/www.florencerazoux.com\/about\">Florence Razoux<\/a><\/td>\n<td style=\"width: 150px; text-align: center;\"><img loading=\"lazy\" src=\"\/nil\/files\/2020\/04\/Yang2.jpg\" alt=\"\" width=\"150\" height=\"150\" class=\"alignnone wp-image-150\" \/><a href=\"https:\/\/www.quora.com\/profile\/Yang-Yang-4\">Yang Yang<\/a><\/td>\n<td style=\"width: 150px; text-align: center;\"><img loading=\"lazy\" src=\"\/nil\/files\/2020\/04\/Lydia.jpg\" alt=\"\" width=\"150\" height=\"150\" class=\"alignnone wp-image-150\" \/><a href=\"https:\/\/www.researchgate.net\/profile\/Lidia_Reznichenko\">Lidia Reznichenko<\/a><\/td>\n<td style=\"width: 150px; text-align: center;\"><img loading=\"lazy\" src=\"\/nil\/files\/2020\/04\/Krystal.jpg\" alt=\"\" width=\"150\" height=\"150\" class=\"alignnone wp-image-150\" \/><a href=\"https:\/\/www.healthcare4ppl.com\/physician\/iowa\/iowa-city\/krystal-w-nizar-1760748446.html\">Krystal Nizar<\/a><\/td>\n<\/tr>\n<\/tbody>\n<\/table>\n<table style=\"width: 600px;\" border=\"0\">\n<tbody>\n<tr valign=\"top\">\n<td style=\"width: 150px; text-align: center;\"><img loading=\"lazy\" src=\"\/nil\/files\/2020\/04\/Ivan.jpg\" alt=\"\" width=\"150\" height=\"150\" class=\"alignnone wp-image-150\" \/>\u200bIvan Teng<\/td>\n<td style=\"width: 150px; text-align: center;\"><img loading=\"lazy\" src=\"\/nil\/files\/2020\/04\/Vishnu-1.jpg\" alt=\"\" width=\"150\" height=\"150\" class=\"alignnone wp-image-150\" \/>Vishnu Sridhar<\/td>\n<td style=\"width: 150px; text-align: center;\"><img loading=\"lazy\" src=\"\/nil\/files\/2020\/04\/Jianxia.jpg\" alt=\"\" width=\"150\" height=\"150\" class=\"alignnone wp-image-150\" \/>\u200b<a href=\"https:\/\/scholar.google.com\/citations?user=4t5mwUMAAAAJ&amp;hl=en\">Jianxia Cui<\/a><\/td>\n<td style=\"width: 150px; text-align: center;\"><img loading=\"lazy\" src=\"\/nil\/files\/2020\/04\/ChrisMcDonald.jpg\" alt=\"\" width=\"150\" height=\"150\" class=\"alignnone wp-image-150\" \/>\u200b<a href=\"https:\/\/scholar.google.com\/citations?user=5jXMrfQAAAAJ&amp;hl=en\">Chris MacDonald<\/a><\/td>\n<\/tr>\n<\/tbody>\n<\/table>\n<h3>Past interns at UC San Diego<\/h3>\n<table style=\"width: 600px;\" border=\"0\">\n<tbody>\n<tr valign=\"top\">\n<td style=\"width: 150px; text-align: center;\"><img loading=\"lazy\" src=\"\/nil\/files\/2020\/04\/SelenaWu2.jpg\" alt=\"\" width=\"150\" height=\"150\" class=\"alignnone wp-image-150\" \/>Meng Jou (Selena) Wu<\/td>\n<td style=\"width: 150px; text-align: center;\"><img loading=\"lazy\" src=\"\/nil\/files\/2020\/04\/Torbjorn.jpg\" alt=\"\" width=\"150\" height=\"150\" class=\"alignnone wp-image-150\" \/><a href=\"https:\/\/www.nmbu.no\/ans\/torbjorn.ness\">Torbj\u00f8rn Vefferstad Ness<\/a><\/td>\n<td style=\"width: 150px; text-align: center;\"><img loading=\"lazy\" src=\"\/nil\/files\/2020\/04\/KarlErik.jpg\" alt=\"\" width=\"150\" height=\"150\" class=\"alignnone wp-image-150\" \/><a href=\"https:\/\/scholar.google.no\/citations?user=nQ4qFwgAAAAJ&amp;hl=en\">Karl Erik Holter<\/a><\/td>\n<td style=\"width: 150px; text-align: center;\"><img loading=\"lazy\" src=\"\/nil\/files\/2020\/04\/Aske.jpg\" alt=\"\" width=\"150\" height=\"150\" class=\"alignnone wp-image-150\" \/><a href=\"https:\/\/in.ku.dk\/employees\/?pure=en\/persons\/596788\">Aske Graakj\u00e6r Krogsgaard Jensen<\/a><\/td>\n<\/tr>\n<\/tbody>\n<\/table>\n<table style=\"width: 600px;\" border=\"0\">\n<tbody>\n<tr valign=\"top\">\n<td style=\"width: 150px; text-align: center;\"><img loading=\"lazy\" src=\"\/nil\/files\/2020\/04\/Segolene2.jpg\" alt=\"\" width=\"150\" height=\"150\" class=\"alignnone wp-image-150\" \/><a href=\"https:\/\/fr.linkedin.com\/in\/s%C3%A9gol%C3%A8ne-bompierre-471b46135\">S\u00e9gol\u00e8ne Bompierre<\/a><\/td>\n<td style=\"width: 150px; text-align: center;\"><img loading=\"lazy\" src=\"\/nil\/files\/2020\/04\/Eivind.jpg\" alt=\"\" width=\"150\" height=\"150\" class=\"alignnone wp-image-150\" \/>\u200bEivind Skj\u00f8nsberg Norheim<\/td>\n<td style=\"width: 150px; text-align: center;\"><img loading=\"lazy\" src=\"\/nil\/files\/2020\/04\/Klas.jpg\" alt=\"\" width=\"150\" height=\"150\" class=\"alignnone wp-image-150\" \/><a href=\"https:\/\/www.nora.ai\/news-and-events\/news\/klas-pettersen-is-appointed-ceo-of-nora.html\">Klas Pettersen<\/a><\/td>\n<td style=\"width: 150px; text-align: center;\"><img loading=\"lazy\" src=\"\/nil\/files\/2020\/04\/Michael.jpg\" alt=\"\" width=\"150\" height=\"150\" class=\"alignnone wp-image-150\" \/>\u200b<a href=\"https:\/\/tuebingenresearchcampus.com\/research-in-tuebingen\/thats-my-science\/michael-paolillo\/\">Michael Paolillo<\/a><\/td>\n<\/tr>\n<\/tbody>\n<\/table>\n<table style=\"width: 600px;\" border=\"0\">\n<tbody>\n<tr valign=\"top\">\n<td style=\"width: 150px; text-align: center;\"><img loading=\"lazy\" src=\"\/nil\/files\/2020\/04\/Paolo.jpg\" alt=\"\" width=\"150\" height=\"150\" class=\"alignnone wp-image-150\" \/><a href=\"https:\/\/scholar.google.com\/citations?user=2UYce-EAAAAJ&amp;hl=it\">Paolo Bazzigaluppi<\/a><\/td>\n<td style=\"width: 150px; text-align: center;\"><img loading=\"lazy\" src=\"\/nil\/files\/2020\/04\/ThomasBekajpg.jpg\" alt=\"\" width=\"150\" height=\"150\" class=\"alignnone wp-image-150\" \/>\u200b\u200b<a href=\"https:\/\/www.researchgate.net\/profile\/Thomas_Beka\">Thomas Beka<\/a><\/td>\n<td style=\"width: 150px; text-align: center;\"><img loading=\"lazy\" src=\"\/nil\/files\/2020\/04\/Tayfun2.jpg\" alt=\"\" width=\"150\" height=\"150\" class=\"alignnone wp-image-150\" \/>\u200b<a href=\"https:\/\/www.researchgate.net\/profile\/Tayfun_Ates2\">Tayfun Ates<\/a><\/td>\n<td style=\"width: 150px; text-align: center;\"><img loading=\"lazy\" src=\"\/nil\/files\/2020\/04\/Tyler.jpg\" alt=\"\" width=\"150\" height=\"150\" class=\"alignnone wp-image-150\" \/>\u200b<a href=\"http:\/\/www.neurosurgery.emory.edu\/resident-bios\/steed-tyler.html\">Tyler Steed<\/a><\/td>\n<\/tr>\n<\/tbody>\n<\/table>\n","protected":false},"excerpt":{"rendered":"<p>Faculty Anna Devor adevor@bu.edu Dr. Anna Devor joined the department of Biomedical Engineering at Boston University (BU) in 2019. Prior to arriving at BU, she directed Neurovascular Imaging Laboratory at UC San Diego (UCSD). She also directed the UCSD Shared 2-photon Imaging Facility and co-directed the UCSD Center for Multiscale Imaging of Brain Function. Dr. [&hellip;]<\/p>\n","protected":false},"author":17613,"featured_media":0,"parent":0,"menu_order":4,"comment_status":"closed","ping_status":"closed","template":"","meta":[],"_links":{"self":[{"href":"https:\/\/sites.bu.edu\/nil\/wp-json\/wp\/v2\/pages\/109"}],"collection":[{"href":"https:\/\/sites.bu.edu\/nil\/wp-json\/wp\/v2\/pages"}],"about":[{"href":"https:\/\/sites.bu.edu\/nil\/wp-json\/wp\/v2\/types\/page"}],"author":[{"embeddable":true,"href":"https:\/\/sites.bu.edu\/nil\/wp-json\/wp\/v2\/users\/17613"}],"replies":[{"embeddable":true,"href":"https:\/\/sites.bu.edu\/nil\/wp-json\/wp\/v2\/comments?post=109"}],"version-history":[{"count":50,"href":"https:\/\/sites.bu.edu\/nil\/wp-json\/wp\/v2\/pages\/109\/revisions"}],"predecessor-version":[{"id":756,"href":"https:\/\/sites.bu.edu\/nil\/wp-json\/wp\/v2\/pages\/109\/revisions\/756"}],"wp:attachment":[{"href":"https:\/\/sites.bu.edu\/nil\/wp-json\/wp\/v2\/media?parent=109"}],"curies":[{"name":"wp","href":"https:\/\/api.w.org\/{rel}","templated":true}]}}