{"id":220,"date":"2015-05-03T08:11:41","date_gmt":"2015-05-03T12:11:41","guid":{"rendered":"https:\/\/sites.bu.edu\/madridib\/?page_id=220"},"modified":"2015-05-03T13:36:16","modified_gmt":"2015-05-03T17:36:16","slug":"nuestros-suenos","status":"publish","type":"page","link":"https:\/\/sites.bu.edu\/madridib\/experiencias\/nuestros-suenos\/","title":{"rendered":"Nuestros sue\u00f1os"},"content":{"rendered":"<p><a href=\"https:\/\/sites.bu.edu\/madridib\/mi-rincon\/el-rincon-de-kimberly\/\" title=\"El rinc\u00f3n de Kimberly\" target=\"_blank\"><strong>Kimberly:<\/strong><\/a> <strong><span style=\"text-decoration: underline;\">Sue\u00f1os Tontos<\/span><\/strong><\/p>\n<p>Yo tengo muchos sue\u00f1os que a la gente le parecen muy tontos. Me gustar\u00eda encontrar un trabajo que fuera muy divertido. Si practicara deporte muy bien, ingresar\u00eda en un equipo profesional pero no puedo tirar una pelota. Si tuviera una buena voz, ser\u00eda cantante pero no puedo cantar una nota. Si pudiera escribir canciones muy bien, escribir\u00eda canciones para ganarme la vida, pero nunca leo libros y no tengo mucho vocabulario para expresar mis sentimientos. Me pondr\u00eda de mal humor sentarme en una oficina durante ocho horas cada d\u00eda. No hay ninguna persona en el mundo que quiera sentarse enfrente de una pantalla de ordenador hasta que muera. Si no estudiara matem\u00e1ticas, y si no tuviera miedo de estar parada, estudiar\u00eda baile y guitarra. Pero siempre me preocupar\u00eda que no hubiera trabajos de baile o de guitarra. Mis padres soportar\u00edan que estudiara guitarra pero primero tengo que terminar la universidad y obtener la maestr\u00eda de matem\u00e1ticas. Si no necesitara dinero para vivir, bailar\u00eda todas las noches y tocar\u00eda la guitarra todos los d\u00edas. Hay muchos trabajos con los que siempre sue\u00f1o pero no soy muy valiente y estudio una materia m\u00e1s segura que el baile o la guitarra. Espero que la gente estudie lo que quiera para que sea feliz. Espero ser m\u00e1s valiente en el futuro y hacer lo que quiera tambi\u00e9n.<\/p>\n<p><a href=\"https:\/\/sites.bu.edu\/madridib\/mi-rincon\/el-rincon-de-jack\/\" title=\"El rinc\u00f3n de Josh\" target=\"_blank\"><strong>Josh:<\/strong><\/a> <strong><span style=\"text-decoration: underline;\">Mis Sue\u00f1os<\/span><\/strong><\/p>\n<p>A mi madre le gustar\u00eda que yo fuera m\u00e9dico, pero no me gustan las personas enfermas, as\u00ed que estudio econom\u00eda. Si pudiera manejar a los enfermos, ser\u00eda m\u00e9dico. Quiero ser banquero de inversi\u00f3n, creo que puedo ganar mucho dinero. Pero necesito encontrar un trabajo que me d\u00e9 mucho dinero. Primero, si fuera rico, pagar\u00eda toda mi deuda estudiantil. Segundo, me gustar\u00eda pagar la casa de mis padres. Me pondr\u00eda feliz poder ayudar a mis padres y a la gente que quiero. Tambi\u00e9n si tuviera mucho dinero, querr\u00eda descansar y divertirme. Me encantar\u00eda aprender a pilotar un avi\u00f3n y hacer vuelo sin motor. Si no tuviera miedo, har\u00eda paracaidismo. Despu\u00e9s de hacer cosas muy peligrosas, comprar\u00eda una isla y todo el tiempo me acostar\u00eda en una hamaca en la playa. Mi familia podr\u00eda vivir conmigo y nadie necesitar\u00eda trabajar nunca m\u00e1s. Eventualmente estar\u00eda aburrido y querr\u00eda volver a Los Estados Unidos y ayudar\u00eda a las personas necesitadas. Quiz\u00e1s montar\u00eda una fundaci\u00f3n para pobres o para hu\u00e9rfanos. Francamente no s\u00e9 lo que har\u00eda si fuera rico. Pero tengo que trabajar y estudiar mucho si quiero la oportunidad de descubrirlo. Por ahora solo puedo pensar y so\u00f1ar sobre mi vida futura.<\/p>\n<p><a href=\"https:\/\/sites.bu.edu\/madridib\/mi-rincon\/el-rincon-de-jack-2\/\" title=\"El rinc\u00f3n de Jack\" target=\"_blank\"><strong>Jack:<\/strong><\/a> <strong><span style=\"text-decoration: underline;\">Mis Sue<\/span><\/strong><strong><span style=\"text-decoration: underline;\">\u00f1<\/span><\/strong><strong><span style=\"text-decoration: underline;\">os<\/span><\/strong><\/p>\n<p>Como todos los ni\u00f1os, ten\u00eda sue\u00f1os sobre mi futuro cuando era un ni\u00f1o. Me gustar\u00eda tener una casa en un \u00e1rbol. Sab\u00eda que si tuviera mucho dinero en el futuro comprar\u00eda una casa en un \u00e1rbol. Ser\u00eda una casa grande, con un ascensor para cosas grandes, pero yo usar\u00eda una escalera de cuerda. En realidad, no podr\u00e9 tener una casa grande en un \u00e1rbol, pero todav\u00eda me gusta la idea. Entonces, cuando sea un adulto en realidad, construir\u00e9 una casa peque\u00f1a en un \u00e1rbol de mi jard\u00edn para mis ni\u00f1os. Primero, si me grad\u00fao, tendr\u00e9 que conseguir un trabajo. Me gustar\u00eda tener un trabajo en leyes. Pero, si quisiera un trabajo en leyes, necesitar\u00eda ir a la facultad de derecho. Hay una casa en un \u00e1rbol en el jard\u00edn de mi amigo Bill. Bill, que ten\u00eda una casa en un \u00e1rbol, ha sido mi mejor amigo durante muchos a\u00f1os. Voy a construir una casa en un \u00e1rbol como la que tiene Bill. Me extra\u00f1ar\u00eda no tener que ir a la facultad de derecho antes de trabajar. A mis amigos y a m\u00ed nos encantar\u00eda poder empezar a trabajar sin m\u00e1s escuela. Pero, si pudiera ir a la escuela siempre y no necesitara pagar y solamente asistiera a clases interesantes, me encantar\u00eda. Pero, es un sue\u00f1o.<\/p>\n<p><a href=\"https:\/\/sites.bu.edu\/madridib\/mi-rincon\/el-rincon-de-marissa\/\" title=\"El rinc\u00f3n de Marissa\" target=\"_blank\"><strong>Marissa:<\/strong><\/a> <strong><span style=\"text-decoration: underline;\">Mis Sue\u00f1os<\/span><\/strong><\/p>\n<p>Me gustar\u00eda vivir en Los \u00c1ngeles despu\u00e9s de graduarme. Es mi sue\u00f1o trabajar en Los \u00c1ngeles porque hay muchas oportunidades. Cuando voy all\u00ed me quedo con una amiga m\u00eda que vive all\u00ed ahora. Hay siempre mucho sol y buen tiempo. Si viviera en Los \u00c1ngeles, tendr\u00eda un coche porque es necesario en la ciudad. He o\u00eddo que el transporte p\u00fablico es terrible y el trafico tambi\u00e9n, pero es mas f\u00e1cil moverse si tienes un coche. Me molestar\u00eda vivir en Los \u00c1ngeles sin un coche porque no me gusta llegar tarde. Yo quiero trabajar en una compa\u00f1\u00eda de producci\u00f3n, donde tenga la oportunidad de hacer v\u00eddeos de m\u00fasica y anuncios. Si estuviera en Los \u00c1ngeles este verano, trabajar\u00eda en proyectos con algunas de las personas m\u00e1s innovadoras en la industria del entretenimiento. Me pondr\u00eda de buen humor saber que estoy progresando en mi profesi\u00f3n. Si consiguiera suficiente dinero, viajar\u00eda mucho para encontrar inspiraci\u00f3n para mi futuro trabajo.<\/p>\n<p>Tambi\u00e9n me gustan los muebles y me gustar\u00eda dise\u00f1ar una colecci\u00f3n para una famosa marca como Ikea. Si fuera dise\u00f1adora de muebles, querr\u00eda verlos en tiendas de ropa y restaurantes. Me encantar\u00eda hacerlos baratos pero de buena calidad. Es importante para m\u00ed que alg\u00fan d\u00eda la gente piense que soy una de las personas m\u00e1s influyente en las artes visuales y dise\u00f1o en el mundo.<\/p>\n","protected":false},"excerpt":{"rendered":"<p>Kimberly: Sue\u00f1os Tontos Yo tengo muchos sue\u00f1os que a la gente le parecen muy tontos. Me gustar\u00eda encontrar un trabajo que fuera muy divertido. Si practicara deporte muy bien, ingresar\u00eda en un equipo profesional pero no puedo tirar una pelota. Si tuviera una buena voz, ser\u00eda cantante pero no puedo cantar una nota. Si pudiera [&hellip;]<\/p>\n","protected":false},"author":5659,"featured_media":0,"parent":8,"menu_order":3,"comment_status":"closed","ping_status":"closed","template":"","meta":[],"_links":{"self":[{"href":"https:\/\/sites.bu.edu\/madridib\/wp-json\/wp\/v2\/pages\/220"}],"collection":[{"href":"https:\/\/sites.bu.edu\/madridib\/wp-json\/wp\/v2\/pages"}],"about":[{"href":"https:\/\/sites.bu.edu\/madridib\/wp-json\/wp\/v2\/types\/page"}],"author":[{"embeddable":true,"href":"https:\/\/sites.bu.edu\/madridib\/wp-json\/wp\/v2\/users\/5659"}],"replies":[{"embeddable":true,"href":"https:\/\/sites.bu.edu\/madridib\/wp-json\/wp\/v2\/comments?post=220"}],"version-history":[{"count":4,"href":"https:\/\/sites.bu.edu\/madridib\/wp-json\/wp\/v2\/pages\/220\/revisions"}],"predecessor-version":[{"id":224,"href":"https:\/\/sites.bu.edu\/madridib\/wp-json\/wp\/v2\/pages\/220\/revisions\/224"}],"up":[{"embeddable":true,"href":"https:\/\/sites.bu.edu\/madridib\/wp-json\/wp\/v2\/pages\/8"}],"wp:attachment":[{"href":"https:\/\/sites.bu.edu\/madridib\/wp-json\/wp\/v2\/media?parent=220"}],"curies":[{"name":"wp","href":"https:\/\/api.w.org\/{rel}","templated":true}]}}