{"id":16,"date":"2012-10-30T22:11:02","date_gmt":"2012-10-31T02:11:02","guid":{"rendered":"https:\/\/sites.bu.edu\/indopersian\/?page_id=16"},"modified":"2015-02-10T13:22:23","modified_gmt":"2015-02-10T18:22:23","slug":"dissertations","status":"publish","type":"page","link":"https:\/\/sites.bu.edu\/indopersian\/dissertations\/","title":{"rendered":"Dissertations"},"content":{"rendered":"<p><strong>COMPLETED DISSERTATIONS<\/strong><\/p>\n<p>2014<\/p>\n<p>Kaicker, Abhishek. <em>The Cultures of Urban Politics in the Mughal Empire, 1707-1748<\/em>. Columbia University.<\/p>\n<p>2013<\/p>\n<p>Dudney, Arthur. <em>Indo-Persian Philology in the Eighteenth Century and the Politics of Literary Culture.<\/em>. Columbia University.<\/p>\n<p>Kovacs, Hajnalka. <em>\u201cThe Tavern of the Manifestation of Realities\u201d: The Masnavi Muhit-i A`zam by Mirza `Abd al-Qadir Bedil (1644-1720)<\/em>. University of Chicago.<\/p>\n<p>Nair, Shankar. <em>Philosophy in Any Language: Interaction between Arabic, Sanskrit, and Persian Intellectual Cultures in Mughal South Asia<\/em>. Harvard University.<\/p>\n<p>2012<\/p>\n<p>Balachandran, Jyoti Gulati. <em>Texts, Tombs and Memory: The Migration, Settlement, and Formation of a Learned Muslim Community in Fifteenth-Century Gujarat. <\/em>UCLA.<\/p>\n<p>Fischel, Roy. <em>Society, Space, and the State in the Deccan Sultanates, 1565-1636<\/em>. University of Chicago.<\/p>\n<p>Khan, Pasha M. <em>The Broken Spell: The Romance Genre in Late Mughal India<\/em>. Columbia University.<\/p>\n<p>Sheffield, Daniel. <em>In the Path of the Prophet: Medieval and Early Modern Narratives of the Life of Zarathustra in Islamic Iran and Western India<\/em>. Harvard University.<\/p>\n<p>Truschke, Audrey. <em>Cosmopolitan Encounters: Sanskrit and Persian at the Mughal Court<\/em>. Columbia University.<\/p>\n<p>2011<\/p>\n<p>Gandhi, Supriya. <em>Mughal Self-Fashioning, Indic Self Realization: Dara Shikoh and Persian Textual Cultures in Early Modern South Asia<\/em>. Harvard University.<\/p>\n<p>Kia, Mana. <em>Contours of Persianate Community, 1722-1835<\/em>. Harvard University.<\/p>\n<p>2005<\/p>\n<p>Sarkar, Nilanjan. <em>The Political Identity of the Delhi Sultanate, 1200-1400: A Study of Zi\u0101 ud-D\u012bn Baran\u012b\u2019s Fat\u0101w\u0101-i-Jah\u0101nd\u0101r\u012b<\/em>. SOAS.<\/p>\n<p><strong>DISSERTATIONS IN PROGRESS<\/strong><\/p>\n<p>Cornwall, Owen. <em>The Astral Sciences in Early Modern South Asia<\/em>. Columbia University.<\/p>\n<p>Hamid, Usman. <em>Sufis, Soldiers, and Scribes: The Rise and Rule of Mughal Power in North India, 1526-1627<\/em>. University of Toronto.<\/p>\n<p>Hasson, Michal, <em>From Global to Local: The Story of Laila and Majnun in South Asian Literature.<\/em> Harvard University.<\/p>\n<p>Jabbari, Alexander, <em>Literary Historiography in the Making of Persianate Modernity, 1871-1942<\/em>. University of California, Irvine.<\/p>\n<p>Majchrowicz, Daniel, <em>Travel as a Means to Victory: Urdu Travel Writing and Aspiration in Islamicate South Asia<\/em>. Harvard University.<\/p>\n<p>Rathee, Vikas. <em>Narratives of a War of Succession (1658) for the Mughal Throne, c.1670 \u2013 c.1710<\/em>. The University of Arizona.<\/p>\n","protected":false},"excerpt":{"rendered":"<p>COMPLETED DISSERTATIONS 2014 Kaicker, Abhishek. The Cultures of Urban Politics in the Mughal Empire, 1707-1748. Columbia University. 2013 Dudney, Arthur. Indo-Persian Philology in the Eighteenth Century and the Politics of Literary Culture.. Columbia University. Kovacs, Hajnalka. \u201cThe Tavern of the Manifestation of Realities\u201d: The Masnavi Muhit-i A`zam by Mirza `Abd al-Qadir Bedil (1644-1720). University of [&hellip;]<\/p>\n","protected":false},"author":4149,"featured_media":0,"parent":0,"menu_order":5,"comment_status":"closed","ping_status":"closed","template":"","meta":[],"_links":{"self":[{"href":"https:\/\/sites.bu.edu\/indopersian\/wp-json\/wp\/v2\/pages\/16"}],"collection":[{"href":"https:\/\/sites.bu.edu\/indopersian\/wp-json\/wp\/v2\/pages"}],"about":[{"href":"https:\/\/sites.bu.edu\/indopersian\/wp-json\/wp\/v2\/types\/page"}],"author":[{"embeddable":true,"href":"https:\/\/sites.bu.edu\/indopersian\/wp-json\/wp\/v2\/users\/4149"}],"replies":[{"embeddable":true,"href":"https:\/\/sites.bu.edu\/indopersian\/wp-json\/wp\/v2\/comments?post=16"}],"version-history":[{"count":8,"href":"https:\/\/sites.bu.edu\/indopersian\/wp-json\/wp\/v2\/pages\/16\/revisions"}],"predecessor-version":[{"id":170,"href":"https:\/\/sites.bu.edu\/indopersian\/wp-json\/wp\/v2\/pages\/16\/revisions\/170"}],"wp:attachment":[{"href":"https:\/\/sites.bu.edu\/indopersian\/wp-json\/wp\/v2\/media?parent=16"}],"curies":[{"name":"wp","href":"https:\/\/api.w.org\/{rel}","templated":true}]}}