{"id":232,"date":"2023-09-09T20:09:29","date_gmt":"2023-09-10T00:09:29","guid":{"rendered":"https:\/\/sites.bu.edu\/gfa\/?post_type=profile&#038;p=232"},"modified":"2023-09-09T20:09:29","modified_gmt":"2023-09-10T00:09:29","slug":"mairin-martin","status":"publish","type":"profile","link":"https:\/\/sites.bu.edu\/gfa\/profile\/mairin-martin\/","title":{"rendered":"M\u00e1ir\u00edn Martin"},"content":{"rendered":"<p>M\u00e1ir\u00edn Martin is Chairperson of Ballinamore Area Community Council Clg and is the driving force behind the committee and the key \u201cgo-to person\u201d in her community. Recently awarded a \u2018Life Time Volunteer Achievement\u2019 for over 30 years of volunteering in her community, having previously been awarded \u2018Leitrim Person of the Year\u2019 for Investing in People &amp; Changing Perspectives.<\/p>\n<p>Having worked with Coiste Network on a programme for ex political prisoners, combatants, and their families, M\u00e1ir\u00edn gained extensive experience in how to improve outcomes for and promote the positive development of communities dealing with division.<\/p>\n<p>M\u00e1ir\u00edn has also gained further experience through the International Fund for Ireland Peace Impact Programme, cross border\/cross-community, in Leitrim\/Fermanagh and throughout the six counties. In 2022, M\u00e1ir\u00edn was honoured to be selected by the IFI, to participate in the AMBIT 2022 programme, to undergo a two-week visit to El Paso and Washington DC, to study multiple identities in a shared space, conflict, and trauma. She was also selected to<br \/>\nattend The Irish College in Leuven, Belgium to participate in the \u201cPeace 25: Everyday Peacemakers\u201d high-level Conference to mark the 25th Anniversary of the Belfast\/Good Friday Agreement.<\/p>\n<p>M\u00e1ir\u00edn grew up in close proximity to the border, in the North of Ireland, during the Troubles. She is from a Nationalist\/Catholic background. She was acutely aware that the segregated schools\u2019 system built barriers between two religious cultures and caused mistrust and fear and this empowered her to play a very active role in her community. M\u00e1ir\u00edn continues to break down barriers and reach out to communities on a cross-border\/cross-community basis. Since joining AMBIT, she has formed firm friendships with members of cross- community groups with whom she would previously not have had the opportunity to do so.<\/p>\n","protected":false},"author":15206,"template":"","_links":{"self":[{"href":"https:\/\/sites.bu.edu\/gfa\/wp-json\/wp\/v2\/profile\/232"}],"collection":[{"href":"https:\/\/sites.bu.edu\/gfa\/wp-json\/wp\/v2\/profile"}],"about":[{"href":"https:\/\/sites.bu.edu\/gfa\/wp-json\/wp\/v2\/types\/profile"}],"author":[{"embeddable":true,"href":"https:\/\/sites.bu.edu\/gfa\/wp-json\/wp\/v2\/users\/15206"}],"version-history":[{"count":1,"href":"https:\/\/sites.bu.edu\/gfa\/wp-json\/wp\/v2\/profile\/232\/revisions"}],"predecessor-version":[{"id":234,"href":"https:\/\/sites.bu.edu\/gfa\/wp-json\/wp\/v2\/profile\/232\/revisions\/234"}],"wp:attachment":[{"href":"https:\/\/sites.bu.edu\/gfa\/wp-json\/wp\/v2\/media?parent=232"}],"curies":[{"name":"wp","href":"https:\/\/api.w.org\/{rel}","templated":true}]}}

Máirín Martin

<p>Máirín Martin is Chairperson of Ballinamore Area Community Council Clg and is the driving force behind the committee and the key “go-to person” in her community. Recently awarded a ‘Life Time Volunteer Achievement’ for over 30 years of volunteering in her community, having previously been awarded ‘Leitrim Person of the Year’ for Investing in People &amp; Changing Perspectives.</p>
<p>Having worked with Coiste Network on a programme for ex political prisoners, combatants, and their families, Máirín gained extensive experience in how to improve outcomes for and promote the positive development of communities dealing with division.</p>
<p>Máirín has also gained further experience through the International Fund for Ireland Peace Impact Programme, cross border/cross-community, in Leitrim/Fermanagh and throughout the six counties. In 2022, Máirín was honoured to be selected by the IFI, to participate in the AMBIT 2022 programme, to undergo a two-week visit to El Paso and Washington DC, to study multiple identities in a shared space, conflict, and trauma. She was also selected to<br />
attend The Irish College in Leuven, Belgium to participate in the “Peace 25: Everyday Peacemakers” high-level Conference to mark the 25th Anniversary of the Belfast/Good Friday Agreement.</p>
<p>Máirín grew up in close proximity to the border, in the North of Ireland, during the Troubles. She is from a Nationalist/Catholic background. She was acutely aware that the segregated schools’ system built barriers between two religious cultures and caused mistrust and fear and this empowered her to play a very active role in her community. Máirín continues to break down barriers and reach out to communities on a cross-border/cross-community basis. Since joining AMBIT, she has formed firm friendships with members of cross- community groups with whom she would previously not have had the opportunity to do so.</p>
