{"id":2892,"date":"2017-03-01T13:20:17","date_gmt":"2017-03-01T18:20:17","guid":{"rendered":"https:\/\/sites.bu.edu\/ealab\/?page_id=2892"},"modified":"2021-09-24T13:45:53","modified_gmt":"2021-09-24T17:45:53","slug":"kerkenes","status":"publish","type":"page","link":"https:\/\/sites.bu.edu\/ealab\/research\/current-projects\/kerkenes\/","title":{"rendered":"Kerkenes"},"content":{"rendered":"<h3>Project Overview<\/h3>\n<p>Kerkenes is a massive urban center\u00a0in highland central Anatolia dating to\u00a0the Iron Age\u00a0that was built, inhabited, and destroyed within perhaps 100 years. Built atop a mountain ridge sacred to the Hittite kings, the site was destroyed during the invasion of Anatolia by the Achaemenid Persian Empire under Cyrus the Great. While the affiliation of Kerkenes was uncertain\u00a0for many years, evidence increasingly points to a Phrygian cultural affiliation, connecting the city with <a href=\"https:\/\/sites.bu.edu\/ealab\/research\/current-projects\/gordion\/\">Gordion<\/a> far to its west. <a href=\"https:\/\/nsf.gov\/awardsearch\/showAward?AWD_ID=1624105&amp;HistoricalAwards=false\" target=\"_blank\" rel=\"noopener noreferrer\">NSF-funded excavations<\/a> under the direction of Scott Branting of the University of Central Florida aim to understand daily life and city planning within this well planned but short lived urban center.<\/p>\n<p>The project website can be found\u00a0<a href=\"https:\/\/sciences.ucf.edu\/anthropology\/kerkenes\/\" target=\"_blank\" rel=\"noopener noreferrer\">here<\/a>.<\/p>\n<h3>Environmental Archaeology Lab Member Involvement<\/h3>\n<p>John M. Marston has directed\u00a0environmental archaeology at Kerkenes since 2010. Numerous volunteers in the EAL have helped to sort Kerkenes samples at\u00a0Boston University, contributing to recent publications. <a href=\"https:\/\/sites.bu.edu\/ealab\/profile\/sydney-hunter\/\" target=\"_blank\" rel=\"noopener noreferrer\">Sydney Hunter<\/a>\u00a0joined the Kerkenes team in the field in summer 2019.<\/p>\n<h3>Related\u00a0Publications<\/h3>\n<p><span style=\"text-decoration: underline;\">2019<\/span><\/p>\n<p><span>Sarah R. Graff, Scott Branting, and John M. Marston. Production requires water: material remains of the hydrosocial cycle in an ancient Anatolian city.\u00a0<em>Economic Anthropology <\/em>6(2):234-249.<\/span><\/p>\n<p>Branting, Scott, Joseph Lehner, Sevil Baltal\u0131 T\u0131rpan, Dominique Langis-Barsetti, Tuna Kalayc\u0131, Sarah R. Graff, Lucas Proctor, Nil\u00fcfer Baturayo\u011flu Y\u00f6ney, Burak As\u0131liskender, Canan \u00c7ak\u0131rlar-Oddens, and John M. Marston. 2019. The Kerkenes Project 2017-2018. In <i>The Archaeology of Anatolia, Volume III: Recent Discoveries (2017-2018)<\/i>. Edited by Sharon R. Steadman and Gregory McMahon, pp. 99-111. Cambridge Scholars Publishing, Cambridge.<\/p>\n<p>Branting, Scott, Yasemin \u00d6zarslan, Joseph Lehner, John M. Marston, and Sarah R. Graff. 2019. Kerkenes and Phrygia: old and new directions of research. In <i>Phrygia in Antiquity: From the Bronze Age to the Byzantine Period<\/i>. Edited by Gocha R. Tsetskhladze, pp. 539-559. Peeters, Leuven.<\/p>\n<p><span style=\"text-decoration: underline;\">2017<\/span><\/p>\n<p><span>Branting, Scott, Joseph Lehner, Sevil Baltal\u0131 T\u0131rpan, Sarah R. Graff, John M. Marston, Tuna Kalayc\u0131, Yasemin \u00d6zarslan, Dominique Langis-Barsetti, Lucas Proctor, and Paige Paulsen. The Kerkenes Project 2015-2016. In <i>The Archaeology of Anatolia: Recent Discoveries (Volume 2)<\/i>. Edited by Sharon R. Steadman and Gregory McMahon, in press. Cambridge Scholars Publishing, Cambridge.<\/span><\/p>\n<p><span>Branting, Scott, Yasemin \u00d6zarslan, Joseph Lehner, John M. Marston, and Sarah R. Graff. Kerkenes and Phrygia: old and new directions of research. In <i>The Phrygian Lands over Time: From Prehistory to the Middle of the 1st Millennium AD<\/i>. Edited by Gocha R. Tsetskhladze, in press. Peeters, Leuven.<\/span><\/p>\n<p><span style=\"text-decoration: underline;\">2016<\/span><\/p>\n<p><span>Marston, John M., and Scott Branting. Agricultural adaptation to highland climate in Iron Age Anatolia. <i>Journal of Archaeological Science: Reports <\/i>9:25-32.<\/span><\/p>\n<h3>Related Presentations<\/h3>\n<p><span style=\"text-decoration: underline;\">2018<\/span><\/p>\n<p><span>Graff, Sarah R., Scott Branting, and John M. Marston. \u201cProduction requires water: water management in an ancient Anatolian city\u201d Paper presented at the Society for Economic Anthropology Annual Meeting<\/span><\/p>\n<p>Branting, Scott, Joseph Lehner, Sevil Baltal\u0131 T\u0131rpan, Dominique Langis-Barsetti, Tuna Kalayc\u0131, Yasemin <span>\u00d6<\/span>zarslan, Sarah Graff, Lucas Proctor, Nil<span>\u00fc<\/span>fer Baturayo<span>g\u0306<\/span>lu Y<span>\u00f6<\/span>ney, Burak Asiliskender, Canan <span>\u00c7<\/span>ak\u0131rlar, John M. <b>Marston<\/b>, and Paige Paulsen. \u201cThe 2018 Season of the Kerkenes Project, Turkey\u201d <span>Paper presented at the\u00a0<\/span>Annual Meeting of the American Schools of Oriental Research<\/p>\n<p><span style=\"text-decoration: underline;\">2017<\/span><\/p>\n<p><span>Graff, Sarah R., and John M. Marston. \u201cPhrygian cuisine at Kerkenes: a synthesis of ceramic and botanical evidence for food storage and cooking\u201d\u00a0Paper presented at the\u00a082nd Annual Meeting of the Society for American Archaeology\u00a0<\/span><\/p>\n<p><span style=\"text-decoration: underline;\"><\/span><span style=\"text-decoration: underline;\">2015<\/span><\/p>\n<p><span>Marston, John M. \u201cAgricultural adaptation during imperial expansion: climate adaptation in Iron Age highland Central Anatolia\u201d Paper presented at the\u00a0116th Annual Meeting of the Archaeological Institute of America<\/span><\/p>\n<p><span style=\"text-decoration: underline;\">2013<\/span><\/p>\n<p><span>Marston, John M. \u201cAgricultural adaptation to climate change in central Turkey, 1500 BCE \u2013 500 CE\u201d Paper presented at the\u00a036th Annual Conference of the Society of Ethnobiology<\/span><\/p>\n<p><span>Marston, John M. \u201cAgricultural adaptation to climate variation in Iron Age Central Anatolia\u201d Poster\u00a0presented at the\u00a0Annual Meeting of the American Schools of Oriental Research<\/span><\/p>\n<p><span>Marston, John M. \u201cAgricultural adaptation to highland central Anatolia: new data from the Iron Age city of Kerkenes\u201d Poster\u00a0presented at the\u00a078th Annual Meeting of the Society for American Archaeology<\/span><br \/>\n<div class=\"bu-slideshow-container kerkenes-slideshow autoplay\" id=\"bu-slideshow-container-2981\" data-slideshow-name=\"kerkenes-slideshow\" data-slideshow-delay=\"5000\" style=\"width: auto; \"><div class='slideshow-loader active'><div class='loader-animation'><\/div><p>loading slideshow...<\/p><\/div><div class=\"bu-slideshow-slides\"><ul class=\"bu-slideshow transition-slide\" id=\"bu-slideshow-2981\"><li id=\"bu-slideshow-2981_0\" class=\"slide \"><div class=\"bu-slide-container slide-caption-bottom-right\"><img src=\"\/ealab\/files\/2017\/03\/IMG_2224-636x424.jpg\" alt=\"\" \/><div class=\"bu-slide-caption caption-bottom-right\"><p class=\"bu-slide-caption-text\">Kerkenes is best known for its monumental stone city wall that runs 7 km<\/p><\/div><\/div><\/li><li id=\"bu-slideshow-2981_1\" class=\"slide \"><div class=\"bu-slide-container slide-caption-bottom-right\"><img src=\"\/ealab\/files\/2017\/03\/IMG_2161-636x424.jpg\" alt=\"\" \/><div class=\"bu-slide-caption caption-bottom-right\"><p class=\"bu-slide-caption-text\">The wall inscribes 271 hectares - the largest pre-Hellenistic city in Anatolia<\/p><\/div><\/div><\/li><li id=\"bu-slideshow-2981_2\" class=\"slide \"><div class=\"bu-slide-container slide-caption-bottom-right\"><img src=\"\/ealab\/files\/2017\/03\/IMG_1497-636x424.jpg\" alt=\"\" \/><div class=\"bu-slide-caption caption-bottom-right\"><p class=\"bu-slide-caption-text\">Architecture is well preserved in some areas despite site-wide destruction by fire<\/p><\/div><\/div><\/li><li id=\"bu-slideshow-2981_3\" class=\"slide \"><div class=\"bu-slide-container slide-caption-bottom-right\"><img src=\"\/ealab\/files\/2017\/03\/IMG_0657-636x477.jpg\" alt=\"\" \/><div class=\"bu-slide-caption caption-bottom-right\"><p class=\"bu-slide-caption-text\">Animal bones are heavily burned and fragmented<\/p><\/div><\/div><\/li><li id=\"bu-slideshow-2981_4\" class=\"slide \"><div class=\"bu-slide-container slide-caption-bottom-right\"><img src=\"\/ealab\/files\/2017\/03\/DSCF2350-636x477.jpg\" alt=\"\" \/><div class=\"bu-slide-caption caption-bottom-right\"><p class=\"bu-slide-caption-text\">The flotation system in use in 2010-2011<\/p><\/div><\/div><\/li><li id=\"bu-slideshow-2981_5\" class=\"slide \"><div class=\"bu-slide-container slide-caption-bottom-right\"><img src=\"\/ealab\/files\/2017\/03\/IMG_0608-636x477.jpg\" alt=\"\" \/><div class=\"bu-slide-caption caption-bottom-right\"><p class=\"bu-slide-caption-text\">The soil is essentially gravel, so heavy fraction sorting is laborious<\/p><\/div><\/div><\/li><li id=\"bu-slideshow-2981_6\" class=\"slide \"><div class=\"bu-slide-container slide-caption-bottom-right\"><img src=\"\/ealab\/files\/2017\/03\/P1050675-636x477.jpg\" alt=\"\" \/><div class=\"bu-slide-caption caption-bottom-right\"><p class=\"bu-slide-caption-text\">The cool, wet mountain climate at Kerkenes means considerable precipitation<\/p><\/div><\/div><\/li><\/ul><\/div><div class=\"bu-slideshow-navigation-container\"><ul class=\"bu-slideshow-navigation nav-icon\" id=\"bu-slideshow-nav-2981\" aria-hidden=\"true\"><li><a href=\"#\" id=\"pager-1\" class=\" active\" aria-hidden=\"true\"><span>1<\/span><\/a><\/li> <li><a href=\"#\" id=\"pager-2\" class=\"\" aria-hidden=\"true\"><span>2<\/span><\/a><\/li> <li><a href=\"#\" id=\"pager-3\" class=\"\" aria-hidden=\"true\"><span>3<\/span><\/a><\/li> <li><a href=\"#\" id=\"pager-4\" class=\"\" aria-hidden=\"true\"><span>4<\/span><\/a><\/li> <li><a href=\"#\" id=\"pager-5\" class=\"\" aria-hidden=\"true\"><span>5<\/span><\/a><\/li> <li><a href=\"#\" id=\"pager-6\" class=\"\" aria-hidden=\"true\"><span>6<\/span><\/a><\/li> <li><a href=\"#\" id=\"pager-7\" class=\"\" aria-hidden=\"true\"><span>7<\/span><\/a><\/li> <\/ul><\/div><\/div><\/p>\n<ul class=\"crumbs\">\n<li><a href=\"https:\/\/sites.bu.edu\/ealab\/\">Home<\/a><\/li>\n<li><a href=\"https:\/\/sites.bu.edu\/ealab\/research\/\">Research<\/a><\/li>\n<li><a href=\"https:\/\/sites.bu.edu\/ealab\/research\/current-projects\/\">Current Projects<\/a><\/li>\n<li><a href=\"#\">Kerkenes<\/a><\/li>\n<\/ul>\n","protected":false},"excerpt":{"rendered":"<p>Project Overview Kerkenes is a massive urban center\u00a0in highland central Anatolia dating to\u00a0the Iron Age\u00a0that was built, inhabited, and destroyed within perhaps 100 years. Built atop a mountain ridge sacred to the Hittite kings, the site was destroyed during the invasion of Anatolia by the Achaemenid Persian Empire under Cyrus the Great. While the affiliation [&hellip;]<\/p>\n","protected":false},"author":7952,"featured_media":0,"parent":1091,"menu_order":2,"comment_status":"closed","ping_status":"closed","template":"","meta":[],"_links":{"self":[{"href":"https:\/\/sites.bu.edu\/ealab\/wp-json\/wp\/v2\/pages\/2892"}],"collection":[{"href":"https:\/\/sites.bu.edu\/ealab\/wp-json\/wp\/v2\/pages"}],"about":[{"href":"https:\/\/sites.bu.edu\/ealab\/wp-json\/wp\/v2\/types\/page"}],"author":[{"embeddable":true,"href":"https:\/\/sites.bu.edu\/ealab\/wp-json\/wp\/v2\/users\/7952"}],"replies":[{"embeddable":true,"href":"https:\/\/sites.bu.edu\/ealab\/wp-json\/wp\/v2\/comments?post=2892"}],"version-history":[{"count":19,"href":"https:\/\/sites.bu.edu\/ealab\/wp-json\/wp\/v2\/pages\/2892\/revisions"}],"predecessor-version":[{"id":4432,"href":"https:\/\/sites.bu.edu\/ealab\/wp-json\/wp\/v2\/pages\/2892\/revisions\/4432"}],"up":[{"embeddable":true,"href":"https:\/\/sites.bu.edu\/ealab\/wp-json\/wp\/v2\/pages\/1091"}],"wp:attachment":[{"href":"https:\/\/sites.bu.edu\/ealab\/wp-json\/wp\/v2\/media?parent=2892"}],"curies":[{"name":"wp","href":"https:\/\/api.w.org\/{rel}","templated":true}]}}