{"id":206,"date":"2019-08-06T18:07:23","date_gmt":"2019-08-06T22:07:23","guid":{"rendered":"https:\/\/sites.bu.edu\/bustonlab\/?page_id=206"},"modified":"2019-10-07T18:27:08","modified_gmt":"2019-10-07T22:27:08","slug":"collaborators","status":"publish","type":"page","link":"https:\/\/sites.bu.edu\/bustonlab\/people\/collaborators\/","title":{"rendered":"Collaborators &#038; Colleagues"},"content":{"rendered":"<p>The Buston Lab, together with an international network of collaborators, grapples with questions at the frontiers of behavioral ecology, population ecology, and evolutionary biology in the marine environment. Our collaborators, close colleagues, and visitors come from all over the world:<\/p>\n<p>Suzanne Alonzo, University of California at Santa Cruz, USA<br \/>\nMaydianne Andrade, University of Toronto, Canada<br \/>\nJos\u00e9 Andres, Cornell University, USA<br style=\"clear: both;\" \/>Jelle Atema, Boston University, USA<br style=\"clear: both;\" \/>Sigal Balshine, McMaster University, Canada<br \/>\nJordi Bascompte, University of Zurich, Switzerland<br \/>\nAndrew Bass, Cornell University, USA<br \/>\nMike Berumen, King Abdullah University of Science and Technology, Saudi Arabia<br style=\"clear: both;\" \/>Steve Bogdanowicz, Cornell University, USA<br \/>\nPatricia Brennan, Mount Holyoke College, USA<br \/>\nMike Cant, University of Exeter, UK<br \/>\nLeandra Cho-Ricketts, University of Belize, Belize<br style=\"clear: both;\" \/>Milan Curcic, University of Miami, USA<br style=\"clear: both;\" \/>Jim Dale, Massey University, New Zealand<br \/>\nSasha Dall, University of Exeter, UK<br \/>\nCassidy D&#8217;Aloia, University of New Brunswick, Canada<br style=\"clear: both;\" \/>Sarah Davies, Boston University, USA<br style=\"clear: both;\" \/>Jane Elith, University of Melbourne, Australia<br style=\"clear: both;\" \/>Steve Emlen, Cornell University, USA<br \/>\nCecile Fauvelot, University of Perpignan, France<br \/>\nMarie-Jos\u00e9e Fortin, University of Toronto, Canada<br style=\"clear: both;\" \/>Cristina Garc\u00eda, University of Porto, Portugal<br \/>\nMar\u00eda Garc\u00eda, Instituto Pirenaico de Ecologia, CSIC, Spain<br \/>\nHugo Harrison, James Cook University, Australia<br style=\"clear: both;\" \/>Richard Harrison, Cornell University, USA<br \/>\nMark Hauber, University of Illinois, USA<br \/>\nYinan Hu, Boston College, USA<br style=\"clear: both;\" \/>Geoff Jones, James Cook University, Australia<br \/>\nPedro Jordano, Estaci\u00f3n Biol\u00f3gica de Do\u00f1ana, CSIC, Spain<br \/>\nDavid Lindo, City University of New York, USA<br \/>\nJohn Majoris, King Abdullah University of Science and Technology, Saudi Arabia<br style=\"clear: both;\" \/>Siobhan Mattison, University of New Mexico, USA<br style=\"clear: both;\" \/>Amy McCune, Cornell University, USA<br \/>\nSean Mullen, Boston University, USA<br style=\"clear: both;\" \/>Phil Munday, James Cook University, Australia<br \/>\nClaire Paris, University of Miami, USA<br \/>\nValerie Paul, Smithsonian Marine Station, USA<br \/>\nMalin Pinsky, Rutgers University, USA<br style=\"clear: both;\" \/>Serge Planes, University of Perpignan, France<br \/>\nKern Reeve, Cornell University, USA<br \/>\nEnrico Rezende, Pontifical Catholic University, Chile<br style=\"clear: both;\" \/>Dustin Rubenstein, Columbia University, USA<br style=\"clear: both;\" \/>Andrew Russell, University of Exeter, UK<br \/>\nAllison Shaw, University of Minnesota, USA<br \/>\nPaul Sherman, Cornell University, USA<br style=\"clear: both;\" \/>Maya Srinivasan, James Cook University, Australia<br style=\"clear: both;\" \/>Alex Tewfik, Wildlife Conservation Society, Belize<br style=\"clear: both;\" \/>Simon Thorrold, Woods Hole Oceanographic Institution, USA<br \/>\nAlfredo Valido, <span>Instituto de Productos Naturales y Agrobiolog\u00eda, CSIC<\/span><span>, Spain<\/span><br style=\"clear: both;\" \/>Ana Vaz, University of Miami, USA<br style=\"clear: both;\" \/>Sandra Vehrencamp, Cornell University, USA<br \/>\nRobert Warner, University of California, Santa Barbara, USA<br \/>\nColleen Webb, Colorado State University, USA<br \/>\nJacqueline Webb, University of Rhode Island, USA<br \/>\nMarian Wong, Wollongong University, Australia<br \/>\nAndrew Zink, San Francisco State University, USA<\/p>\n","protected":false},"excerpt":{"rendered":"<p>The Buston Lab, together with an international network of collaborators, grapples with questions at the frontiers of behavioral ecology, population ecology, and evolutionary biology in the marine environment. Our collaborators, close colleagues, and visitors come from all over the world: Suzanne Alonzo, University of California at Santa Cruz, USA Maydianne Andrade, University of Toronto, Canada [&hellip;]<\/p>\n","protected":false},"author":10365,"featured_media":0,"parent":17,"menu_order":3,"comment_status":"closed","ping_status":"closed","template":"","meta":[],"_links":{"self":[{"href":"https:\/\/sites.bu.edu\/bustonlab\/wp-json\/wp\/v2\/pages\/206"}],"collection":[{"href":"https:\/\/sites.bu.edu\/bustonlab\/wp-json\/wp\/v2\/pages"}],"about":[{"href":"https:\/\/sites.bu.edu\/bustonlab\/wp-json\/wp\/v2\/types\/page"}],"author":[{"embeddable":true,"href":"https:\/\/sites.bu.edu\/bustonlab\/wp-json\/wp\/v2\/users\/10365"}],"replies":[{"embeddable":true,"href":"https:\/\/sites.bu.edu\/bustonlab\/wp-json\/wp\/v2\/comments?post=206"}],"version-history":[{"count":15,"href":"https:\/\/sites.bu.edu\/bustonlab\/wp-json\/wp\/v2\/pages\/206\/revisions"}],"predecessor-version":[{"id":1077,"href":"https:\/\/sites.bu.edu\/bustonlab\/wp-json\/wp\/v2\/pages\/206\/revisions\/1077"}],"up":[{"embeddable":true,"href":"https:\/\/sites.bu.edu\/bustonlab\/wp-json\/wp\/v2\/pages\/17"}],"wp:attachment":[{"href":"https:\/\/sites.bu.edu\/bustonlab\/wp-json\/wp\/v2\/media?parent=206"}],"curies":[{"name":"wp","href":"https:\/\/api.w.org\/{rel}","templated":true}]}}