{"id":322,"date":"2021-11-12T13:38:21","date_gmt":"2021-11-12T18:38:21","guid":{"rendered":"https:\/\/sites.bu.edu\/buckdntresearch\/?page_id=322"},"modified":"2022-04-26T10:15:25","modified_gmt":"2022-04-26T14:15:25","slug":"el-salvador-team","status":"publish","type":"page","link":"https:\/\/sites.bu.edu\/buckdntresearch\/research-center-for-chronic-kidney-disease-in-central-america\/el-salvador-team\/","title":{"rendered":"Meet the El Salvador Team"},"content":{"rendered":"<div class=\"bu-slideshow-container el-salvador-team autoplay\" id=\"bu-slideshow-container-750\" data-slideshow-name=\"el-salvador-team\" data-slideshow-delay=\"5000\" style=\"width: auto; \"><div class='slideshow-loader active'><div class='loader-animation'><\/div><p>loading slideshow...<\/p><\/div><div class=\"bu-slideshow-slides\"><ul class=\"bu-slideshow transition-slide\" id=\"bu-slideshow-750\"><li id=\"bu-slideshow-750_0\" class=\"slide \"><div class=\"bu-slide-container slide-caption-bottom-right\"><img src=\"\/buckdntresearch\/files\/2022\/01\/WhatsApp-Image-2018-04-05-at-8.01.36-AM-1.jpeg\" alt=\"A picture of El Salvador Team agains a corn field.\" \/><div class=\"bu-slide-caption caption-bottom-right\"><p class=\"bu-slide-caption-text\">Dr. Jarqu\u00edn and El Salvador Team<\/p><\/div><\/div><\/li><li id=\"bu-slideshow-750_1\" class=\"slide \"><div class=\"bu-slide-container slide-caption-bottom-right\"><img src=\"\/buckdntresearch\/files\/2022\/01\/WhatsApp-Image-2018-02-02-at-8.25.42-AM-1.jpeg\" alt=\"A picture of El Salvador Team agains a cane sugar field background.\" \/><div class=\"bu-slide-caption caption-bottom-right\"><p class=\"bu-slide-caption-text\">Dr. Jarqu\u00edn and El Salvador Team<\/p><\/div><\/div><\/li><li id=\"bu-slideshow-750_2\" class=\"slide \"><div class=\"bu-slide-container slide-caption-bottom-right\"><img src=\"\/buckdntresearch\/files\/2022\/01\/394A4586-CD0E-4DDB-852C-9DC03220F990-scaled.jpg\" alt=\"A picture of Sinead, Dr. Jarquin and Dr. Scammell. All three are hugging and smiling.\" \/><div class=\"bu-slide-caption caption-bottom-right\"><p class=\"bu-slide-caption-text\">Sin\u00e9ad, Dr Jarqu\u00edn, and Dr. Scammell (left to right)<\/p><\/div><\/div><\/li><\/ul><\/div><div class=\"bu-slideshow-navigation-container\"><ul class=\"bu-slideshow-navigation nav-icon\" id=\"bu-slideshow-nav-750\" aria-hidden=\"true\"><li><a href=\"#\" id=\"pager-1\" class=\" active\" aria-hidden=\"true\"><span>1<\/span><\/a><\/li> <li><a href=\"#\" id=\"pager-2\" class=\"\" aria-hidden=\"true\"><span>2<\/span><\/a><\/li> <li><a href=\"#\" id=\"pager-3\" class=\"\" aria-hidden=\"true\"><span>3<\/span><\/a><\/li> <\/ul><\/div><\/div>\n<h4><a href=\"mailto:garcia.trabanino@hemodialisis.com.sv\">Ram\u00f3n Garc\u00eda-Trabanino (MD, MS, FASN) &#8211;\u00a0 El Salvador Principal Investigator<\/a><a href=\"rgtrab@gmail.com\"><\/a><\/h4>\n<p><img loading=\"lazy\" src=\"\/buckdntresearch\/files\/2021\/10\/Foto-internet-crop-636x636.jpg\" alt=\"\" width=\"185\" height=\"185\" class=\"alignleft wp-image-230\" srcset=\"https:\/\/sites.bu.edu\/buckdntresearch\/files\/2021\/10\/Foto-internet-crop-636x636.jpg 636w, https:\/\/sites.bu.edu\/buckdntresearch\/files\/2021\/10\/Foto-internet-crop-150x150.jpg 150w, https:\/\/sites.bu.edu\/buckdntresearch\/files\/2021\/10\/Foto-internet-crop-550x550.jpg 550w, https:\/\/sites.bu.edu\/buckdntresearch\/files\/2021\/10\/Foto-internet-crop-300x300.jpg 300w, https:\/\/sites.bu.edu\/buckdntresearch\/files\/2021\/10\/Foto-internet-crop-600x600.jpg 600w, https:\/\/sites.bu.edu\/buckdntresearch\/files\/2021\/10\/Foto-internet-crop-100x100.jpg 100w, https:\/\/sites.bu.edu\/buckdntresearch\/files\/2021\/10\/Foto-internet-crop.jpg 641w\" sizes=\"(max-width: 185px) 100vw, 185px\" \/>Dr. Garc\u00eda-Trabanino is an investigator with Madeleine Scammell on both of the MANOS and CURE studies. Ram\u00f3n is a clinical nephrologist in El Salvador, with over 20 years experience researching chronic kidney disease and assisting CKDnt patients to improve their outcomes. He is also a volunteer nephrologist with the community-based organization, Emergency Social Fund for Health, and recently began volunteering with the Fundaci\u00f3n Renal Jos\u00e9 Jarqu\u00edn, both based in El Salvador.<\/p>\n<hr \/>\n<h4><a href=\"mailto:emmrijarquin@gmail.com\">Emmanuel Jarqu\u00edn (MD) &#8211; El Salvador Principal Investigator <\/a><\/h4>\n<p><img loading=\"lazy\" src=\"\/buckdntresearch\/files\/2021\/10\/IMG_1295-636x636.jpg\" alt=\"\" width=\"185\" height=\"185\" class=\"alignleft wp-image-233\" srcset=\"https:\/\/sites.bu.edu\/buckdntresearch\/files\/2021\/10\/IMG_1295-636x636.jpg 636w, https:\/\/sites.bu.edu\/buckdntresearch\/files\/2021\/10\/IMG_1295-1024x1024.jpg 1024w, https:\/\/sites.bu.edu\/buckdntresearch\/files\/2021\/10\/IMG_1295-150x150.jpg 150w, https:\/\/sites.bu.edu\/buckdntresearch\/files\/2021\/10\/IMG_1295-768x768.jpg 768w, https:\/\/sites.bu.edu\/buckdntresearch\/files\/2021\/10\/IMG_1295-550x550.jpg 550w, https:\/\/sites.bu.edu\/buckdntresearch\/files\/2021\/10\/IMG_1295-710x710.jpg 710w, https:\/\/sites.bu.edu\/buckdntresearch\/files\/2021\/10\/IMG_1295-300x300.jpg 300w, https:\/\/sites.bu.edu\/buckdntresearch\/files\/2021\/10\/IMG_1295-600x600.jpg 600w, https:\/\/sites.bu.edu\/buckdntresearch\/files\/2021\/10\/IMG_1295-100x100.jpg 100w, https:\/\/sites.bu.edu\/buckdntresearch\/files\/2021\/10\/IMG_1295.jpg 1171w\" sizes=\"(max-width: 185px) 100vw, 185px\" \/><\/p>\n<p><span style=\"font-weight: 400;\">Dr. Jarqu\u00edn is the principal investigator for El Salvador in the MANOS study.\u00a0<\/span><span style=\"font-weight: 400;\">He represents the Agency for Development and Agricultural Health (<a href=\"https:\/\/agdysa.com\">AGDYSA<\/a>), the company in charge of carrying out the MANOS study in El Salvador. His participation in renal research began in 2005 in agricultural cooperatives of sugar cane, short-cycle crops and cereals.<\/span><\/p>\n<p>&nbsp;<\/p>\n<p>&nbsp;<\/p>\n<hr \/>\n<p>&nbsp;<\/p>\n","protected":false},"excerpt":{"rendered":"<p>Ram\u00f3n Garc\u00eda-Trabanino (MD, MS, FASN) &#8211;\u00a0 El Salvador Principal Investigator Dr. Garc\u00eda-Trabanino is an investigator with Madeleine Scammell on both of the MANOS and CURE studies. Ram\u00f3n is a clinical nephrologist in El Salvador, with over 20 years experience researching chronic kidney disease and assisting CKDnt patients to improve their outcomes. He is also a [&hellip;]<\/p>\n","protected":false},"author":19802,"featured_media":0,"parent":5,"menu_order":4,"comment_status":"closed","ping_status":"closed","template":"","meta":[],"_links":{"self":[{"href":"https:\/\/sites.bu.edu\/buckdntresearch\/wp-json\/wp\/v2\/pages\/322"}],"collection":[{"href":"https:\/\/sites.bu.edu\/buckdntresearch\/wp-json\/wp\/v2\/pages"}],"about":[{"href":"https:\/\/sites.bu.edu\/buckdntresearch\/wp-json\/wp\/v2\/types\/page"}],"author":[{"embeddable":true,"href":"https:\/\/sites.bu.edu\/buckdntresearch\/wp-json\/wp\/v2\/users\/19802"}],"replies":[{"embeddable":true,"href":"https:\/\/sites.bu.edu\/buckdntresearch\/wp-json\/wp\/v2\/comments?post=322"}],"version-history":[{"count":16,"href":"https:\/\/sites.bu.edu\/buckdntresearch\/wp-json\/wp\/v2\/pages\/322\/revisions"}],"predecessor-version":[{"id":938,"href":"https:\/\/sites.bu.edu\/buckdntresearch\/wp-json\/wp\/v2\/pages\/322\/revisions\/938"}],"up":[{"embeddable":true,"href":"https:\/\/sites.bu.edu\/buckdntresearch\/wp-json\/wp\/v2\/pages\/5"}],"wp:attachment":[{"href":"https:\/\/sites.bu.edu\/buckdntresearch\/wp-json\/wp\/v2\/media?parent=322"}],"curies":[{"name":"wp","href":"https:\/\/api.w.org\/{rel}","templated":true}]}}